{"id":2731338,"date":"2025-09-28T01:14:25","date_gmt":"2025-09-27T23:14:25","guid":{"rendered":"https:\/\/streetmarkets.fr\/app\/produit\/mini-pochette-sable\/"},"modified":"2025-11-24T00:14:54","modified_gmt":"2025-11-23T23:14:54","slug":"mini-pochette-sable","status":"publish","type":"product","link":"https:\/\/streetmarkets.fr\/app\/produit\/mini-pochette-sable\/","title":{"rendered":"Mini pochette &#8211; Sable"},"content":{"rendered":"<p>Compacte, l\u00e9g\u00e8re et pens\u00e9e pour durer, cette mini pochette \u00e9co-responsable se clipse en un geste \u00e0 un sac, une ceinture ou un trousseau gr\u00e2ce \u00e0 son mousqueton pivotant. Elle accueille vos petits essentiels \u2013 \u00e9couteurs type AirPods, badge, monnaie \u2013 et les prot\u00e8ge de l\u2019humidit\u00e9 gr\u00e2ce \u00e0 sa mati\u00e8re imperm\u00e9able. Le coloris sable apporte une touche \u00e9l\u00e9gante et minimaliste qui s\u2019associe \u00e0 tout. Con\u00e7ue avec environ 90 % de plastique recycl\u00e9, elle coche les cases de l\u2019utile, du beau et du responsable.<\/p>\n","protected":false},"excerpt":{"rendered":"<p>Compacte, l\u00e9g\u00e8re et pens\u00e9e pour durer, cette mini pochette \u00e9co-responsable se clipse en un geste \u00e0 un sac, une ceinture ou un trousseau gr\u00e2ce \u00e0 son mousqueton pivotant. Elle accueille vos petits essentiels \u2013 \u00e9couteurs type AirPods, badge, monnaie \u2013 et les prot\u00e8ge de l\u2019humidit\u00e9 gr\u00e2ce \u00e0 sa mati\u00e8re imperm\u00e9able. Le coloris sable apporte une [&hellip;]<\/p>\n","protected":false},"featured_media":2731339,"comment_status":"open","ping_status":"closed","template":"","meta":[],"product_brand":[],"product_cat":[1756,1764],"product_tag":[1810],"acf":[],"_links":{"self":[{"href":"https:\/\/streetmarkets.fr\/app\/wp-json\/wp\/v2\/product\/2731338"}],"collection":[{"href":"https:\/\/streetmarkets.fr\/app\/wp-json\/wp\/v2\/product"}],"about":[{"href":"https:\/\/streetmarkets.fr\/app\/wp-json\/wp\/v2\/types\/product"}],"replies":[{"embeddable":true,"href":"https:\/\/streetmarkets.fr\/app\/wp-json\/wp\/v2\/comments?post=2731338"}],"wp:featuredmedia":[{"embeddable":true,"href":"https:\/\/streetmarkets.fr\/app\/wp-json\/wp\/v2\/media\/2731339"}],"wp:attachment":[{"href":"https:\/\/streetmarkets.fr\/app\/wp-json\/wp\/v2\/media?parent=2731338"}],"wp:term":[{"taxonomy":"product_brand","embeddable":true,"href":"https:\/\/streetmarkets.fr\/app\/wp-json\/wp\/v2\/product_brand?post=2731338"},{"taxonomy":"product_cat","embeddable":true,"href":"https:\/\/streetmarkets.fr\/app\/wp-json\/wp\/v2\/product_cat?post=2731338"},{"taxonomy":"product_tag","embeddable":true,"href":"https:\/\/streetmarkets.fr\/app\/wp-json\/wp\/v2\/product_tag?post=2731338"}],"curies":[{"name":"wp","href":"https:\/\/api.w.org\/{rel}","templated":true}]}}