{"id":2731229,"date":"2025-09-27T04:04:52","date_gmt":"2025-09-27T02:04:52","guid":{"rendered":"https:\/\/streetmarkets.fr\/app\/produit\/poplin-pyjamas-pant\/"},"modified":"2026-05-03T03:51:05","modified_gmt":"2026-05-03T01:51:05","slug":"poplin-pyjamas-pant","status":"publish","type":"product","link":"https:\/\/streetmarkets.fr\/app\/produit\/poplin-pyjamas-pant\/","title":{"rendered":"Poplin &#8211; Pyjamas Pant"},"content":{"rendered":"<ul>\n<li class=\"cell-input disabled-input\" role=\"combobox\" dir=\"ltr\" data-mce-tabindex=\"0\">Cordon de serrage \u00e0 la taille<\/li>\n<li class=\"cell-input disabled-input\" role=\"combobox\" dir=\"ltr\" data-mce-tabindex=\"0\">Coutures fran\u00e7aises<\/li>\n<\/ul>\n<p>100% coton biologique<\/p>\n<div class=\"cell-input disabled-input\" role=\"combobox\" dir=\"ltr\" data-mce-tabindex=\"0\">\n<div dir=\"ltr\" role=\"combobox\" class=\"cell-input disabled-input\" data-mce-tabindex=\"0\">Fabriqu\u00e9 au Portugal<\/div>\n<\/div>\n<div class=\"cell-input disabled-input\" role=\"combobox\" dir=\"ltr\" data-mce-tabindex=\"0\"><\/div>\n<div class=\"cell-input disabled-input\" role=\"combobox\" dir=\"ltr\" data-mce-tabindex=\"0\">\n<div id=\"formula-bar-name-box-wrapper\" class=\"name-box-enabled formula-bar-with-name-box-wrapper\">\n<div id=\"formula-bar\" class=\"formula-bar formulabar-disabled\">\n<div id=\"t-formula-bar-input-container\">\n<div dir=\"ltr\">\n<div id=\"t-formula-bar-input\">\n<div class=\"cell-input disabled-input\" role=\"combobox\" dir=\"ltr\" data-mce-tabindex=\"0\">SWP-PP\n<\/div>\n<\/div>\n<\/div>\n<\/div>\n<\/div>\n<\/div>\n<p>\n<\/div>\n","protected":false},"excerpt":{"rendered":"<p>Cordon de serrage \u00e0 la taille Coutures fran\u00e7aises 100% coton biologique Fabriqu\u00e9 au Portugal SWP-PP<\/p>\n","protected":false},"featured_media":2731230,"comment_status":"open","ping_status":"closed","template":"","meta":[],"product_brand":[],"product_cat":[1756,1758],"product_tag":[2244],"acf":[],"_links":{"self":[{"href":"https:\/\/streetmarkets.fr\/app\/wp-json\/wp\/v2\/product\/2731229"}],"collection":[{"href":"https:\/\/streetmarkets.fr\/app\/wp-json\/wp\/v2\/product"}],"about":[{"href":"https:\/\/streetmarkets.fr\/app\/wp-json\/wp\/v2\/types\/product"}],"replies":[{"embeddable":true,"href":"https:\/\/streetmarkets.fr\/app\/wp-json\/wp\/v2\/comments?post=2731229"}],"wp:featuredmedia":[{"embeddable":true,"href":"https:\/\/streetmarkets.fr\/app\/wp-json\/wp\/v2\/media\/2731230"}],"wp:attachment":[{"href":"https:\/\/streetmarkets.fr\/app\/wp-json\/wp\/v2\/media?parent=2731229"}],"wp:term":[{"taxonomy":"product_brand","embeddable":true,"href":"https:\/\/streetmarkets.fr\/app\/wp-json\/wp\/v2\/product_brand?post=2731229"},{"taxonomy":"product_cat","embeddable":true,"href":"https:\/\/streetmarkets.fr\/app\/wp-json\/wp\/v2\/product_cat?post=2731229"},{"taxonomy":"product_tag","embeddable":true,"href":"https:\/\/streetmarkets.fr\/app\/wp-json\/wp\/v2\/product_tag?post=2731229"}],"curies":[{"name":"wp","href":"https:\/\/api.w.org\/{rel}","templated":true}]}}