{"id":2731104,"date":"2025-09-27T04:03:53","date_gmt":"2025-09-27T02:03:53","guid":{"rendered":"https:\/\/streetmarkets.fr\/app\/produit\/light-speaker\/"},"modified":"2026-05-16T03:51:07","modified_gmt":"2026-05-16T01:51:07","slug":"light-speaker","status":"publish","type":"product","link":"https:\/\/streetmarkets.fr\/app\/produit\/light-speaker\/","title":{"rendered":"Light Speaker"},"content":{"rendered":"<p>&#8211; Bluetooth : Version 5.0<br \/>&#8211; Connectez deux haut-parleurs avec True wireless et jouez les deux simultan\u00e9ment<br \/>&#8211; Connectez jusqu&#8217;\u00e0 7 appareils avec le module Wi-Fi<\/p>\n<p>&#8211; Dimensions : 105 mm x 160 mm x 214 mm (avec poign\u00e9e) 105 mm x 160 mm x 214 mm (avec poign\u00e9e) 4,13 x 6,9 x 8,4 In (avec poign\u00e9e)<br \/>&#8211; Poids : 0,6kg \/ 13 Lbs<br \/>&#8211; Principaux mat\u00e9riaux : Aluminium et verre borosilicat\u00e9<br \/>&#8211; R\u00e9sistance aux intemp\u00e9ries : IPX2<\/p>\n<p>&#8211; R\u00e9ponse en fr\u00e9quence : 60Hz &#8211; 18kHz<br \/>&#8211; 1 x 2,5&#8243; haut-parleur large bande<br \/>&#8211; 1 x 3&#8243; radiateur passif<\/p>\n<p>&#8211; Entr\u00e9e ligne 3,5 mm, double mini-jack C\u00e2ble AUX inclus<br \/>&#8211; C\u00e2ble USB C et adaptateur inclus (A,C et G)<br \/>&#8211; Accessoire poign\u00e9e de montage \u00e0 vis<br \/>&#8211; Outil de d\u00e9montage inclus<br \/>&#8211; Manuel d&#8217;utilisation<\/p>\n<p><\/p>\n","protected":false},"excerpt":{"rendered":"<p>&#8211; Bluetooth : Version 5.0&#8211; Connectez deux haut-parleurs avec True wireless et jouez les deux simultan\u00e9ment&#8211; Connectez jusqu&#8217;\u00e0 7 appareils avec le module Wi-Fi &#8211; Dimensions : 105 mm x 160 mm x 214 mm (avec poign\u00e9e) 105 mm x 160 mm x 214 mm (avec poign\u00e9e) 4,13 x 6,9 x 8,4 In (avec poign\u00e9e)&#8211; [&hellip;]<\/p>\n","protected":false},"featured_media":2731105,"comment_status":"open","ping_status":"closed","template":"","meta":[],"product_brand":[],"product_cat":[1756,1760],"product_tag":[2244],"acf":[],"_links":{"self":[{"href":"https:\/\/streetmarkets.fr\/app\/wp-json\/wp\/v2\/product\/2731104"}],"collection":[{"href":"https:\/\/streetmarkets.fr\/app\/wp-json\/wp\/v2\/product"}],"about":[{"href":"https:\/\/streetmarkets.fr\/app\/wp-json\/wp\/v2\/types\/product"}],"replies":[{"embeddable":true,"href":"https:\/\/streetmarkets.fr\/app\/wp-json\/wp\/v2\/comments?post=2731104"}],"wp:featuredmedia":[{"embeddable":true,"href":"https:\/\/streetmarkets.fr\/app\/wp-json\/wp\/v2\/media\/2731105"}],"wp:attachment":[{"href":"https:\/\/streetmarkets.fr\/app\/wp-json\/wp\/v2\/media?parent=2731104"}],"wp:term":[{"taxonomy":"product_brand","embeddable":true,"href":"https:\/\/streetmarkets.fr\/app\/wp-json\/wp\/v2\/product_brand?post=2731104"},{"taxonomy":"product_cat","embeddable":true,"href":"https:\/\/streetmarkets.fr\/app\/wp-json\/wp\/v2\/product_cat?post=2731104"},{"taxonomy":"product_tag","embeddable":true,"href":"https:\/\/streetmarkets.fr\/app\/wp-json\/wp\/v2\/product_tag?post=2731104"}],"curies":[{"name":"wp","href":"https:\/\/api.w.org\/{rel}","templated":true}]}}