{"id":2726132,"date":"2025-09-27T02:04:13","date_gmt":"2025-09-27T00:04:13","guid":{"rendered":"https:\/\/streetmarkets.fr\/app\/produit\/t-shirt-balance-organic-make-peace-homme-bio-patagonia\/"},"modified":"2026-05-06T02:00:48","modified_gmt":"2026-05-06T00:00:48","slug":"t-shirt-balance-organic-make-peace-homme-bio-patagonia","status":"publish","type":"product","link":"https:\/\/streetmarkets.fr\/app\/produit\/t-shirt-balance-organic-make-peace-homme-bio-patagonia\/","title":{"rendered":"T-shirt Balance Organic Make Peace homme bio &#8211; Patagonia"},"content":{"rendered":"<h2>T-shirt Balance Organic Make Peace homme bio &#8211; Patagonia<\/h2>\n<p><img decoding=\"async\" src=\"https:\/\/cdn.shopify.com\/s\/files\/1\/0593\/7093\/0335\/files\/Patagonia-logo_480x480.jpg?v=1678193525\" alt=\"\"><img decoding=\"async\" alt=\"\" src=\"https:\/\/cdn.shopify.com\/s\/files\/1\/0593\/7093\/0335\/files\/Picto_Mode_Textile_480x480.jpg?v=1677763747\"><img decoding=\"async\" alt=\"\" src=\"https:\/\/cdn.shopify.com\/s\/files\/1\/0593\/7093\/0335\/files\/Picto_Fair_Trade_480x480.jpg?v=1677763747\"><img decoding=\"async\" alt=\"\" src=\"https:\/\/cdn.shopify.com\/s\/files\/1\/0593\/7093\/0335\/files\/Picto_Bio_480x480.jpg?v=1677763747\"><\/p>\n<p data-start=\"164\" data-end=\"715\">Affichez vos convictions avec style gr\u00e2ce au t-shirt Balance Organic Make Peace de Patagonia. Con\u00e7u pour un confort quotidien et une durabilit\u00e9 exemplaire, ce mod\u00e8le met en avant un message fort tout en respectant la plan\u00e8te. Fabriqu\u00e9 \u00e0 partir de coton biologique cultiv\u00e9 sans pesticides ni OGM, il offre une douceur naturelle et une excellente respirabilit\u00e9. Sa coupe droite et son col rond en font une pi\u00e8ce facile \u00e0 porter, tandis que son graphisme s\u00e9rigraphi\u00e9, r\u00e9alis\u00e9 avec des encres sans PVC ni phtalates, apporte une touche graphique engag\u00e9e.<\/p>\n<p data-start=\"717\" data-end=\"1244\"><strong data-start=\"717\" data-end=\"741\">\u2728 Pourquoi l\u2019adopter<\/strong><br data-start=\"741\" data-end=\"744\">\ud83c\udf31 Coton bio certifi\u00e9 : cultiv\u00e9 sans pesticides ni OGM pour un impact environnemental r\u00e9duit<br data-start=\"836\" data-end=\"839\">\ud83c\udfa8 Impression responsable : encres sans PVC ni phtalates pour un visuel net et durable<br data-start=\"925\" data-end=\"928\">\ud83e\uddf5 Finition soign\u00e9e : coutures renforc\u00e9es pour une tenue longue dur\u00e9e<br data-start=\"997\" data-end=\"1000\">\ud83d\udca8 Confort respirant : tissu doux et l\u00e9ger pour un port agr\u00e9able toute la journ\u00e9e<br data-start=\"1081\" data-end=\"1084\">\ud83c\udf0d Fabrication \u00e9thique : confectionn\u00e9e dans une usine certifi\u00e9e Fair Trade\u2122<br data-start=\"1159\" data-end=\"1162\">\ud83d\udc55 Polyvalent : id\u00e9al seul ou sous une veste pour un style d\u00e9contract\u00e9 et engag\u00e9<\/p>\n<p data-start=\"1246\" data-end=\"1407\"><strong data-start=\"1246\" data-end=\"1264\">\ud83e\udd7e Id\u00e9al pour\u2026<\/strong><br data-start=\"1264\" data-end=\"1267\">Les journ\u00e9es d\u00e9contract\u00e9es, les sorties en plein air, ou simplement afficher un message positif avec une tenue confortable et responsable.<\/p>\n<p data-end=\"1223\" data-start=\"1109\"><strong data-start=\"1547\" data-end=\"1563\">\ud83e\uddfc Entretien<\/strong><br data-start=\"1563\" data-end=\"1566\">Laver en machine \u00e0 froid avec des couleurs similaires. \u00c9viter l\u2019usage de javel. S\u00e9chage \u00e0 l\u2019air libre recommand\u00e9 pour pr\u00e9server la fibre et l\u2019impression.<\/p>\n<h3>PATAGONIA<\/h3>\n<p><span><em>\u00ab Acheter pour vivre, au lieu de vivre pour acheter \u00bb, cette phrase\u00a0<\/em>d&#8217;Yvon Chouinard, fondateur peu conventionnel de la marque Patagonia illustre bien le positionnement de la marque.<\/span><\/p>\n<p><span>Depuis 1973, Patagonia propose des v\u00eatements techniques \u00e9co-con\u00e7us de sports de montagne, de surf,\u00a0pour d\u00e9couvrir les grands espaces naturels sauvages.\u00a0Pour concevoir ses v\u00eatements, Patagonia utilise uniquement du coton biologique et des chlorofibres (mati\u00e8res recycl\u00e9es). On pourrait r\u00e9sumer ainsi la philosophie de\u00a0PATAGONIA\u00a0:<em> &#8220;Fabriquer les meilleurs produits en causant le moindre impact environnemental, utiliser le monde des affaires pour inspirer et mettre en place des solutions \u00e0 la crise environnementale.&#8221;<\/em><\/span><\/p>\n<h3>INFORMATIONS<\/h3>\n<p>Mati\u00e8re : jersey 100 % coton biologique 156 g\/m\u00b2<br data-start=\"1949\" data-end=\"1952\">Poids : 153 g<br data-start=\"1965\" data-end=\"1968\">Coupe : standard<br data-start=\"1984\" data-end=\"1987\">Pays de fabrication : Mexique<br data-start=\"2016\" data-end=\"2019\">Certifications : Fair Trade Certified\u2122<\/p>\n","protected":false},"excerpt":{"rendered":"<p>T-shirt Balance Organic Make Peace homme bio &#8211; Patagonia Affichez vos convictions avec style gr\u00e2ce au t-shirt Balance Organic Make Peace de Patagonia. Con\u00e7u pour un confort quotidien et une durabilit\u00e9 exemplaire, ce mod\u00e8le met en avant un message fort tout en respectant la plan\u00e8te. Fabriqu\u00e9 \u00e0 partir de coton biologique cultiv\u00e9 sans pesticides ni [&hellip;]<\/p>\n","protected":false},"featured_media":2726133,"comment_status":"open","ping_status":"closed","template":"","meta":[],"product_brand":[7133],"product_cat":[1756,1758],"product_tag":[1810],"acf":[],"_links":{"self":[{"href":"https:\/\/streetmarkets.fr\/app\/wp-json\/wp\/v2\/product\/2726132"}],"collection":[{"href":"https:\/\/streetmarkets.fr\/app\/wp-json\/wp\/v2\/product"}],"about":[{"href":"https:\/\/streetmarkets.fr\/app\/wp-json\/wp\/v2\/types\/product"}],"replies":[{"embeddable":true,"href":"https:\/\/streetmarkets.fr\/app\/wp-json\/wp\/v2\/comments?post=2726132"}],"wp:featuredmedia":[{"embeddable":true,"href":"https:\/\/streetmarkets.fr\/app\/wp-json\/wp\/v2\/media\/2726133"}],"wp:attachment":[{"href":"https:\/\/streetmarkets.fr\/app\/wp-json\/wp\/v2\/media?parent=2726132"}],"wp:term":[{"taxonomy":"product_brand","embeddable":true,"href":"https:\/\/streetmarkets.fr\/app\/wp-json\/wp\/v2\/product_brand?post=2726132"},{"taxonomy":"product_cat","embeddable":true,"href":"https:\/\/streetmarkets.fr\/app\/wp-json\/wp\/v2\/product_cat?post=2726132"},{"taxonomy":"product_tag","embeddable":true,"href":"https:\/\/streetmarkets.fr\/app\/wp-json\/wp\/v2\/product_tag?post=2726132"}],"curies":[{"name":"wp","href":"https:\/\/api.w.org\/{rel}","templated":true}]}}