{"id":2726040,"date":"2025-09-27T01:46:14","date_gmt":"2025-09-26T23:46:14","guid":{"rendered":"https:\/\/streetmarkets.fr\/app\/produit\/robe-tunique-velours-rose-brun\/"},"modified":"2026-04-18T01:44:19","modified_gmt":"2026-04-17T23:44:19","slug":"robe-tunique-velours-rose-brun","status":"publish","type":"product","link":"https:\/\/streetmarkets.fr\/app\/produit\/robe-tunique-velours-rose-brun\/","title":{"rendered":"Robe tunique velours rose brun"},"content":{"rendered":"<ul>\n<li>robe tunique<\/li>\n<li>coloris vieux <strong>rose<\/strong>\n<\/li>\n<li>100% coton <strong>velours c\u00f4tel\u00e9<\/strong>\n<\/li>\n<li>col V<\/li>\n<li>manches longues bouffantes\n<\/li>\n<li>marque \u00e9thique anglaise\u00a0<strong>Nomads Clothing<\/strong>\n<\/li>\n<\/ul>\n","protected":false},"excerpt":{"rendered":"<p>robe tunique coloris vieux rose 100% coton velours c\u00f4tel\u00e9 col V manches longues bouffantes marque \u00e9thique anglaise\u00a0Nomads Clothing<\/p>\n","protected":false},"featured_media":2726041,"comment_status":"open","ping_status":"closed","template":"","meta":[],"product_brand":[],"product_cat":[1756,1762],"product_tag":[1810],"acf":[],"_links":{"self":[{"href":"https:\/\/streetmarkets.fr\/app\/wp-json\/wp\/v2\/product\/2726040"}],"collection":[{"href":"https:\/\/streetmarkets.fr\/app\/wp-json\/wp\/v2\/product"}],"about":[{"href":"https:\/\/streetmarkets.fr\/app\/wp-json\/wp\/v2\/types\/product"}],"replies":[{"embeddable":true,"href":"https:\/\/streetmarkets.fr\/app\/wp-json\/wp\/v2\/comments?post=2726040"}],"wp:featuredmedia":[{"embeddable":true,"href":"https:\/\/streetmarkets.fr\/app\/wp-json\/wp\/v2\/media\/2726041"}],"wp:attachment":[{"href":"https:\/\/streetmarkets.fr\/app\/wp-json\/wp\/v2\/media?parent=2726040"}],"wp:term":[{"taxonomy":"product_brand","embeddable":true,"href":"https:\/\/streetmarkets.fr\/app\/wp-json\/wp\/v2\/product_brand?post=2726040"},{"taxonomy":"product_cat","embeddable":true,"href":"https:\/\/streetmarkets.fr\/app\/wp-json\/wp\/v2\/product_cat?post=2726040"},{"taxonomy":"product_tag","embeddable":true,"href":"https:\/\/streetmarkets.fr\/app\/wp-json\/wp\/v2\/product_tag?post=2726040"}],"curies":[{"name":"wp","href":"https:\/\/api.w.org\/{rel}","templated":true}]}}