{"id":2720120,"date":"2025-09-26T02:21:20","date_gmt":"2025-09-26T00:21:20","guid":{"rendered":"https:\/\/streetmarkets.fr\/app\/produit\/pull-col-rond-h25-femme-crown-blue\/"},"modified":"2026-02-15T00:56:15","modified_gmt":"2026-02-14T23:56:15","slug":"pull-col-rond-h25-femme-crown-blue","status":"publish","type":"product","link":"https:\/\/streetmarkets.fr\/app\/produit\/pull-col-rond-h25-femme-crown-blue\/","title":{"rendered":"Pull Col Rond (H25 \/ FEMME \/ Crown Blue)"},"content":{"rendered":"<p>Avec un col rond et des bords c\u00f4tel\u00e9s, ce pull court adopte une maille en 100% cachemire pour r\u00e9chauffer votre silhouette avec style. Pi\u00e8ce signature de l&#8217;allure From Future, des bandes multicolores se dessinent le long des manches. Associez-le \u00e0 un t-shirt, un pantalon large et des sneakers pour un look casual.<\/p>\n<p>&#8211; Pull court en cachemire certifi\u00e9 GCS\u00ae Femme<br \/>\n<br \/>&#8211; Bandes multicolores<br \/>\n<br \/>&#8211; Col rond<br \/>\n<br \/>&#8211; Manches longues<br \/>\n<br \/>&#8211; Bords c\u00f4tel\u00e9s<br \/>\n<br \/>&#8211; Coupe regular<br \/>\n<br \/>&#8211; Le Good Cashmere Standard\u00ae (GCS) est une norme ind\u00e9pendante pour un cachemire plus durable et plus responsable. Il vise \u00e0 am\u00e9liorer le bien-\u00eatre des ch\u00e8vres cachemire, les conditions de travail des \u00e9leveurs ainsi qu&#8217;\u00e0 prot\u00e9ger l&#8217;environnement.<br \/>&#8211; <u>Cachemire 4 fils<\/u> <\/p>\n","protected":false},"excerpt":{"rendered":"<p>Avec un col rond et des bords c\u00f4tel\u00e9s, ce pull court adopte une maille en 100% cachemire pour r\u00e9chauffer votre silhouette avec style. Pi\u00e8ce signature de l&#8217;allure From Future, des bandes multicolores se dessinent le long des manches. Associez-le \u00e0 un t-shirt, un pantalon large et des sneakers pour un look casual. &#8211; Pull court [&hellip;]<\/p>\n","protected":false},"featured_media":2720121,"comment_status":"open","ping_status":"closed","template":"","meta":[],"product_brand":[6868],"product_cat":[1756,1762],"product_tag":[2244],"acf":[],"_links":{"self":[{"href":"https:\/\/streetmarkets.fr\/app\/wp-json\/wp\/v2\/product\/2720120"}],"collection":[{"href":"https:\/\/streetmarkets.fr\/app\/wp-json\/wp\/v2\/product"}],"about":[{"href":"https:\/\/streetmarkets.fr\/app\/wp-json\/wp\/v2\/types\/product"}],"replies":[{"embeddable":true,"href":"https:\/\/streetmarkets.fr\/app\/wp-json\/wp\/v2\/comments?post=2720120"}],"wp:featuredmedia":[{"embeddable":true,"href":"https:\/\/streetmarkets.fr\/app\/wp-json\/wp\/v2\/media\/2720121"}],"wp:attachment":[{"href":"https:\/\/streetmarkets.fr\/app\/wp-json\/wp\/v2\/media?parent=2720120"}],"wp:term":[{"taxonomy":"product_brand","embeddable":true,"href":"https:\/\/streetmarkets.fr\/app\/wp-json\/wp\/v2\/product_brand?post=2720120"},{"taxonomy":"product_cat","embeddable":true,"href":"https:\/\/streetmarkets.fr\/app\/wp-json\/wp\/v2\/product_cat?post=2720120"},{"taxonomy":"product_tag","embeddable":true,"href":"https:\/\/streetmarkets.fr\/app\/wp-json\/wp\/v2\/product_tag?post=2720120"}],"curies":[{"name":"wp","href":"https:\/\/api.w.org\/{rel}","templated":true}]}}