{"id":2719930,"date":"2025-09-26T02:19:47","date_gmt":"2025-09-26T00:19:47","guid":{"rendered":"https:\/\/streetmarkets.fr\/app\/produit\/pull-hoodie-h25-femme-gris-chine-fonce\/"},"modified":"2026-02-02T00:53:31","modified_gmt":"2026-02-01T23:53:31","slug":"pull-hoodie-h25-femme-gris-chine-fonce","status":"publish","type":"product","link":"https:\/\/streetmarkets.fr\/app\/produit\/pull-hoodie-h25-femme-gris-chine-fonce\/","title":{"rendered":"Pull Hoodie Zipp\u00e9 (H25 \/ FEMME \/ Gris Chin\u00e9 Fonc\u00e9)"},"content":{"rendered":"<p>Ce pull hoodie en cachemire infiniment doux r\u00e9chauffe votre allure avec style. Muni d&#8217;une capuche \u00e0 cordons, d&#8217;une fermeture zipp\u00e9e, de deux poches et de manches longues, il d\u00e9voile une coupe ajust\u00e9e, \u00e0 porter comme une seconde peau. Pi\u00e8ce incontournable du vestiaire f\u00e9minin, il se porte sur une robe en maille ou un jean d\u00e9contract\u00e9.<\/p>\n<p>&#8211; Pull hoodie en cachemire certifi\u00e9 GCS\u00ae Femme<br \/>\n<br \/>&#8211; Capuche \u00e0 cordons<br \/>\n<br \/>&#8211; Fermeture zipp\u00e9e<br \/>\n<br \/>&#8211; 2 poches<br \/>\n<br \/>&#8211; Manches longues<br \/>\n<br \/>&#8211; Coupe slim<br \/>\n<br \/>&#8211; Le Good Cashmere Standard\u00ae (GCS) est une norme ind\u00e9pendante pour un cachemire plus durable et plus responsable. Il vise \u00e0 am\u00e9liorer le bien-\u00eatre des ch\u00e8vres cachemire, les conditions de travail des \u00e9leveurs ainsi qu&#8217;\u00e0 prot\u00e9ger l&#8217;environnement.<br \/>&#8211; <u>Cachemire 2 fils<\/u> <\/p>\n","protected":false},"excerpt":{"rendered":"<p>Ce pull hoodie en cachemire infiniment doux r\u00e9chauffe votre allure avec style. Muni d&#8217;une capuche \u00e0 cordons, d&#8217;une fermeture zipp\u00e9e, de deux poches et de manches longues, il d\u00e9voile une coupe ajust\u00e9e, \u00e0 porter comme une seconde peau. Pi\u00e8ce incontournable du vestiaire f\u00e9minin, il se porte sur une robe en maille ou un jean d\u00e9contract\u00e9. [&hellip;]<\/p>\n","protected":false},"featured_media":2719931,"comment_status":"open","ping_status":"closed","template":"","meta":[],"product_brand":[6868],"product_cat":[1756,1762],"product_tag":[2244],"acf":[],"_links":{"self":[{"href":"https:\/\/streetmarkets.fr\/app\/wp-json\/wp\/v2\/product\/2719930"}],"collection":[{"href":"https:\/\/streetmarkets.fr\/app\/wp-json\/wp\/v2\/product"}],"about":[{"href":"https:\/\/streetmarkets.fr\/app\/wp-json\/wp\/v2\/types\/product"}],"replies":[{"embeddable":true,"href":"https:\/\/streetmarkets.fr\/app\/wp-json\/wp\/v2\/comments?post=2719930"}],"wp:featuredmedia":[{"embeddable":true,"href":"https:\/\/streetmarkets.fr\/app\/wp-json\/wp\/v2\/media\/2719931"}],"wp:attachment":[{"href":"https:\/\/streetmarkets.fr\/app\/wp-json\/wp\/v2\/media?parent=2719930"}],"wp:term":[{"taxonomy":"product_brand","embeddable":true,"href":"https:\/\/streetmarkets.fr\/app\/wp-json\/wp\/v2\/product_brand?post=2719930"},{"taxonomy":"product_cat","embeddable":true,"href":"https:\/\/streetmarkets.fr\/app\/wp-json\/wp\/v2\/product_cat?post=2719930"},{"taxonomy":"product_tag","embeddable":true,"href":"https:\/\/streetmarkets.fr\/app\/wp-json\/wp\/v2\/product_tag?post=2719930"}],"curies":[{"name":"wp","href":"https:\/\/api.w.org\/{rel}","templated":true}]}}