{"id":2716163,"date":"2025-09-25T05:22:25","date_gmt":"2025-09-25T03:22:25","guid":{"rendered":"https:\/\/streetmarkets.fr\/app\/produit\/jean-charlie-brut\/"},"modified":"2026-05-08T05:21:48","modified_gmt":"2026-05-08T03:21:48","slug":"jean-charlie-brut","status":"publish","type":"product","link":"https:\/\/streetmarkets.fr\/app\/produit\/jean-charlie-brut\/","title":{"rendered":"Jean Charlie Brut"},"content":{"rendered":"<p>LE Charlie! en jean plut\u00f4t \u00e9pais.<br \/>\nTaille haute et jambes larges, fermeture devant avec des boutons jean bronze.<br \/>\nSurpiq\u00fbre cognac.<\/p>\n<p>Prendre votre taille habituelle<br \/>\nPrix: 188\u20ac -20%= 150 \u20ac<\/p>\n","protected":false},"excerpt":{"rendered":"<p>LE Charlie! en jean plut\u00f4t \u00e9pais. Taille haute et jambes larges, fermeture devant avec des boutons jean bronze. Surpiq\u00fbre cognac. Prendre votre taille habituelle Prix: 188\u20ac -20%= 150 \u20ac<\/p>\n","protected":false},"featured_media":2716164,"comment_status":"open","ping_status":"closed","template":"","meta":[],"product_brand":[1310],"product_cat":[1756,1762],"product_tag":[1813],"acf":[],"_links":{"self":[{"href":"https:\/\/streetmarkets.fr\/app\/wp-json\/wp\/v2\/product\/2716163"}],"collection":[{"href":"https:\/\/streetmarkets.fr\/app\/wp-json\/wp\/v2\/product"}],"about":[{"href":"https:\/\/streetmarkets.fr\/app\/wp-json\/wp\/v2\/types\/product"}],"replies":[{"embeddable":true,"href":"https:\/\/streetmarkets.fr\/app\/wp-json\/wp\/v2\/comments?post=2716163"}],"wp:featuredmedia":[{"embeddable":true,"href":"https:\/\/streetmarkets.fr\/app\/wp-json\/wp\/v2\/media\/2716164"}],"wp:attachment":[{"href":"https:\/\/streetmarkets.fr\/app\/wp-json\/wp\/v2\/media?parent=2716163"}],"wp:term":[{"taxonomy":"product_brand","embeddable":true,"href":"https:\/\/streetmarkets.fr\/app\/wp-json\/wp\/v2\/product_brand?post=2716163"},{"taxonomy":"product_cat","embeddable":true,"href":"https:\/\/streetmarkets.fr\/app\/wp-json\/wp\/v2\/product_cat?post=2716163"},{"taxonomy":"product_tag","embeddable":true,"href":"https:\/\/streetmarkets.fr\/app\/wp-json\/wp\/v2\/product_tag?post=2716163"}],"curies":[{"name":"wp","href":"https:\/\/api.w.org\/{rel}","templated":true}]}}