{"id":2705882,"date":"2025-09-24T02:03:19","date_gmt":"2025-09-24T00:03:19","guid":{"rendered":"https:\/\/streetmarkets.fr\/app\/produit\/casquette-trucker-flying-fish-lopro-reglable-patagonia\/"},"modified":"2026-05-06T02:00:48","modified_gmt":"2026-05-06T00:00:48","slug":"casquette-trucker-flying-fish-lopro-reglable-patagonia","status":"publish","type":"product","link":"https:\/\/streetmarkets.fr\/app\/produit\/casquette-trucker-flying-fish-lopro-reglable-patagonia\/","title":{"rendered":"Casquette Trucker Flying Fish LoPro r\u00e9glable &#8211; Patagonia"},"content":{"rendered":"<h2>\n<span><\/span>Casquette Trucker Flying Fish LoPro r\u00e9glable &#8211; Patagonia<br \/>\n<\/h2>\n<p><img decoding=\"async\" src=\"https:\/\/cdn.shopify.com\/s\/files\/1\/0593\/7093\/0335\/files\/Patagonia-logo_480x480.jpg?v=1678193525\" alt=\"\"><img decoding=\"async\" alt=\"\" src=\"https:\/\/cdn.shopify.com\/s\/files\/1\/0593\/7093\/0335\/files\/Picto_Mode_Textile_480x480.jpg?v=1677763747\"><img decoding=\"async\" alt=\"\" src=\"https:\/\/cdn.shopify.com\/s\/files\/1\/0593\/7093\/0335\/files\/Picto_Fair_Trade_480x480.jpg?v=1677763747\"><img decoding=\"async\" src=\"https:\/\/cdn.shopify.com\/s\/files\/1\/0593\/7093\/0335\/files\/Picto_Matieres_recyclees_480x480.jpg?v=1677763747\" alt=\"\"><img decoding=\"async\" src=\"https:\/\/cdn.shopify.com\/s\/files\/1\/0593\/7093\/0335\/files\/Picto_Bio_480x480.jpg?v=1677763747\" alt=\"\"><\/p>\n<p data-end=\"863\" data-start=\"392\">R\u00e9solument engag\u00e9e, cette casquette trucker Patagonia arbore fi\u00e8rement l\u2019iconique logo Flying Fish imagin\u00e9 par Geoff McFetridge. Elle combine un avant en coton bio robuste, une visi\u00e8re en filets de p\u00eache recycl\u00e9s NetPlus\u00ae, et un dos en mesh recycl\u00e9 pour une a\u00e9ration optimale. Sa coupe basse \u00e9pouse la t\u00eate sans volume excessif, pour un port\u00e9 ajust\u00e9 et discret. Parfaite pour la ville comme pour les vacances, elle est confectionn\u00e9e dans un atelier Fair Trade Certified\u2122.<\/p>\n<p data-end=\"889\" data-start=\"865\"><strong data-end=\"889\" data-start=\"865\">\u2728 Pourquoi l\u2019adopter<br \/><\/strong>\ud83d\udc1f Visi\u00e8re engag\u00e9e : fabriqu\u00e9e \u00e0 partir de filets de p\u00eache recycl\u00e9s NetPlus\u00ae<br data-end=\"970\" data-start=\"967\">\ud83c\udf3f Coton bio \u00e9pais : avant et visi\u00e8re en toile 100 % coton biologique<br data-end=\"1042\" data-start=\"1039\">\ud83c\udf2c Dos a\u00e9r\u00e9 en mesh : polyester recycl\u00e9 pour une meilleure respirabilit\u00e9<br data-end=\"1117\" data-start=\"1114\">\ud83e\udde2 Coupe basse : calotte basse pr\u00e8s du cr\u00e2ne pour un style plus discret<br data-end=\"1191\" data-start=\"1188\">\ud83c\udfa8 Design original : logo Flying Fish dessin\u00e9 par Geoff McFetridge<br data-end=\"1260\" data-start=\"1257\">\ud83e\udd1d Confection \u00e9quitable : atelier certifi\u00e9 Fair Trade Certified\u2122<\/p>\n<p data-end=\"1442\" data-start=\"1326\"><strong data-end=\"1342\" data-start=\"1326\">\ud83e\uddfc Entretien<\/strong><br data-end=\"1345\" data-start=\"1342\">Nettoyage \u00e0 la main conseill\u00e9 pour pr\u00e9server les mati\u00e8res et l\u2019impression. S\u00e9chage \u00e0 l\u2019air libre.<\/p>\n<h3>PATAGONIA<\/h3>\n<p><span><em>\u00ab Acheter pour vivre, au lieu de vivre pour acheter \u00bb, cette phrase\u00a0<\/em>d&#8217;Yvon Chouinard, fondateur peu conventionnel de la marque Patagonia illustre bien le positionnement de la marque.<\/span><\/p>\n<p><span>Depuis 1973, Patagonia propose des v\u00eatements techniques \u00e9co-con\u00e7us de sports de montagne, de surf,\u00a0pour d\u00e9couvrir les grands espaces naturels sauvages.\u00a0Pour concevoir ses v\u00eatements, Patagonia utilise uniquement du coton biologique et des chlorofibres (mati\u00e8res recycl\u00e9es). On pourrait r\u00e9sumer ainsi la philosophie de\u00a0PATAGONIA\u00a0:<em> &#8220;Fabriquer les meilleurs produits en causant le moindre impact environnemental, utiliser le monde des affaires pour inspirer et mettre en place des solutions \u00e0 la crise environnementale.&#8221;<\/em><\/span><\/p>\n<h3>INFORMATIONS<\/h3>\n<p>Mati\u00e8re avant et visi\u00e8re : toile 100 % coton biologique \u2013 254 g\/m\u00b2<br data-end=\"1841\" data-start=\"1838\">Filet arri\u00e8re : mesh 100 % polyester recycl\u00e9 \u2013 108 g\/m\u00b2<br data-end=\"1899\" data-start=\"1896\">Visi\u00e8re : mati\u00e8re NetPlus\u00ae 100% filets de p\u00eache recycl\u00e9s<br data-end=\"1956\" data-start=\"1953\">Confection : atelier certifi\u00e9 Fair Trade Certified\u2122<br data-end=\"2010\" data-start=\"2007\">Coupe : trucker six panneaux, calotte basse, r\u00e9glable<br data-end=\"2066\" data-start=\"2063\">Fermeture : attache snapback ajustable<br data-end=\"2107\" data-start=\"2104\">Poids : 85 g<br data-end=\"2122\" data-start=\"2119\">Pays d\u2019origine : Fabriqu\u00e9\u00a0au Vietnam<br \/>Taille : Unique, r\u00e9glable<br \/>Genre : Unisexe<br \/><strong data-end=\"2517\" data-start=\"2505\"><\/strong><\/p>\n","protected":false},"excerpt":{"rendered":"<p>Casquette Trucker Flying Fish LoPro r\u00e9glable &#8211; Patagonia R\u00e9solument engag\u00e9e, cette casquette trucker Patagonia arbore fi\u00e8rement l\u2019iconique logo Flying Fish imagin\u00e9 par Geoff McFetridge. Elle combine un avant en coton bio robuste, une visi\u00e8re en filets de p\u00eache recycl\u00e9s NetPlus\u00ae, et un dos en mesh recycl\u00e9 pour une a\u00e9ration optimale. Sa coupe basse \u00e9pouse la [&hellip;]<\/p>\n","protected":false},"featured_media":2705883,"comment_status":"open","ping_status":"closed","template":"","meta":[],"product_brand":[7133],"product_cat":[1756,1760],"product_tag":[1810],"acf":[],"_links":{"self":[{"href":"https:\/\/streetmarkets.fr\/app\/wp-json\/wp\/v2\/product\/2705882"}],"collection":[{"href":"https:\/\/streetmarkets.fr\/app\/wp-json\/wp\/v2\/product"}],"about":[{"href":"https:\/\/streetmarkets.fr\/app\/wp-json\/wp\/v2\/types\/product"}],"replies":[{"embeddable":true,"href":"https:\/\/streetmarkets.fr\/app\/wp-json\/wp\/v2\/comments?post=2705882"}],"wp:featuredmedia":[{"embeddable":true,"href":"https:\/\/streetmarkets.fr\/app\/wp-json\/wp\/v2\/media\/2705883"}],"wp:attachment":[{"href":"https:\/\/streetmarkets.fr\/app\/wp-json\/wp\/v2\/media?parent=2705882"}],"wp:term":[{"taxonomy":"product_brand","embeddable":true,"href":"https:\/\/streetmarkets.fr\/app\/wp-json\/wp\/v2\/product_brand?post=2705882"},{"taxonomy":"product_cat","embeddable":true,"href":"https:\/\/streetmarkets.fr\/app\/wp-json\/wp\/v2\/product_cat?post=2705882"},{"taxonomy":"product_tag","embeddable":true,"href":"https:\/\/streetmarkets.fr\/app\/wp-json\/wp\/v2\/product_tag?post=2705882"}],"curies":[{"name":"wp","href":"https:\/\/api.w.org\/{rel}","templated":true}]}}