{"id":2699647,"date":"2025-09-22T06:52:56","date_gmt":"2025-09-22T04:52:56","guid":{"rendered":"https:\/\/streetmarkets.fr\/app\/produit\/sciarpa-241206-03\/"},"modified":"2026-03-16T05:49:30","modified_gmt":"2026-03-16T04:49:30","slug":"sciarpa-241206-03","status":"publish","type":"product","link":"https:\/\/streetmarkets.fr\/app\/produit\/sciarpa-241206-03\/","title":{"rendered":"Sciarpa &#8211; 241206-03"},"content":{"rendered":"<p data-start=\"83\" data-end=\"317\">L\u2019\u00e9charpe <strong data-start=\"93\" data-end=\"116\">Sciarpa \u2013 241206-03<\/strong> refl\u00e8te le <strong data-start=\"128\" data-end=\"169\">savoir-faire raffin\u00e9 de Gierre Milano<\/strong>. R\u00e9alis\u00e9e dans un <strong data-start=\"188\" data-end=\"221\">m\u00e9lange l\u00e9ger de lin et coton<\/strong>, elle associe <strong data-start=\"236\" data-end=\"255\">confort naturel<\/strong> et <strong data-start=\"259\" data-end=\"271\">fluidit\u00e9<\/strong>, id\u00e9ale pour les <strong data-start=\"289\" data-end=\"314\">journ\u00e9es de mi-saison<\/strong>.<\/p>\n<p data-start=\"319\" data-end=\"623\">Son <strong data-start=\"323\" data-end=\"346\">fond beige lumineux<\/strong> est sublim\u00e9 par des <strong data-start=\"367\" data-end=\"411\">motifs graphiques d\u2019inspiration v\u00e9g\u00e9tale<\/strong>, d\u00e9clin\u00e9s dans des <strong data-start=\"431\" data-end=\"460\">tons terre cuite et bruns<\/strong>, qui apportent <strong data-start=\"476\" data-end=\"487\">chaleur<\/strong> et <strong data-start=\"491\" data-end=\"504\">caract\u00e8re<\/strong>. Cette alliance subtile de <strong data-start=\"532\" data-end=\"555\">couleurs naturelles<\/strong> lui conf\u00e8re une <strong data-start=\"572\" data-end=\"597\">\u00e9l\u00e9gance d\u00e9contract\u00e9e<\/strong> et <strong data-start=\"601\" data-end=\"620\">facile \u00e0 porter<\/strong>.<\/p>\n","protected":false},"excerpt":{"rendered":"<p>L\u2019\u00e9charpe Sciarpa \u2013 241206-03 refl\u00e8te le savoir-faire raffin\u00e9 de Gierre Milano. R\u00e9alis\u00e9e dans un m\u00e9lange l\u00e9ger de lin et coton, elle associe confort naturel et fluidit\u00e9, id\u00e9ale pour les journ\u00e9es de mi-saison. Son fond beige lumineux est sublim\u00e9 par des motifs graphiques d\u2019inspiration v\u00e9g\u00e9tale, d\u00e9clin\u00e9s dans des tons terre cuite et bruns, qui apportent chaleur [&hellip;]<\/p>\n","protected":false},"featured_media":2699648,"comment_status":"open","ping_status":"closed","template":"","meta":[],"product_brand":[],"product_cat":[1756,1760],"product_tag":[2244],"acf":[],"_links":{"self":[{"href":"https:\/\/streetmarkets.fr\/app\/wp-json\/wp\/v2\/product\/2699647"}],"collection":[{"href":"https:\/\/streetmarkets.fr\/app\/wp-json\/wp\/v2\/product"}],"about":[{"href":"https:\/\/streetmarkets.fr\/app\/wp-json\/wp\/v2\/types\/product"}],"replies":[{"embeddable":true,"href":"https:\/\/streetmarkets.fr\/app\/wp-json\/wp\/v2\/comments?post=2699647"}],"wp:featuredmedia":[{"embeddable":true,"href":"https:\/\/streetmarkets.fr\/app\/wp-json\/wp\/v2\/media\/2699648"}],"wp:attachment":[{"href":"https:\/\/streetmarkets.fr\/app\/wp-json\/wp\/v2\/media?parent=2699647"}],"wp:term":[{"taxonomy":"product_brand","embeddable":true,"href":"https:\/\/streetmarkets.fr\/app\/wp-json\/wp\/v2\/product_brand?post=2699647"},{"taxonomy":"product_cat","embeddable":true,"href":"https:\/\/streetmarkets.fr\/app\/wp-json\/wp\/v2\/product_cat?post=2699647"},{"taxonomy":"product_tag","embeddable":true,"href":"https:\/\/streetmarkets.fr\/app\/wp-json\/wp\/v2\/product_tag?post=2699647"}],"curies":[{"name":"wp","href":"https:\/\/api.w.org\/{rel}","templated":true}]}}