{"id":2699627,"date":"2025-09-22T06:52:55","date_gmt":"2025-09-22T04:52:55","guid":{"rendered":"https:\/\/streetmarkets.fr\/app\/produit\/domaro-jacket-132055\/"},"modified":"2026-03-16T05:49:29","modified_gmt":"2026-03-16T04:49:29","slug":"domaro-jacket-132055","status":"publish","type":"product","link":"https:\/\/streetmarkets.fr\/app\/produit\/domaro-jacket-132055\/","title":{"rendered":"Domaro Jacket 132055"},"content":{"rendered":"<p data-start=\"184\" data-end=\"552\">La <em data-start=\"187\" data-end=\"202\">Domaro Jacket<\/em> de <strong>Drykorn<\/strong> combine <strong data-start=\"222\" data-end=\"266\">\u00e9l\u00e9gance d\u00e9contract\u00e9e et confort moderne<\/strong>. Avec sa coupe droite <strong data-start=\"289\" data-end=\"304\">relaxed fit<\/strong> et son double boutonnage \u00e0 <strong data-start=\"332\" data-end=\"351\">revers tombants<\/strong>, elle revisite le blazer classique dans une version contemporaine. Son <strong data-start=\"423\" data-end=\"468\">velours c\u00f4tel\u00e9 large en coton lav\u00e9\u00a0<\/strong>, enrichi d\u2019une touche d\u2019\u00e9lasthanne, s\u00e9duit par sa douceur et son allure sportive.<\/p>\n<p data-start=\"554\" data-end=\"881\">Demi-doubl\u00e9e pour plus de l\u00e9g\u00e8ret\u00e9, la veste offre une silhouette fluide et un port\u00e9 agr\u00e9able. Les <strong data-start=\"653\" data-end=\"672\">poches plaqu\u00e9es<\/strong> soulignent son caract\u00e8re casual chic, tandis que la finition haut de gamme inclut un sac \u00e0 v\u00eatements compl\u00e9mentaire pour un rangement soign\u00e9. Une pi\u00e8ce versatile, id\u00e9ale pour enrichir le vestiaire masculin.<\/p>\n<p data-start=\"883\" data-end=\"976\">Disponible chez <strong data-start=\"899\" data-end=\"909\">Harold<\/strong>, boutique de pr\u00eat-\u00e0-porter pour homme au c\u0153ur du Marais \u00e0 Paris.<strong data-start=\"1025\" data-end=\"1069\"><\/strong><\/p>\n<ul data-start=\"1073\" data-end=\"1548\">\n<li data-start=\"1107\" data-end=\"1150\">\n<p data-start=\"1109\" data-end=\"1150\"><strong data-start=\"1109\" data-end=\"1120\">Coupe :<\/strong> relaxed fit, non structur\u00e9e<\/p>\n<\/li>\n<li data-start=\"1151\" data-end=\"1188\">\n<p data-start=\"1153\" data-end=\"1188\"><strong data-start=\"1153\" data-end=\"1168\">Fermeture :<\/strong> double boutonnage<\/p>\n<\/li>\n<li data-start=\"1189\" data-end=\"1234\">\n<p data-start=\"1191\" data-end=\"1234\"><strong data-start=\"1191\" data-end=\"1200\">Col :<\/strong> revers tombants (<em data-start=\"1218\" data-end=\"1231\">notch lapel<\/em>)<\/p>\n<\/li>\n<li data-start=\"1235\" data-end=\"1267\">\n<p data-start=\"1237\" data-end=\"1267\"><strong data-start=\"1237\" data-end=\"1249\">Poches :<\/strong> poches plaqu\u00e9es<strong data-start=\"1270\" data-end=\"1284\"><\/strong><\/p>\n<\/li>\n<\/ul>\n","protected":false},"excerpt":{"rendered":"<p>La Domaro Jacket de Drykorn combine \u00e9l\u00e9gance d\u00e9contract\u00e9e et confort moderne. Avec sa coupe droite relaxed fit et son double boutonnage \u00e0 revers tombants, elle revisite le blazer classique dans une version contemporaine. Son velours c\u00f4tel\u00e9 large en coton lav\u00e9\u00a0, enrichi d\u2019une touche d\u2019\u00e9lasthanne, s\u00e9duit par sa douceur et son allure sportive. Demi-doubl\u00e9e pour plus [&hellip;]<\/p>\n","protected":false},"featured_media":2699628,"comment_status":"open","ping_status":"closed","template":"","meta":[],"product_brand":[],"product_cat":[1756,1758],"product_tag":[2244],"acf":[],"_links":{"self":[{"href":"https:\/\/streetmarkets.fr\/app\/wp-json\/wp\/v2\/product\/2699627"}],"collection":[{"href":"https:\/\/streetmarkets.fr\/app\/wp-json\/wp\/v2\/product"}],"about":[{"href":"https:\/\/streetmarkets.fr\/app\/wp-json\/wp\/v2\/types\/product"}],"replies":[{"embeddable":true,"href":"https:\/\/streetmarkets.fr\/app\/wp-json\/wp\/v2\/comments?post=2699627"}],"wp:featuredmedia":[{"embeddable":true,"href":"https:\/\/streetmarkets.fr\/app\/wp-json\/wp\/v2\/media\/2699628"}],"wp:attachment":[{"href":"https:\/\/streetmarkets.fr\/app\/wp-json\/wp\/v2\/media?parent=2699627"}],"wp:term":[{"taxonomy":"product_brand","embeddable":true,"href":"https:\/\/streetmarkets.fr\/app\/wp-json\/wp\/v2\/product_brand?post=2699627"},{"taxonomy":"product_cat","embeddable":true,"href":"https:\/\/streetmarkets.fr\/app\/wp-json\/wp\/v2\/product_cat?post=2699627"},{"taxonomy":"product_tag","embeddable":true,"href":"https:\/\/streetmarkets.fr\/app\/wp-json\/wp\/v2\/product_tag?post=2699627"}],"curies":[{"name":"wp","href":"https:\/\/api.w.org\/{rel}","templated":true}]}}