{"id":2699609,"date":"2025-09-22T06:52:53","date_gmt":"2025-09-22T04:52:53","guid":{"rendered":"https:\/\/streetmarkets.fr\/app\/produit\/sciarpa-241214-02\/"},"modified":"2026-03-16T05:49:29","modified_gmt":"2026-03-16T04:49:29","slug":"sciarpa-241214-02","status":"publish","type":"product","link":"https:\/\/streetmarkets.fr\/app\/produit\/sciarpa-241214-02\/","title":{"rendered":"Sciarpa &#8211; 241214-02"},"content":{"rendered":"<p data-start=\"136\" data-end=\"390\">L\u2019\u00e9charpe <strong data-start=\"146\" data-end=\"183\">Sciarpa \u2013 214214-02<\/strong>\u00a0incarne la cr\u00e9ativit\u00e9 et le raffinement de <strong data-start=\"227\" data-end=\"244\">Gierre Milano<\/strong>. R\u00e9alis\u00e9e dans un subtil m\u00e9lange de lin et coton, elle offre une l\u00e9g\u00e8ret\u00e9 et une douceur incomparables, id\u00e9ales pour la mi-saison.<\/p>\n<p data-start=\"663\" data-end=\"916\">Son d\u00e9grad\u00e9 raffin\u00e9 de bordeaux, rouge et ros\u00e9, ponctu\u00e9 d\u2019une nuance sable lumineuse, cr\u00e9e une harmonie \u00e0 la fois chaleureuse et sophistiqu\u00e9e. Cet accessoire polyvalent apporte une note \u00e9l\u00e9gante \u00e0 une tenue casual comme \u00e0 une silhouette plus habill\u00e9e.<\/p>\n","protected":false},"excerpt":{"rendered":"<p>L\u2019\u00e9charpe Sciarpa \u2013 214214-02\u00a0incarne la cr\u00e9ativit\u00e9 et le raffinement de Gierre Milano. R\u00e9alis\u00e9e dans un subtil m\u00e9lange de lin et coton, elle offre une l\u00e9g\u00e8ret\u00e9 et une douceur incomparables, id\u00e9ales pour la mi-saison. Son d\u00e9grad\u00e9 raffin\u00e9 de bordeaux, rouge et ros\u00e9, ponctu\u00e9 d\u2019une nuance sable lumineuse, cr\u00e9e une harmonie \u00e0 la fois chaleureuse et sophistiqu\u00e9e. [&hellip;]<\/p>\n","protected":false},"featured_media":2699610,"comment_status":"open","ping_status":"closed","template":"","meta":[],"product_brand":[],"product_cat":[1756,1760],"product_tag":[2244],"acf":[],"_links":{"self":[{"href":"https:\/\/streetmarkets.fr\/app\/wp-json\/wp\/v2\/product\/2699609"}],"collection":[{"href":"https:\/\/streetmarkets.fr\/app\/wp-json\/wp\/v2\/product"}],"about":[{"href":"https:\/\/streetmarkets.fr\/app\/wp-json\/wp\/v2\/types\/product"}],"replies":[{"embeddable":true,"href":"https:\/\/streetmarkets.fr\/app\/wp-json\/wp\/v2\/comments?post=2699609"}],"wp:featuredmedia":[{"embeddable":true,"href":"https:\/\/streetmarkets.fr\/app\/wp-json\/wp\/v2\/media\/2699610"}],"wp:attachment":[{"href":"https:\/\/streetmarkets.fr\/app\/wp-json\/wp\/v2\/media?parent=2699609"}],"wp:term":[{"taxonomy":"product_brand","embeddable":true,"href":"https:\/\/streetmarkets.fr\/app\/wp-json\/wp\/v2\/product_brand?post=2699609"},{"taxonomy":"product_cat","embeddable":true,"href":"https:\/\/streetmarkets.fr\/app\/wp-json\/wp\/v2\/product_cat?post=2699609"},{"taxonomy":"product_tag","embeddable":true,"href":"https:\/\/streetmarkets.fr\/app\/wp-json\/wp\/v2\/product_tag?post=2699609"}],"curies":[{"name":"wp","href":"https:\/\/api.w.org\/{rel}","templated":true}]}}