{"id":2699597,"date":"2025-09-22T06:52:52","date_gmt":"2025-09-22T04:52:52","guid":{"rendered":"https:\/\/streetmarkets.fr\/app\/produit\/sciarpa-241217-05\/"},"modified":"2026-03-16T05:49:29","modified_gmt":"2026-03-16T04:49:29","slug":"sciarpa-241217-05","status":"publish","type":"product","link":"https:\/\/streetmarkets.fr\/app\/produit\/sciarpa-241217-05\/","title":{"rendered":"Sciarpa &#8211; 241217-05"},"content":{"rendered":"<p data-start=\"136\" data-end=\"390\">L\u2019\u00e9charpe <strong data-start=\"146\" data-end=\"183\">Sciarpa \u2013 241227-05<\/strong>\u00a0incarne la cr\u00e9ativit\u00e9 et le raffinement de <strong data-start=\"227\" data-end=\"244\">Gierre Milano<\/strong>. Confectionn\u00e9e dans un m\u00e9lange raffin\u00e9 de lin et coton, elle s\u00e9duit par sa l\u00e9g\u00e8ret\u00e9 et sa douceur, id\u00e9ales pour les journ\u00e9es de mi-saison.<\/p>\n<p data-end=\"655\" data-start=\"329\">Son fond \u00e9cru lumineux est anim\u00e9 de d\u00e9licats motifs floraux et ornementaux bordeaux, qui apportent une note \u00e0 la fois classique et raffin\u00e9e. Cette harmonie subtile de couleurs douces et chaleureuses en fait un accessoire polyvalent, capable d\u2019apporter \u00e9l\u00e9gance et originalit\u00e9 \u00e0 une tenue casual comme \u00e0 un look plus habill\u00e9.<\/p>\n","protected":false},"excerpt":{"rendered":"<p>L\u2019\u00e9charpe Sciarpa \u2013 241227-05\u00a0incarne la cr\u00e9ativit\u00e9 et le raffinement de Gierre Milano. Confectionn\u00e9e dans un m\u00e9lange raffin\u00e9 de lin et coton, elle s\u00e9duit par sa l\u00e9g\u00e8ret\u00e9 et sa douceur, id\u00e9ales pour les journ\u00e9es de mi-saison. Son fond \u00e9cru lumineux est anim\u00e9 de d\u00e9licats motifs floraux et ornementaux bordeaux, qui apportent une note \u00e0 la fois [&hellip;]<\/p>\n","protected":false},"featured_media":2699598,"comment_status":"open","ping_status":"closed","template":"","meta":[],"product_brand":[],"product_cat":[1756,1760],"product_tag":[2244],"acf":[],"_links":{"self":[{"href":"https:\/\/streetmarkets.fr\/app\/wp-json\/wp\/v2\/product\/2699597"}],"collection":[{"href":"https:\/\/streetmarkets.fr\/app\/wp-json\/wp\/v2\/product"}],"about":[{"href":"https:\/\/streetmarkets.fr\/app\/wp-json\/wp\/v2\/types\/product"}],"replies":[{"embeddable":true,"href":"https:\/\/streetmarkets.fr\/app\/wp-json\/wp\/v2\/comments?post=2699597"}],"wp:featuredmedia":[{"embeddable":true,"href":"https:\/\/streetmarkets.fr\/app\/wp-json\/wp\/v2\/media\/2699598"}],"wp:attachment":[{"href":"https:\/\/streetmarkets.fr\/app\/wp-json\/wp\/v2\/media?parent=2699597"}],"wp:term":[{"taxonomy":"product_brand","embeddable":true,"href":"https:\/\/streetmarkets.fr\/app\/wp-json\/wp\/v2\/product_brand?post=2699597"},{"taxonomy":"product_cat","embeddable":true,"href":"https:\/\/streetmarkets.fr\/app\/wp-json\/wp\/v2\/product_cat?post=2699597"},{"taxonomy":"product_tag","embeddable":true,"href":"https:\/\/streetmarkets.fr\/app\/wp-json\/wp\/v2\/product_tag?post=2699597"}],"curies":[{"name":"wp","href":"https:\/\/api.w.org\/{rel}","templated":true}]}}