{"id":2681752,"date":"2025-09-20T01:46:28","date_gmt":"2025-09-19T23:46:28","guid":{"rendered":"https:\/\/streetmarkets.fr\/app\/produit\/chaussettes-poissons-en-coton-bio-homme\/"},"modified":"2026-05-04T01:48:11","modified_gmt":"2026-05-03T23:48:11","slug":"chaussettes-poissons-en-coton-bio-homme","status":"publish","type":"product","link":"https:\/\/streetmarkets.fr\/app\/produit\/chaussettes-poissons-en-coton-bio-homme\/","title":{"rendered":"Chaussettes poissons en coton bio homme"},"content":{"rendered":"<ul data-mce-fragment=\"1\">\n<li data-mce-fragment=\"1\">chaussettes pour hommes<\/li>\n<li data-mce-fragment=\"1\">motif <strong>poissons<\/strong>\u00a0<\/li>\n<li data-mce-fragment=\"1\">fond bleu marine\u00a0<\/li>\n<li data-mce-fragment=\"1\">64,5%\u00a0<strong data-mce-fragment=\"1\">coton bio <\/strong>certifi\u00e9<strong data-mce-fragment=\"1\"> Gots<\/strong><span data-mce-fragment=\"1\">\u00a0,<\/span><span data-mce-fragment=\"1\"> 16,6% polyester <\/span><strong data-mce-fragment=\"1\">recycl\u00e9,<\/strong> 17,2% nylon\u00a0<strong data-mce-fragment=\"1\">recycl\u00e9,<\/strong> 1,6% \u00e9lasthanne<\/li>\n<li data-mce-fragment=\"1\">tr\u00e8s confortables<\/li>\n<li data-mce-fragment=\"1\">taille<span data-mce-fragment=\"1\">\u00a0<\/span><strong data-mce-fragment=\"1\">unique<\/strong>, 40\/44<\/li>\n<li data-mce-fragment=\"1\">marque<span data-mce-fragment=\"1\">\u00a0<\/span><strong data-mce-fragment=\"1\">Thought<\/strong>\n<\/li>\n<li data-mce-fragment=\"1\">\n<strong data-mce-fragment=\"1\">best-seller<\/strong><span data-mce-fragment=\"1\">\u00a0<\/span>de la marque<\/li>\n<\/ul>\n","protected":false},"excerpt":{"rendered":"<p>chaussettes pour hommes motif poissons\u00a0 fond bleu marine\u00a0 64,5%\u00a0coton bio certifi\u00e9 Gots\u00a0, 16,6% polyester recycl\u00e9, 17,2% nylon\u00a0recycl\u00e9, 1,6% \u00e9lasthanne tr\u00e8s confortables taille\u00a0unique, 40\/44 marque\u00a0Thought best-seller\u00a0de la marque<\/p>\n","protected":false},"featured_media":2681753,"comment_status":"open","ping_status":"closed","template":"","meta":[],"product_brand":[],"product_cat":[1756,1760],"product_tag":[1810],"acf":[],"_links":{"self":[{"href":"https:\/\/streetmarkets.fr\/app\/wp-json\/wp\/v2\/product\/2681752"}],"collection":[{"href":"https:\/\/streetmarkets.fr\/app\/wp-json\/wp\/v2\/product"}],"about":[{"href":"https:\/\/streetmarkets.fr\/app\/wp-json\/wp\/v2\/types\/product"}],"replies":[{"embeddable":true,"href":"https:\/\/streetmarkets.fr\/app\/wp-json\/wp\/v2\/comments?post=2681752"}],"wp:featuredmedia":[{"embeddable":true,"href":"https:\/\/streetmarkets.fr\/app\/wp-json\/wp\/v2\/media\/2681753"}],"wp:attachment":[{"href":"https:\/\/streetmarkets.fr\/app\/wp-json\/wp\/v2\/media?parent=2681752"}],"wp:term":[{"taxonomy":"product_brand","embeddable":true,"href":"https:\/\/streetmarkets.fr\/app\/wp-json\/wp\/v2\/product_brand?post=2681752"},{"taxonomy":"product_cat","embeddable":true,"href":"https:\/\/streetmarkets.fr\/app\/wp-json\/wp\/v2\/product_cat?post=2681752"},{"taxonomy":"product_tag","embeddable":true,"href":"https:\/\/streetmarkets.fr\/app\/wp-json\/wp\/v2\/product_tag?post=2681752"}],"curies":[{"name":"wp","href":"https:\/\/api.w.org\/{rel}","templated":true}]}}