{"id":2646107,"date":"2025-09-14T01:31:30","date_gmt":"2025-09-13T23:31:30","guid":{"rendered":"https:\/\/streetmarkets.fr\/app\/produit\/frnch-trench-halimi-bordeaux\/"},"modified":"2025-12-14T00:29:48","modified_gmt":"2025-12-13T23:29:48","slug":"frnch-trench-halimi-bordeaux","status":"publish","type":"product","link":"https:\/\/streetmarkets.fr\/app\/produit\/frnch-trench-halimi-bordeaux\/","title":{"rendered":"FrNch &#8211; Trench Halimi Bordeaux"},"content":{"rendered":"<p>Le trench FRNCH Halimi Bordeaux combine mati\u00e8re vinyle brillante, coupe longue et ceinture r\u00e9glable. Une pi\u00e8ce forte et moderne qui structure instantan\u00e9ment vos looks. \u2022 Ceinture r\u00e9glable \u2022 Se ferme avec des boutons <strong>Taille :\u00a0<\/strong><span class=\"metafield-multi_line_text_field\">Conseil : Si vous h\u00e9sitez entre deux tailles, choisissez plut\u00f4t la plus petite.<\/span> 55% Coton &#8211; 45% Polyur\u00e9thane<\/p>\n<h2 class=\"wp-block-heading\">\u2728 Trench FRNCH Halimi Bordeaux : la pi\u00e8ce forte de la saison<\/h2>\n<p>Le <strong>trench FRNCH Halimi Bordeaux<\/strong> revisite l\u2019iconique manteau long avec une mati\u00e8re vinyle brillante qui attire imm\u00e9diatement le regard. Cette pi\u00e8ce forte apporte une touche glamour, tout en restant sophistiqu\u00e9e et moderne. Gr\u00e2ce \u00e0 sa coupe droite et \u00e0 son tomb\u00e9 structur\u00e9, il affine la silhouette et donne du caract\u00e8re \u00e0 n\u2019importe quelle tenue.<\/p>\n<h2 class=\"wp-block-heading\">\ud83e\uddf5 Une mati\u00e8re vinyle brillante et confortable<\/h2>\n<p>Le vinyle utilis\u00e9 sur ce trench offre un aspect lisse, lumineux et original. Cette mati\u00e8re cr\u00e9e un effet \u00ab peau laqu\u00e9e \u00bb qui donne au manteau une allure unique.<br \/>De plus, le m\u00e9lange <strong>55 % coton \u2013 45 % polyur\u00e9thane<\/strong> permet au v\u00eatement de rester souple, pratique et agr\u00e9able \u00e0 porter au quotidien.<br \/>Le trench Halimi se ferme gr\u00e2ce \u00e0 de <strong>grands boutons<\/strong> et s\u2019ajuste parfaitement \u00e0 l\u2019aide de sa <strong>ceinture r\u00e9glable<\/strong>, ce qui permet de marquer la taille ou de structurer la silhouette selon vos envies.<\/p>\n<p>Les <strong>coutures contrast\u00e9es<\/strong> ajoutent une note graphique subtile et soulignent les lignes du manteau. Elles renforcent l\u2019esprit mode et donnent davantage de profondeur au coloris bordeaux.<\/p>\n<h2 class=\"wp-block-heading\">\ud83d\udc4c Une coupe longue \u00e9l\u00e9gante et polyvalente<\/h2>\n<p>Sa longueur, pens\u00e9e pour allonger la silhouette, permet de l\u2019associer \u00e0 une multitude de styles.<br \/>Vous pouvez le porter :<\/p>\n<ul class=\"wp-block-list\">\n<li>sur un pantalon droit,<\/li>\n<li>avec une robe fluide,<\/li>\n<li>sur une jupe midi,<\/li>\n<li>ou m\u00eame avec un jean pour casser le c\u00f4t\u00e9 chic.<\/li>\n<\/ul>\n<p>Son style vinyle lui donne une allure audacieuse, mais sa coupe classique le rend facile \u00e0 adopter au quotidien.<\/p>\n<h2 class=\"wp-block-heading\">\ud83d\udca1 Une pi\u00e8ce qui structure vos looks<\/h2>\n<p>Gr\u00e2ce \u00e0 son tissu exclusif FRNCH, le trench Halimi conserve une allure parisienne, chic et affirm\u00e9e. Il devient la pi\u00e8ce ma\u00eetresse d\u2019un look simple, tout en restant pratique gr\u00e2ce \u00e0 ses <strong>deux poches lat\u00e9rales<\/strong>.<\/p>\n<h2 class=\"wp-block-heading\">\ud83d\udccf Conseil taille<\/h2>\n<p>Comme souvent chez FRNCH :<br \/>\ud83d\udc49 <strong>si vous h\u00e9sitez entre deux tailles, choisissez la plus petite.<\/strong><\/p>\n<p>Notre s\u00e9lection <a href=\"https:\/\/therollingshop.com\/?s=frnch&amp;post_type=product\">Frnch ici<\/a><\/p>\n<p>En voir <a href=\"https:\/\/www.frnch.fr\/\">plus<\/a><\/p><\/p>\n","protected":false},"excerpt":{"rendered":"<p>Le trench FRNCH Halimi Bordeaux combine mati\u00e8re vinyle brillante, coupe longue et ceinture r\u00e9glable. Une pi\u00e8ce forte et moderne qui structure instantan\u00e9ment vos looks. \u2022 Ceinture r\u00e9glable \u2022 Se ferme avec des boutons Taille :\u00a0Conseil : Si vous h\u00e9sitez entre deux tailles, choisissez plut\u00f4t la plus petite. 55% Coton &#8211; 45% Polyur\u00e9thane \u2728 Trench FRNCH [&hellip;]<\/p>\n","protected":false},"featured_media":2646108,"comment_status":"open","ping_status":"closed","template":"","meta":[],"product_brand":[],"product_cat":[1756,1762],"product_tag":[1810],"acf":[],"_links":{"self":[{"href":"https:\/\/streetmarkets.fr\/app\/wp-json\/wp\/v2\/product\/2646107"}],"collection":[{"href":"https:\/\/streetmarkets.fr\/app\/wp-json\/wp\/v2\/product"}],"about":[{"href":"https:\/\/streetmarkets.fr\/app\/wp-json\/wp\/v2\/types\/product"}],"replies":[{"embeddable":true,"href":"https:\/\/streetmarkets.fr\/app\/wp-json\/wp\/v2\/comments?post=2646107"}],"wp:featuredmedia":[{"embeddable":true,"href":"https:\/\/streetmarkets.fr\/app\/wp-json\/wp\/v2\/media\/2646108"}],"wp:attachment":[{"href":"https:\/\/streetmarkets.fr\/app\/wp-json\/wp\/v2\/media?parent=2646107"}],"wp:term":[{"taxonomy":"product_brand","embeddable":true,"href":"https:\/\/streetmarkets.fr\/app\/wp-json\/wp\/v2\/product_brand?post=2646107"},{"taxonomy":"product_cat","embeddable":true,"href":"https:\/\/streetmarkets.fr\/app\/wp-json\/wp\/v2\/product_cat?post=2646107"},{"taxonomy":"product_tag","embeddable":true,"href":"https:\/\/streetmarkets.fr\/app\/wp-json\/wp\/v2\/product_tag?post=2646107"}],"curies":[{"name":"wp","href":"https:\/\/api.w.org\/{rel}","templated":true}]}}