{"id":2631552,"date":"2025-09-12T00:59:43","date_gmt":"2025-09-11T22:59:43","guid":{"rendered":"https:\/\/streetmarkets.fr\/app\/produit\/puces-el-nido-entaillees\/"},"modified":"2026-05-08T00:58:53","modified_gmt":"2026-05-07T22:58:53","slug":"puces-el-nido-entaillees","status":"publish","type":"product","link":"https:\/\/streetmarkets.fr\/app\/produit\/puces-el-nido-entaillees\/","title":{"rendered":"Puces El Nido Entaill\u00e9es"},"content":{"rendered":"<p>Puces El Nido Entaill\u00e9es : L\u2019\u00e9clat brut du fait main !\u00a0<br \/>Un cercle pas tout \u00e0 fait rond, et c\u2019est tout ce qu\u2019on aime. Les puces El Nido entaill\u00e9es misent sur un motif circulaire revisit\u00e9 \u00e0 la main : des petites d\u00e9coupes irr\u00e9guli\u00e8res, comme des \u00e9clats, viennent rythmer les contours et attraper la lumi\u00e8re \u00e0 chaque mouvement.<\/p>\n<p>Fa\u00e7onn\u00e9es artisanalement \u00e0 Paris dans un laiton dor\u00e9 \u00e0 l\u2019or fin, elles m\u00ealent pr\u00e9cision et spontan\u00e9it\u00e9 dans un format discret mais loin d\u2019\u00eatre classique. De vraies petites pi\u00e8ces d\u2019atelier, uniques \u00e0 chaque d\u00e9coupe, qui jouent avec les textures et les reflets.<\/p>\n<p>On aime :<br data-start=\"606\" data-end=\"609\">\u2013 Le contour entaill\u00e9 qui capte la lumi\u00e8re.<br data-start=\"651\" data-end=\"654\">\u2013 La forme circulaire revisit\u00e9e, graphique mais organique.<br data-start=\"711\" data-end=\"714\">\u2013 Le contraste entre la brillance et les irr\u00e9gularit\u00e9s.<br data-start=\"768\" data-end=\"771\">\u2013 La fabrication \u00e0 la main, chaque paire est unique.<\/p>\n","protected":false},"excerpt":{"rendered":"<p>Puces El Nido Entaill\u00e9es : L\u2019\u00e9clat brut du fait main !\u00a0Un cercle pas tout \u00e0 fait rond, et c\u2019est tout ce qu\u2019on aime. Les puces El Nido entaill\u00e9es misent sur un motif circulaire revisit\u00e9 \u00e0 la main : des petites d\u00e9coupes irr\u00e9guli\u00e8res, comme des \u00e9clats, viennent rythmer les contours et attraper la lumi\u00e8re \u00e0 chaque [&hellip;]<\/p>\n","protected":false},"featured_media":2631553,"comment_status":"open","ping_status":"closed","template":"","meta":[],"product_brand":[],"product_cat":[1807,1756],"product_tag":[1813],"acf":[],"_links":{"self":[{"href":"https:\/\/streetmarkets.fr\/app\/wp-json\/wp\/v2\/product\/2631552"}],"collection":[{"href":"https:\/\/streetmarkets.fr\/app\/wp-json\/wp\/v2\/product"}],"about":[{"href":"https:\/\/streetmarkets.fr\/app\/wp-json\/wp\/v2\/types\/product"}],"replies":[{"embeddable":true,"href":"https:\/\/streetmarkets.fr\/app\/wp-json\/wp\/v2\/comments?post=2631552"}],"wp:featuredmedia":[{"embeddable":true,"href":"https:\/\/streetmarkets.fr\/app\/wp-json\/wp\/v2\/media\/2631553"}],"wp:attachment":[{"href":"https:\/\/streetmarkets.fr\/app\/wp-json\/wp\/v2\/media?parent=2631552"}],"wp:term":[{"taxonomy":"product_brand","embeddable":true,"href":"https:\/\/streetmarkets.fr\/app\/wp-json\/wp\/v2\/product_brand?post=2631552"},{"taxonomy":"product_cat","embeddable":true,"href":"https:\/\/streetmarkets.fr\/app\/wp-json\/wp\/v2\/product_cat?post=2631552"},{"taxonomy":"product_tag","embeddable":true,"href":"https:\/\/streetmarkets.fr\/app\/wp-json\/wp\/v2\/product_tag?post=2631552"}],"curies":[{"name":"wp","href":"https:\/\/api.w.org\/{rel}","templated":true}]}}