{"id":2631491,"date":"2025-09-11T06:54:17","date_gmt":"2025-09-11T04:54:17","guid":{"rendered":"https:\/\/streetmarkets.fr\/app\/produit\/slim-reed-wool-blz\/"},"modified":"2026-03-16T05:49:12","modified_gmt":"2026-03-16T04:49:12","slug":"slim-reed-wool-blz","status":"publish","type":"product","link":"https:\/\/streetmarkets.fr\/app\/produit\/slim-reed-wool-blz\/","title":{"rendered":"Slim Reed Wool Blz"},"content":{"rendered":"<p><span data-sheets-root=\"1\">Le <strong>Slim Reed Wool Blazer<\/strong> de <strong>Selected <\/strong>est un incontournable de notre collection automne\/hiver chez\u00a0<strong>Harold<\/strong>.<\/span><\/p>\n<p><span data-sheets-root=\"1\">Disponible en deux coloris, marron \u00e0 motif pieds de poule ou en bleu marine, c&#8217;est un blazer \u00e0 <strong>coupe slim<\/strong>\u00a0<strong>sophistiqu\u00e9 <\/strong>et \u00e9l\u00e9gant qui compl\u00e9tera parfaitement vos tenues de saison. Il offre un <strong>confort <\/strong>et une <strong>durabilit\u00e9 <\/strong>sans compromis.<\/p>\n<p>Parfait pour les occasions formelles ou professionnelles, le <strong>Slim Reed Wool Blazer<\/strong> est une pi\u00e8ce \u00e9l\u00e9gante, \u00e0 retrouvez-le d\u00e8s maintenant chez <strong>Harold<\/strong>, sp\u00e9cialiste du <strong>pr\u00eat-\u00e0-porter masculin<\/strong> \u00e0 Paris.<\/span><\/p>\n","protected":false},"excerpt":{"rendered":"<p>Le Slim Reed Wool Blazer de Selected est un incontournable de notre collection automne\/hiver chez\u00a0Harold. Disponible en deux coloris, marron \u00e0 motif pieds de poule ou en bleu marine, c&#8217;est un blazer \u00e0 coupe slim\u00a0sophistiqu\u00e9 et \u00e9l\u00e9gant qui compl\u00e9tera parfaitement vos tenues de saison. Il offre un confort et une durabilit\u00e9 sans compromis. Parfait pour [&hellip;]<\/p>\n","protected":false},"featured_media":2631492,"comment_status":"open","ping_status":"closed","template":"","meta":[],"product_brand":[],"product_cat":[1756,1758],"product_tag":[2244],"acf":[],"_links":{"self":[{"href":"https:\/\/streetmarkets.fr\/app\/wp-json\/wp\/v2\/product\/2631491"}],"collection":[{"href":"https:\/\/streetmarkets.fr\/app\/wp-json\/wp\/v2\/product"}],"about":[{"href":"https:\/\/streetmarkets.fr\/app\/wp-json\/wp\/v2\/types\/product"}],"replies":[{"embeddable":true,"href":"https:\/\/streetmarkets.fr\/app\/wp-json\/wp\/v2\/comments?post=2631491"}],"wp:featuredmedia":[{"embeddable":true,"href":"https:\/\/streetmarkets.fr\/app\/wp-json\/wp\/v2\/media\/2631492"}],"wp:attachment":[{"href":"https:\/\/streetmarkets.fr\/app\/wp-json\/wp\/v2\/media?parent=2631491"}],"wp:term":[{"taxonomy":"product_brand","embeddable":true,"href":"https:\/\/streetmarkets.fr\/app\/wp-json\/wp\/v2\/product_brand?post=2631491"},{"taxonomy":"product_cat","embeddable":true,"href":"https:\/\/streetmarkets.fr\/app\/wp-json\/wp\/v2\/product_cat?post=2631491"},{"taxonomy":"product_tag","embeddable":true,"href":"https:\/\/streetmarkets.fr\/app\/wp-json\/wp\/v2\/product_tag?post=2631491"}],"curies":[{"name":"wp","href":"https:\/\/api.w.org\/{rel}","templated":true}]}}