{"id":2626443,"date":"2025-09-11T01:31:08","date_gmt":"2025-09-10T23:31:08","guid":{"rendered":"https:\/\/streetmarkets.fr\/app\/produit\/fam-jean-forest-navy\/"},"modified":"2025-12-14T00:29:48","modified_gmt":"2025-12-13T23:29:48","slug":"fam-jean-forest-navy","status":"publish","type":"product","link":"https:\/\/streetmarkets.fr\/app\/produit\/fam-jean-forest-navy\/","title":{"rendered":"FAM &#8211; Jean Forest Navy"},"content":{"rendered":"<p>On opte pour une taille haute, un tomb\u00e9 droit au niveau des cuisses et des fesses et un bas de jambe plus large pour ce mod\u00e8le FOREST (couleur). Si vous aimez allonger votre silhouette et ne pas \u00eatre trop serr\u00e9, c&#8217;est le jean id\u00e9al!<\/p>\n<ul>\n<li>Coupe \u00e9vas\u00e9e<\/li>\n<li>Longueur normale<\/li>\n<li>Taille Haute<\/li>\n<li>5 poches<\/li>\n<li>Passants \u00e0 la taille<\/li>\n<\/ul>\n<p>95% Coton, 5% Viscose<\/p>\n","protected":false},"excerpt":{"rendered":"<p>On opte pour une taille haute, un tomb\u00e9 droit au niveau des cuisses et des fesses et un bas de jambe plus large pour ce mod\u00e8le FOREST (couleur). Si vous aimez allonger votre silhouette et ne pas \u00eatre trop serr\u00e9, c&#8217;est le jean id\u00e9al! Coupe \u00e9vas\u00e9e Longueur normale Taille Haute 5 poches Passants \u00e0 la [&hellip;]<\/p>\n","protected":false},"featured_media":2626444,"comment_status":"open","ping_status":"closed","template":"","meta":[],"product_brand":[],"product_cat":[1756,1762],"product_tag":[1810],"acf":[],"_links":{"self":[{"href":"https:\/\/streetmarkets.fr\/app\/wp-json\/wp\/v2\/product\/2626443"}],"collection":[{"href":"https:\/\/streetmarkets.fr\/app\/wp-json\/wp\/v2\/product"}],"about":[{"href":"https:\/\/streetmarkets.fr\/app\/wp-json\/wp\/v2\/types\/product"}],"replies":[{"embeddable":true,"href":"https:\/\/streetmarkets.fr\/app\/wp-json\/wp\/v2\/comments?post=2626443"}],"wp:featuredmedia":[{"embeddable":true,"href":"https:\/\/streetmarkets.fr\/app\/wp-json\/wp\/v2\/media\/2626444"}],"wp:attachment":[{"href":"https:\/\/streetmarkets.fr\/app\/wp-json\/wp\/v2\/media?parent=2626443"}],"wp:term":[{"taxonomy":"product_brand","embeddable":true,"href":"https:\/\/streetmarkets.fr\/app\/wp-json\/wp\/v2\/product_brand?post=2626443"},{"taxonomy":"product_cat","embeddable":true,"href":"https:\/\/streetmarkets.fr\/app\/wp-json\/wp\/v2\/product_cat?post=2626443"},{"taxonomy":"product_tag","embeddable":true,"href":"https:\/\/streetmarkets.fr\/app\/wp-json\/wp\/v2\/product_tag?post=2626443"}],"curies":[{"name":"wp","href":"https:\/\/api.w.org\/{rel}","templated":true}]}}