{"id":2621386,"date":"2025-09-10T02:11:06","date_gmt":"2025-09-10T00:11:06","guid":{"rendered":"https:\/\/streetmarkets.fr\/app\/produit\/nouveau-mother-chemise-the-super-exs-crop-fray-no-end-in-sight\/"},"modified":"2026-03-18T01:04:42","modified_gmt":"2026-03-18T00:04:42","slug":"nouveau-mother-chemise-the-super-exs-crop-fray-no-end-in-sight","status":"publish","type":"product","link":"https:\/\/streetmarkets.fr\/app\/produit\/nouveau-mother-chemise-the-super-exs-crop-fray-no-end-in-sight\/","title":{"rendered":"MOTHER Chemise The Super Ex Crop Fray No End In Sight -50%"},"content":{"rendered":"<p data-rte-preserve-empty=\"true\">Chemise en coton coupe ample et courte, manches longues et poignets resserr\u00e9s, emmanchure large, deux poches \u00e0 rabats devant. <\/p>\n<p data-rte-preserve-empty=\"true\">D\u00e9tail : 100% coton <\/p>\n<p data-rte-preserve-empty=\"true\">Fabriqu\u00e9 \u00e0 Los Angeles<\/p>\n","protected":false},"excerpt":{"rendered":"<p>Chemise en coton coupe ample et courte, manches longues et poignets resserr\u00e9s, emmanchure large, deux poches \u00e0 rabats devant. D\u00e9tail : 100% coton Fabriqu\u00e9 \u00e0 Los Angeles<\/p>\n","protected":false},"featured_media":2621387,"comment_status":"open","ping_status":"closed","template":"","meta":[],"product_brand":[],"product_cat":[1756,1762],"product_tag":[2244],"acf":[],"_links":{"self":[{"href":"https:\/\/streetmarkets.fr\/app\/wp-json\/wp\/v2\/product\/2621386"}],"collection":[{"href":"https:\/\/streetmarkets.fr\/app\/wp-json\/wp\/v2\/product"}],"about":[{"href":"https:\/\/streetmarkets.fr\/app\/wp-json\/wp\/v2\/types\/product"}],"replies":[{"embeddable":true,"href":"https:\/\/streetmarkets.fr\/app\/wp-json\/wp\/v2\/comments?post=2621386"}],"wp:featuredmedia":[{"embeddable":true,"href":"https:\/\/streetmarkets.fr\/app\/wp-json\/wp\/v2\/media\/2621387"}],"wp:attachment":[{"href":"https:\/\/streetmarkets.fr\/app\/wp-json\/wp\/v2\/media?parent=2621386"}],"wp:term":[{"taxonomy":"product_brand","embeddable":true,"href":"https:\/\/streetmarkets.fr\/app\/wp-json\/wp\/v2\/product_brand?post=2621386"},{"taxonomy":"product_cat","embeddable":true,"href":"https:\/\/streetmarkets.fr\/app\/wp-json\/wp\/v2\/product_cat?post=2621386"},{"taxonomy":"product_tag","embeddable":true,"href":"https:\/\/streetmarkets.fr\/app\/wp-json\/wp\/v2\/product_tag?post=2621386"}],"curies":[{"name":"wp","href":"https:\/\/api.w.org\/{rel}","templated":true}]}}