{"id":2621377,"date":"2025-09-10T02:11:04","date_gmt":"2025-09-10T00:11:04","guid":{"rendered":"https:\/\/streetmarkets.fr\/app\/produit\/nouveau-masscob-pull-grenville-yuka\/"},"modified":"2026-03-18T01:04:41","modified_gmt":"2026-03-18T00:04:41","slug":"nouveau-masscob-pull-grenville-yuka","status":"publish","type":"product","link":"https:\/\/streetmarkets.fr\/app\/produit\/nouveau-masscob-pull-grenville-yuka\/","title":{"rendered":"MASSCOB Pull Grenville Yuka -40%"},"content":{"rendered":"<p data-rte-preserve-empty=\"true\">Pull coupe ample, encolure arrondie, manches longues et poignets resserr\u00e9s, emmanchure large. \u00c9galement disponible dans deux autres coloris, Navy et Black D\u00e9lav\u00e9. <\/p>\n<p data-rte-preserve-empty=\"true\">D\u00e9tail : 45% laine alpaga surperfine , 45% fibres polyacryliques, 15% laine merino<\/p>\n","protected":false},"excerpt":{"rendered":"<p>Pull coupe ample, encolure arrondie, manches longues et poignets resserr\u00e9s, emmanchure large. \u00c9galement disponible dans deux autres coloris, Navy et Black D\u00e9lav\u00e9. D\u00e9tail : 45% laine alpaga surperfine , 45% fibres polyacryliques, 15% laine merino<\/p>\n","protected":false},"featured_media":2621378,"comment_status":"open","ping_status":"closed","template":"","meta":[],"product_brand":[],"product_cat":[1756,1762],"product_tag":[2244],"acf":[],"_links":{"self":[{"href":"https:\/\/streetmarkets.fr\/app\/wp-json\/wp\/v2\/product\/2621377"}],"collection":[{"href":"https:\/\/streetmarkets.fr\/app\/wp-json\/wp\/v2\/product"}],"about":[{"href":"https:\/\/streetmarkets.fr\/app\/wp-json\/wp\/v2\/types\/product"}],"replies":[{"embeddable":true,"href":"https:\/\/streetmarkets.fr\/app\/wp-json\/wp\/v2\/comments?post=2621377"}],"wp:featuredmedia":[{"embeddable":true,"href":"https:\/\/streetmarkets.fr\/app\/wp-json\/wp\/v2\/media\/2621378"}],"wp:attachment":[{"href":"https:\/\/streetmarkets.fr\/app\/wp-json\/wp\/v2\/media?parent=2621377"}],"wp:term":[{"taxonomy":"product_brand","embeddable":true,"href":"https:\/\/streetmarkets.fr\/app\/wp-json\/wp\/v2\/product_brand?post=2621377"},{"taxonomy":"product_cat","embeddable":true,"href":"https:\/\/streetmarkets.fr\/app\/wp-json\/wp\/v2\/product_cat?post=2621377"},{"taxonomy":"product_tag","embeddable":true,"href":"https:\/\/streetmarkets.fr\/app\/wp-json\/wp\/v2\/product_tag?post=2621377"}],"curies":[{"name":"wp","href":"https:\/\/api.w.org\/{rel}","templated":true}]}}