{"id":2600116,"date":"2025-09-06T02:09:49","date_gmt":"2025-09-06T00:09:49","guid":{"rendered":"https:\/\/streetmarkets.fr\/app\/produit\/nouveau-xirena-pull-mattia-flanel-grey-heather-precommande\/"},"modified":"2026-02-11T01:05:10","modified_gmt":"2026-02-11T00:05:10","slug":"nouveau-xirena-pull-mattia-flanel-grey-heather-precommande","status":"publish","type":"product","link":"https:\/\/streetmarkets.fr\/app\/produit\/nouveau-xirena-pull-mattia-flanel-grey-heather-precommande\/","title":{"rendered":"Nouveau ! XIRENA Pull Mattia Cachemire Grey Heather"},"content":{"rendered":"<p data-rte-preserve-empty=\"true\">Pull en cachemire coupe ample, manches longues, emmanchure large, d\u00e9collet\u00e9 v, tout doux et cocooning&#8230;  Le mod\u00e8le taille petit.<\/p>\n<p data-rte-preserve-empty=\"true\">D\u00e9tail : 100% cachemire<\/p>\n","protected":false},"excerpt":{"rendered":"<p>Pull en cachemire coupe ample, manches longues, emmanchure large, d\u00e9collet\u00e9 v, tout doux et cocooning&#8230; Le mod\u00e8le taille petit. D\u00e9tail : 100% cachemire<\/p>\n","protected":false},"featured_media":2600117,"comment_status":"open","ping_status":"closed","template":"","meta":[],"product_brand":[],"product_cat":[1756,1762],"product_tag":[2244],"acf":[],"_links":{"self":[{"href":"https:\/\/streetmarkets.fr\/app\/wp-json\/wp\/v2\/product\/2600116"}],"collection":[{"href":"https:\/\/streetmarkets.fr\/app\/wp-json\/wp\/v2\/product"}],"about":[{"href":"https:\/\/streetmarkets.fr\/app\/wp-json\/wp\/v2\/types\/product"}],"replies":[{"embeddable":true,"href":"https:\/\/streetmarkets.fr\/app\/wp-json\/wp\/v2\/comments?post=2600116"}],"wp:featuredmedia":[{"embeddable":true,"href":"https:\/\/streetmarkets.fr\/app\/wp-json\/wp\/v2\/media\/2600117"}],"wp:attachment":[{"href":"https:\/\/streetmarkets.fr\/app\/wp-json\/wp\/v2\/media?parent=2600116"}],"wp:term":[{"taxonomy":"product_brand","embeddable":true,"href":"https:\/\/streetmarkets.fr\/app\/wp-json\/wp\/v2\/product_brand?post=2600116"},{"taxonomy":"product_cat","embeddable":true,"href":"https:\/\/streetmarkets.fr\/app\/wp-json\/wp\/v2\/product_cat?post=2600116"},{"taxonomy":"product_tag","embeddable":true,"href":"https:\/\/streetmarkets.fr\/app\/wp-json\/wp\/v2\/product_tag?post=2600116"}],"curies":[{"name":"wp","href":"https:\/\/api.w.org\/{rel}","templated":true}]}}