{"id":2599506,"date":"2025-09-05T08:43:12","date_gmt":"2025-09-05T06:43:12","guid":{"rendered":"https:\/\/streetmarkets.fr\/app\/produit\/col-denim-koon\/"},"modified":"2026-05-12T08:38:59","modified_gmt":"2026-05-12T06:38:59","slug":"col-denim-koon","status":"publish","type":"product","link":"https:\/\/streetmarkets.fr\/app\/produit\/col-denim-koon\/","title":{"rendered":"Col denim &#8211; KOON"},"content":{"rendered":"<div class=\"product__description color--primary-text bg--primary-background my2\" data-mce-fragment=\"1\">\n<p class=\"rte mx--auto font-size__basic max-width--3\" id=\"productDescription\" data-mce-fragment=\"1\"><span style=\"font-size: 0.875rem\"><span style=\"font-family: -apple-system, BlinkMacSystemFont, 'San Francisco', 'Segoe UI', Roboto, 'Helvetica Neue', sans-serif\">Tour de cou en cachemire unisexe qui remplace de fa\u00e7on styl\u00e9e une \u00e9charpe.\u00a0Il se porte en dessous d&#8217;une chemise ou d&#8217;un pull colV, il remplacera \u00e0 merveille un col, roul\u00e9.\u00a0<\/span><\/span><\/p>\n<div class=\"rte mx--auto font-size__basic max-width--3\" data-product-description=\"\" data-mce-fragment=\"1\"><\/div>\n<\/div>\n","protected":false},"excerpt":{"rendered":"<p>Tour de cou en cachemire unisexe qui remplace de fa\u00e7on styl\u00e9e une \u00e9charpe.\u00a0Il se porte en dessous d&#8217;une chemise ou d&#8217;un pull colV, il remplacera \u00e0 merveille un col, roul\u00e9.\u00a0<\/p>\n","protected":false},"featured_media":2599507,"comment_status":"open","ping_status":"closed","template":"","meta":[],"product_brand":[],"product_cat":[1756,1764],"product_tag":[2244],"acf":[],"_links":{"self":[{"href":"https:\/\/streetmarkets.fr\/app\/wp-json\/wp\/v2\/product\/2599506"}],"collection":[{"href":"https:\/\/streetmarkets.fr\/app\/wp-json\/wp\/v2\/product"}],"about":[{"href":"https:\/\/streetmarkets.fr\/app\/wp-json\/wp\/v2\/types\/product"}],"replies":[{"embeddable":true,"href":"https:\/\/streetmarkets.fr\/app\/wp-json\/wp\/v2\/comments?post=2599506"}],"wp:featuredmedia":[{"embeddable":true,"href":"https:\/\/streetmarkets.fr\/app\/wp-json\/wp\/v2\/media\/2599507"}],"wp:attachment":[{"href":"https:\/\/streetmarkets.fr\/app\/wp-json\/wp\/v2\/media?parent=2599506"}],"wp:term":[{"taxonomy":"product_brand","embeddable":true,"href":"https:\/\/streetmarkets.fr\/app\/wp-json\/wp\/v2\/product_brand?post=2599506"},{"taxonomy":"product_cat","embeddable":true,"href":"https:\/\/streetmarkets.fr\/app\/wp-json\/wp\/v2\/product_cat?post=2599506"},{"taxonomy":"product_tag","embeddable":true,"href":"https:\/\/streetmarkets.fr\/app\/wp-json\/wp\/v2\/product_tag?post=2599506"}],"curies":[{"name":"wp","href":"https:\/\/api.w.org\/{rel}","templated":true}]}}