{"id":2588947,"date":"2025-09-04T03:33:46","date_gmt":"2025-09-04T01:33:46","guid":{"rendered":"https:\/\/streetmarkets.fr\/app\/produit\/etui-de-voyage-3-lunettes\/"},"modified":"2026-04-09T03:33:32","modified_gmt":"2026-04-09T01:33:32","slug":"etui-de-voyage-3-lunettes","status":"publish","type":"product","link":"https:\/\/streetmarkets.fr\/app\/produit\/etui-de-voyage-3-lunettes\/","title":{"rendered":"\u00c9tui de voyage &#8211; 3 lunettes"},"content":{"rendered":"<p><strong data-start=\"191\" data-end=\"266\" style=\"font-family: -apple-system, BlinkMacSystemFont, 'San Francisco', 'Segoe UI', Roboto, 'Helvetica Neue', sans-serif;font-size: 0.875rem\">\u00c9tui de voyage pour lunettes<br \/>Voyagez avec style et s\u00e9curit\u00e9 gr\u00e2ce \u00e0 notre tout nouvel \u00e9tui de voyage<\/strong><span style=\"font-family: -apple-system, BlinkMacSystemFont, 'San Francisco', 'Segoe UI', Roboto, 'Helvetica Neue', sans-serif;font-size: 0.875rem\">, con\u00e7u sp\u00e9cialement pour transporter <\/span><strong data-start=\"304\" data-end=\"336\" style=\"font-family: -apple-system, BlinkMacSystemFont, 'San Francisco', 'Segoe UI', Roboto, 'Helvetica Neue', sans-serif;font-size: 0.875rem\">jusqu&#8217;\u00e0 3 paires de lunettes<\/strong><span style=\"font-family: -apple-system, BlinkMacSystemFont, 'San Francisco', 'Segoe UI', Roboto, 'Helvetica Neue', sans-serif;font-size: 0.875rem\">.\u00a0<\/span><\/p>\n<p data-start=\"527\" data-end=\"752\"><strong data-start=\"530\" data-end=\"564\">Ext\u00e9rieur en simili cuir rouge<\/strong> : r\u00e9sistant, \u00e9l\u00e9gant et facile \u00e0 nettoyer, il prot\u00e8ge efficacement vos lunettes des chocs et rayures.<\/p>\n<p data-start=\"754\" data-end=\"1007\"><strong data-start=\"756\" data-end=\"785\">Int\u00e9rieur en velours\u00a0<\/strong>: chaque compartiment est soigneusement doubl\u00e9 de velour pour <strong data-start=\"848\" data-end=\"872\">pr\u00e9venir les rayures<\/strong> et maintenir vos lunettes bien en place. Le toucher doux du velours assure un confort optimal \u00e0 vos montures, m\u00eame les plus d\u00e9licates.<\/p>\n<p data-start=\"1009\" data-end=\"1233\"><strong data-start=\"1012\" data-end=\"1044\">Compact, pratique et raffin\u00e9<\/strong>, cet \u00e9tui s\u2019int\u00e8gre parfaitement dans votre valise, votre votre sac \u00e0 main ou m\u00eame trouve une place parfaite dans vos placards. Il est id\u00e9al pour les voyages, les week-ends ou simplement pour organiser vos lunettes \u00e0 la maison.<\/p>\n","protected":false},"excerpt":{"rendered":"<p>\u00c9tui de voyage pour lunettesVoyagez avec style et s\u00e9curit\u00e9 gr\u00e2ce \u00e0 notre tout nouvel \u00e9tui de voyage, con\u00e7u sp\u00e9cialement pour transporter jusqu&#8217;\u00e0 3 paires de lunettes.\u00a0 Ext\u00e9rieur en simili cuir rouge : r\u00e9sistant, \u00e9l\u00e9gant et facile \u00e0 nettoyer, il prot\u00e8ge efficacement vos lunettes des chocs et rayures. Int\u00e9rieur en velours\u00a0: chaque compartiment est soigneusement doubl\u00e9 [&hellip;]<\/p>\n","protected":false},"featured_media":2588948,"comment_status":"open","ping_status":"closed","template":"","meta":[],"product_brand":[],"product_cat":[1756,1764],"product_tag":[2122],"acf":[],"_links":{"self":[{"href":"https:\/\/streetmarkets.fr\/app\/wp-json\/wp\/v2\/product\/2588947"}],"collection":[{"href":"https:\/\/streetmarkets.fr\/app\/wp-json\/wp\/v2\/product"}],"about":[{"href":"https:\/\/streetmarkets.fr\/app\/wp-json\/wp\/v2\/types\/product"}],"replies":[{"embeddable":true,"href":"https:\/\/streetmarkets.fr\/app\/wp-json\/wp\/v2\/comments?post=2588947"}],"wp:featuredmedia":[{"embeddable":true,"href":"https:\/\/streetmarkets.fr\/app\/wp-json\/wp\/v2\/media\/2588948"}],"wp:attachment":[{"href":"https:\/\/streetmarkets.fr\/app\/wp-json\/wp\/v2\/media?parent=2588947"}],"wp:term":[{"taxonomy":"product_brand","embeddable":true,"href":"https:\/\/streetmarkets.fr\/app\/wp-json\/wp\/v2\/product_brand?post=2588947"},{"taxonomy":"product_cat","embeddable":true,"href":"https:\/\/streetmarkets.fr\/app\/wp-json\/wp\/v2\/product_cat?post=2588947"},{"taxonomy":"product_tag","embeddable":true,"href":"https:\/\/streetmarkets.fr\/app\/wp-json\/wp\/v2\/product_tag?post=2588947"}],"curies":[{"name":"wp","href":"https:\/\/api.w.org\/{rel}","templated":true}]}}