{"id":2583994,"date":"2025-09-04T01:14:31","date_gmt":"2025-09-03T23:14:31","guid":{"rendered":"https:\/\/streetmarkets.fr\/app\/produit\/enveloppe-ravi-violeta-macadamia\/"},"modified":"2025-11-24T00:15:17","modified_gmt":"2025-11-23T23:15:17","slug":"enveloppe-ravi-violeta-macadamia","status":"publish","type":"product","link":"https:\/\/streetmarkets.fr\/app\/produit\/enveloppe-ravi-violeta-macadamia\/","title":{"rendered":"Enveloppe ravi Violeta &#8211; Macadamia"},"content":{"rendered":"<p>Compacte, l\u00e9g\u00e8re et toute souple, cette pochette en coton de 10 x 14 cm se glisse partout pour garder vos indispensables bien organis\u00e9s. \u00c9couteurs, petits bijoux, papiers d\u2019identit\u00e9 ou cartes: tout reste \u00e0 port\u00e9e de main, sans se perdre au fond du sac. Sa mati\u00e8re 100% coton offre une douceur agr\u00e9able au toucher et un look simple qui traverse les saisons.<br \/>\nFabriqu\u00e9e \u00e0 la main, elle a ce suppl\u00e9ment d\u2019\u00e2me qui fait la diff\u00e9rence au quotidien. Facile \u00e0 vivre, elle passe en machine \u00e0 30\u00b0 (cycle d\u00e9licat), ce qui en fait un accessoire durable et vraiment pratique. \u00c0 offrir ou \u00e0 s\u2019offrir, pour celles et ceux qui aiment les accessoires beaux, utiles et responsables.<\/p>\n","protected":false},"excerpt":{"rendered":"<p>Compacte, l\u00e9g\u00e8re et toute souple, cette pochette en coton de 10 x 14 cm se glisse partout pour garder vos indispensables bien organis\u00e9s. \u00c9couteurs, petits bijoux, papiers d\u2019identit\u00e9 ou cartes: tout reste \u00e0 port\u00e9e de main, sans se perdre au fond du sac. Sa mati\u00e8re 100% coton offre une douceur agr\u00e9able au toucher et un [&hellip;]<\/p>\n","protected":false},"featured_media":2583995,"comment_status":"open","ping_status":"closed","template":"","meta":[],"product_brand":[],"product_cat":[1756,1764],"product_tag":[1810],"acf":[],"_links":{"self":[{"href":"https:\/\/streetmarkets.fr\/app\/wp-json\/wp\/v2\/product\/2583994"}],"collection":[{"href":"https:\/\/streetmarkets.fr\/app\/wp-json\/wp\/v2\/product"}],"about":[{"href":"https:\/\/streetmarkets.fr\/app\/wp-json\/wp\/v2\/types\/product"}],"replies":[{"embeddable":true,"href":"https:\/\/streetmarkets.fr\/app\/wp-json\/wp\/v2\/comments?post=2583994"}],"wp:featuredmedia":[{"embeddable":true,"href":"https:\/\/streetmarkets.fr\/app\/wp-json\/wp\/v2\/media\/2583995"}],"wp:attachment":[{"href":"https:\/\/streetmarkets.fr\/app\/wp-json\/wp\/v2\/media?parent=2583994"}],"wp:term":[{"taxonomy":"product_brand","embeddable":true,"href":"https:\/\/streetmarkets.fr\/app\/wp-json\/wp\/v2\/product_brand?post=2583994"},{"taxonomy":"product_cat","embeddable":true,"href":"https:\/\/streetmarkets.fr\/app\/wp-json\/wp\/v2\/product_cat?post=2583994"},{"taxonomy":"product_tag","embeddable":true,"href":"https:\/\/streetmarkets.fr\/app\/wp-json\/wp\/v2\/product_tag?post=2583994"}],"curies":[{"name":"wp","href":"https:\/\/api.w.org\/{rel}","templated":true}]}}