{"id":2583972,"date":"2025-09-04T00:28:33","date_gmt":"2025-09-03T22:28:33","guid":{"rendered":"https:\/\/streetmarkets.fr\/app\/produit\/boutique-chanel-pantalon-taille-haute-vase-rose-bonbon-poches-broderie-anglaise-prix-boutique-3200-taille-34\/"},"modified":"2026-04-20T00:26:44","modified_gmt":"2026-04-19T22:26:44","slug":"boutique-chanel-pantalon-taille-haute-vase-rose-bonbon-poches-broderie-anglaise-prix-boutique-3200-taille-34","status":"publish","type":"product","link":"https:\/\/streetmarkets.fr\/app\/produit\/boutique-chanel-pantalon-taille-haute-vase-rose-bonbon-poches-broderie-anglaise-prix-boutique-3200-taille-34\/","title":{"rendered":"Boutique CHANEL Pantalon taille haute &eacute;vas&eacute;e rose bonbon poches broderie anglaise Prix boutique 3200&euro; Taille 34"},"content":{"rendered":"<p>Iconique\u00a0pantalon\u00a0en\u00a0maille rose barbie de la Maison de Couture fran\u00e7aise CHANEL.V\u00eatement de luxe FABRIQUE EN ItaliePrix boutique estimatif 3200\u20ac.Confectionn\u00e9 dans une d\u00e9licate maille d&#8217;une intense teinte rose pivoine, ce pantalon CHANEL est une merveille de po\u00e9sie, de raffinement et d&#8217;\u00e9l\u00e9gance. Coup\u00e9 \u00e0 la perfection, il souligne l&#8217;extr\u00eame finesse de la taille et allonge les jambes de fa\u00e7on vertigineuse. Portez-le avec un\u00a0simple t-shirt blanc ou un\u00a0haut moulant et\u00a0une veste en\u00a0tweed pour dessiner une allure chic dans l&#8217;esprit de la Maison de Couture iconique.Maille 96% viscose, 3% polyamide, 1% elastan.2 Poches en broderie anglaise en 100% coton.Jambes \u00e9vas\u00e9e, taille haute.Couleur rose barbie.Liens avec bonbouts en laiton dor\u00e9, bouton bijoux\u00a0laiton dor\u00e9 grav\u00e9 sigle CC entrecrois\u00e9.2 poches \u00e0 l&#8217;avant et 2 poches passepoil\u00e9es.Etiquet\u00e9 taille 34, convient \u00e0 une vraie taille Xsmall.Largeur taille cm, entrejambe cm, Longueur c\u00f4t\u00e9 cm, largeur cheville cmComme neuf.  Je (Elo\u00efse, fondatrice du site) authentifie toutes les pi\u00e8ces. Mon experience dans le luxe et ma passion pour cet univers m&#8217;ont permis d&#8217;acqu\u00e9rir une excellente connaissance des produits.Toutes les pi\u00e8ces transitent par le showroom pour que je puisse en \u00e9valuer l&#8217;authenticit\u00e9. Je prends tout le temps necessaire pour \u00e9tudier la pi\u00e8ce dans les moindres d\u00e9tails et contacte directement les Maisons de Couture si j&#8217;ai le moindre doute.Les pi\u00e8ces proviennent des dressings de particuliers. Je les rach\u00e8te \u00e0 des personnes qui travaillent dans des Maisons de couture parisiennes ou \u00e0 des accros du shopping.Je n\u2019exige pas les certificats d\u2019authenticit\u00e9 et je ne les fournis pas non plus ou rarement.Les certificats ne sont pas d&#8217;une grande utilit\u00e9 car ils sont tr\u00e8s facilement falsifiables, il est beaucoup plus facile de contrefaire une carte qu&#8217;un sac complet et nous noterez par exemple que les contrefa\u00e7ons de sacs de luxe vendues sur ebay ont toutes des certificats d&#8217;authenticit\u00e9.De mani\u00e8re g\u00e9n\u00e9rale, il est tr\u00e8s facile de distinguer une contrefa\u00e7on d&#8217;un produit authentique, les pi\u00e8ces de luxe sont ch\u00e8res car cela co\u00fbte cher de les fabriquer.Il est ais\u00e9 de copier le design mais pour arriver au m\u00eame r\u00e9sultat il faut avoir des mati\u00e8res premi\u00e8res de qualit\u00e9 et le savoir faire qui permet d&#8217;obtenir des finitions proches de la perfection, ce qui n&#8217;est JAMAIS le cas des contrefa\u00e7ons.N&#8217;h\u00e9sitez pas \u00e0 me contacter contact@louiseparis.fr si vous avez des questions, je vous r\u00e9pondrai avec plaisir.Contactez-nous Vos commandes sont exp\u00e9di\u00e9es depuis notre showrooms \u00e0 Paris chaque lundi.Nous proposons deux modes de livraisonsen France:- Colissimo recommand\u00e9 par La Poste en 48h, 10\u20ac.- Retrait de votre commande au showroom \u00e0 Paris, surRENDEZ-VOUS UNIQUEMENT, notre adresse mail pour prendre rdvcontact@louiseparis.fr, gratuit.Nous proposons la livraison\u00e0 l&#8217;Internationalen colissimo recommand\u00e9.- Europe : 20\u20ac- Am\u00e9rique du Nord, Asie, Oc\u00e9anie, Am\u00e9rique centrale et Antille : 25\u20ac- Am\u00e9rique du sud : 30\u20ac. Nous vous recevons sur rendez-vous du lundi au dimanche de 9h \u00e0 21h pour essayer les pi\u00e8ces vendues sur Louise Paris ainsi que les robes de soir\u00e9es \u00e0 la location. Vous pouvez contacter Elo\u00efse par mail \u00e0 contact@louiseparis.fr ou par t\u00e9l\u00e9phone au 06 64 86 08 03 \/ 01 80 06 25 95 pour prendre rendez-vous.<\/p>\n","protected":false},"excerpt":{"rendered":"<p>Iconique\u00a0pantalon\u00a0en\u00a0maille rose barbie de la Maison de Couture fran\u00e7aise CHANEL.V\u00eatement de luxe FABRIQUE EN ItaliePrix boutique estimatif 3200\u20ac.Confectionn\u00e9 dans une d\u00e9licate maille d&#8217;une intense teinte rose pivoine, ce pantalon CHANEL est une merveille de po\u00e9sie, de raffinement et d&#8217;\u00e9l\u00e9gance. Coup\u00e9 \u00e0 la perfection, il souligne l&#8217;extr\u00eame finesse de la taille et allonge les jambes de [&hellip;]<\/p>\n","protected":false},"featured_media":2583973,"comment_status":"open","ping_status":"closed","template":"","meta":[],"product_brand":[],"product_cat":[1756,1762],"product_tag":[2122],"acf":[],"_links":{"self":[{"href":"https:\/\/streetmarkets.fr\/app\/wp-json\/wp\/v2\/product\/2583972"}],"collection":[{"href":"https:\/\/streetmarkets.fr\/app\/wp-json\/wp\/v2\/product"}],"about":[{"href":"https:\/\/streetmarkets.fr\/app\/wp-json\/wp\/v2\/types\/product"}],"replies":[{"embeddable":true,"href":"https:\/\/streetmarkets.fr\/app\/wp-json\/wp\/v2\/comments?post=2583972"}],"wp:featuredmedia":[{"embeddable":true,"href":"https:\/\/streetmarkets.fr\/app\/wp-json\/wp\/v2\/media\/2583973"}],"wp:attachment":[{"href":"https:\/\/streetmarkets.fr\/app\/wp-json\/wp\/v2\/media?parent=2583972"}],"wp:term":[{"taxonomy":"product_brand","embeddable":true,"href":"https:\/\/streetmarkets.fr\/app\/wp-json\/wp\/v2\/product_brand?post=2583972"},{"taxonomy":"product_cat","embeddable":true,"href":"https:\/\/streetmarkets.fr\/app\/wp-json\/wp\/v2\/product_cat?post=2583972"},{"taxonomy":"product_tag","embeddable":true,"href":"https:\/\/streetmarkets.fr\/app\/wp-json\/wp\/v2\/product_tag?post=2583972"}],"curies":[{"name":"wp","href":"https:\/\/api.w.org\/{rel}","templated":true}]}}