{"id":2566820,"date":"2025-09-01T06:53:36","date_gmt":"2025-09-01T04:53:36","guid":{"rendered":"https:\/\/streetmarkets.fr\/app\/produit\/regular-noah-brushed-twist-ls-shirt\/"},"modified":"2026-03-16T05:49:10","modified_gmt":"2026-03-16T04:49:10","slug":"regular-noah-brushed-twist-ls-shirt","status":"publish","type":"product","link":"https:\/\/streetmarkets.fr\/app\/produit\/regular-noah-brushed-twist-ls-shirt\/","title":{"rendered":"Regular Noah Brushed Twist LS Shirt"},"content":{"rendered":"<p>\u00c9pur\u00e9e, confortable et \u00e9l\u00e9gante, cette chemise \u00e0 manches longues a tout pour devenir un essentiel de votre vestiaire. R\u00e9alis\u00e9e en <strong data-start=\"247\" data-end=\"273\">100 % coton biologique<\/strong>, elle s\u00e9duit par sa <strong data-start=\"294\" data-end=\"323\">fibre douce et respirante<\/strong>, sublim\u00e9e par une <strong data-start=\"342\" data-end=\"371\">finition bross\u00e9e discr\u00e8te<\/strong>. Sa <strong data-start=\"376\" data-end=\"395\">coupe classique<\/strong> et son <strong data-start=\"403\" data-end=\"418\">col raffin\u00e9<\/strong> lui conf\u00e8rent un charme intemporel, tandis que son <strong data-start=\"470\" data-end=\"498\">boutonnage sur le devant<\/strong> et ses <strong data-start=\"506\" data-end=\"529\">poignets ajustables<\/strong> assurent un tomb\u00e9 impeccable. Polyvalente, elle se porte aussi bien manches longues qu\u2019avec les poignets retrouss\u00e9s, pour un style plus d\u00e9tendu. Facile \u00e0 associer, elle r\u00e9v\u00e8le toute sa modernit\u00e9 avec un <strong data-start=\"733\" data-end=\"747\">chino slim<\/strong> et des <strong data-start=\"755\" data-end=\"775\">sneakers en cuir<\/strong>.<\/p>\n<p>En choisissant cette pi\u00e8ce, vous adoptez une mode plus responsable : le coton biologique est cultiv\u00e9 sans produits chimiques nocifs et contribue \u00e0 pr\u00e9server les ressources naturelles. Retrouvez-la dans notre boutique Harold, au c\u0153ur du Marais \u00e0 Paris.<\/p>\n","protected":false},"excerpt":{"rendered":"<p>\u00c9pur\u00e9e, confortable et \u00e9l\u00e9gante, cette chemise \u00e0 manches longues a tout pour devenir un essentiel de votre vestiaire. R\u00e9alis\u00e9e en 100 % coton biologique, elle s\u00e9duit par sa fibre douce et respirante, sublim\u00e9e par une finition bross\u00e9e discr\u00e8te. Sa coupe classique et son col raffin\u00e9 lui conf\u00e8rent un charme intemporel, tandis que son boutonnage sur [&hellip;]<\/p>\n","protected":false},"featured_media":2566821,"comment_status":"open","ping_status":"closed","template":"","meta":[],"product_brand":[],"product_cat":[1756,1758],"product_tag":[2244],"acf":[],"_links":{"self":[{"href":"https:\/\/streetmarkets.fr\/app\/wp-json\/wp\/v2\/product\/2566820"}],"collection":[{"href":"https:\/\/streetmarkets.fr\/app\/wp-json\/wp\/v2\/product"}],"about":[{"href":"https:\/\/streetmarkets.fr\/app\/wp-json\/wp\/v2\/types\/product"}],"replies":[{"embeddable":true,"href":"https:\/\/streetmarkets.fr\/app\/wp-json\/wp\/v2\/comments?post=2566820"}],"wp:featuredmedia":[{"embeddable":true,"href":"https:\/\/streetmarkets.fr\/app\/wp-json\/wp\/v2\/media\/2566821"}],"wp:attachment":[{"href":"https:\/\/streetmarkets.fr\/app\/wp-json\/wp\/v2\/media?parent=2566820"}],"wp:term":[{"taxonomy":"product_brand","embeddable":true,"href":"https:\/\/streetmarkets.fr\/app\/wp-json\/wp\/v2\/product_brand?post=2566820"},{"taxonomy":"product_cat","embeddable":true,"href":"https:\/\/streetmarkets.fr\/app\/wp-json\/wp\/v2\/product_cat?post=2566820"},{"taxonomy":"product_tag","embeddable":true,"href":"https:\/\/streetmarkets.fr\/app\/wp-json\/wp\/v2\/product_tag?post=2566820"}],"curies":[{"name":"wp","href":"https:\/\/api.w.org\/{rel}","templated":true}]}}