{"id":2560903,"date":"2025-08-31T08:42:43","date_gmt":"2025-08-31T06:42:43","guid":{"rendered":"https:\/\/streetmarkets.fr\/app\/produit\/pantalon-marco-navy-claramonte\/"},"modified":"2026-05-08T08:38:45","modified_gmt":"2026-05-08T06:38:45","slug":"pantalon-marco-navy-claramonte","status":"publish","type":"product","link":"https:\/\/streetmarkets.fr\/app\/produit\/pantalon-marco-navy-claramonte\/","title":{"rendered":"Pantalon marco navy &#8211; Claramonte"},"content":{"rendered":"<p data-mce-fragment=\"1\">Pantalon \u00e0 rayures, taille haute et jambe large.<\/p>\n<p data-mce-fragment=\"1\">100% laine couleur navy avec fines rayures blanches\u00a0<\/p>\n<p data-mce-fragment=\"1\"><span data-mce-fragment=\"1\">Guide des tailles : taille S =36, taille M = <\/span><span data-mce-fragment=\"1\">38<\/span><span data-mce-fragment=\"1\"><\/span><\/p>\n<p>Claramonte est une marque fond\u00e9e par 2 designers fran\u00e7ais issus du bureau de design Ts\u00e9Ts\u00e9 et du studio Jean Paul Gauthier, la fabrication est en majorit\u00e9 r\u00e9alis\u00e9e au Maroc.\u00a0<\/p>\n","protected":false},"excerpt":{"rendered":"<p>Pantalon \u00e0 rayures, taille haute et jambe large. 100% laine couleur navy avec fines rayures blanches\u00a0 Guide des tailles : taille S =36, taille M = 38 Claramonte est une marque fond\u00e9e par 2 designers fran\u00e7ais issus du bureau de design Ts\u00e9Ts\u00e9 et du studio Jean Paul Gauthier, la fabrication est en majorit\u00e9 r\u00e9alis\u00e9e au [&hellip;]<\/p>\n","protected":false},"featured_media":2560904,"comment_status":"open","ping_status":"closed","template":"","meta":[],"product_brand":[],"product_cat":[1756,1762],"product_tag":[2244],"acf":[],"_links":{"self":[{"href":"https:\/\/streetmarkets.fr\/app\/wp-json\/wp\/v2\/product\/2560903"}],"collection":[{"href":"https:\/\/streetmarkets.fr\/app\/wp-json\/wp\/v2\/product"}],"about":[{"href":"https:\/\/streetmarkets.fr\/app\/wp-json\/wp\/v2\/types\/product"}],"replies":[{"embeddable":true,"href":"https:\/\/streetmarkets.fr\/app\/wp-json\/wp\/v2\/comments?post=2560903"}],"wp:featuredmedia":[{"embeddable":true,"href":"https:\/\/streetmarkets.fr\/app\/wp-json\/wp\/v2\/media\/2560904"}],"wp:attachment":[{"href":"https:\/\/streetmarkets.fr\/app\/wp-json\/wp\/v2\/media?parent=2560903"}],"wp:term":[{"taxonomy":"product_brand","embeddable":true,"href":"https:\/\/streetmarkets.fr\/app\/wp-json\/wp\/v2\/product_brand?post=2560903"},{"taxonomy":"product_cat","embeddable":true,"href":"https:\/\/streetmarkets.fr\/app\/wp-json\/wp\/v2\/product_cat?post=2560903"},{"taxonomy":"product_tag","embeddable":true,"href":"https:\/\/streetmarkets.fr\/app\/wp-json\/wp\/v2\/product_tag?post=2560903"}],"curies":[{"name":"wp","href":"https:\/\/api.w.org\/{rel}","templated":true}]}}