{"id":2529038,"date":"2025-08-27T00:58:10","date_gmt":"2025-08-26T22:58:10","guid":{"rendered":"https:\/\/streetmarkets.fr\/app\/produit\/jupe-gamme\/"},"modified":"2026-05-16T00:56:01","modified_gmt":"2026-05-15T22:56:01","slug":"jupe-gamme","status":"publish","type":"product","link":"https:\/\/streetmarkets.fr\/app\/produit\/jupe-gamme\/","title":{"rendered":"Jupe Gamme"},"content":{"rendered":"<p>Notre nouveau mod\u00e8le de jupe midi en denim \u00e0 la coupe droite, la Jupe Gamme, est pens\u00e9e pour allier modernit\u00e9, confort et responsabilit\u00e9. Elle est confectionn\u00e9e en denim doux compos\u00e9 \u00e0 78 % de coton et \u00e0 22 % de coton recycl\u00e9, sublim\u00e9 par des surpiq\u00fbres oranges contrast\u00e9es et une \u00e9l\u00e9gante boutonni\u00e8re centrale\u2014une pi\u00e8ce intemporelle et engag\u00e9e.\u00a0<\/p>\n<p>Fabriqu\u00e9 au Portugal\u00a0<\/p>\n<p><strong>COMPOSITION<\/strong><\/p>\n<ul>\n<li>78 % coton, 22 % coton recycl\u00e9 (provenance Br\u00e9sil), avec fil d\u2019origine certifi\u00e9 GOTS\u00ae<\/li>\n<li>Teinture certifi\u00e9e Oeko-Tex\u00ae Standard 100<\/li>\n<li>D\u00e9tails en boutons en corozo, boutonni\u00e8re centrale\u00a0<\/li>\n<\/ul>\n<p><strong>LE CONSEIL D\u2019ASTRID<\/strong><\/p>\n<p>Associez la jupe Gamme \u00e0 un t-shirt \u00e9cru l\u00e9g\u00e8rement rentr\u00e9 ou un top en maille fine, et des sneakers cr\u00e8me pour un look casual-chic.\u00a0<\/p>\n<p><strong>CONSEILS D\u2019ENTRETIEN<\/strong><\/p>\n<p>Lavage d\u00e9licat \u00e0 30 \u00b0C. \u00c9vitez l\u2019eau trop chaude afin de pr\u00e9server le denim et ses nuances. S\u00e9chage \u00e0 plat ou \u00e0 l\u2019ombre recommand\u00e9 pour conserver la coupe et les d\u00e9tails (boutonni\u00e8re, surpiq\u00fbres).<\/p>\n","protected":false},"excerpt":{"rendered":"<p>Notre nouveau mod\u00e8le de jupe midi en denim \u00e0 la coupe droite, la Jupe Gamme, est pens\u00e9e pour allier modernit\u00e9, confort et responsabilit\u00e9. Elle est confectionn\u00e9e en denim doux compos\u00e9 \u00e0 78 % de coton et \u00e0 22 % de coton recycl\u00e9, sublim\u00e9 par des surpiq\u00fbres oranges contrast\u00e9es et une \u00e9l\u00e9gante boutonni\u00e8re centrale\u2014une pi\u00e8ce intemporelle [&hellip;]<\/p>\n","protected":false},"featured_media":2529039,"comment_status":"open","ping_status":"closed","template":"","meta":[],"product_brand":[],"product_cat":[1756,1762],"product_tag":[1813],"acf":[],"_links":{"self":[{"href":"https:\/\/streetmarkets.fr\/app\/wp-json\/wp\/v2\/product\/2529038"}],"collection":[{"href":"https:\/\/streetmarkets.fr\/app\/wp-json\/wp\/v2\/product"}],"about":[{"href":"https:\/\/streetmarkets.fr\/app\/wp-json\/wp\/v2\/types\/product"}],"replies":[{"embeddable":true,"href":"https:\/\/streetmarkets.fr\/app\/wp-json\/wp\/v2\/comments?post=2529038"}],"wp:featuredmedia":[{"embeddable":true,"href":"https:\/\/streetmarkets.fr\/app\/wp-json\/wp\/v2\/media\/2529039"}],"wp:attachment":[{"href":"https:\/\/streetmarkets.fr\/app\/wp-json\/wp\/v2\/media?parent=2529038"}],"wp:term":[{"taxonomy":"product_brand","embeddable":true,"href":"https:\/\/streetmarkets.fr\/app\/wp-json\/wp\/v2\/product_brand?post=2529038"},{"taxonomy":"product_cat","embeddable":true,"href":"https:\/\/streetmarkets.fr\/app\/wp-json\/wp\/v2\/product_cat?post=2529038"},{"taxonomy":"product_tag","embeddable":true,"href":"https:\/\/streetmarkets.fr\/app\/wp-json\/wp\/v2\/product_tag?post=2529038"}],"curies":[{"name":"wp","href":"https:\/\/api.w.org\/{rel}","templated":true}]}}