{"id":2501458,"date":"2025-08-22T01:46:06","date_gmt":"2025-08-21T23:46:06","guid":{"rendered":"https:\/\/streetmarkets.fr\/app\/produit\/sunglasses-konata-all-black-ko3-tutcar-meller\/"},"modified":"2026-05-04T01:47:11","modified_gmt":"2026-05-03T23:47:11","slug":"sunglasses-konata-all-black-ko3-tutcar-meller","status":"publish","type":"product","link":"https:\/\/streetmarkets.fr\/app\/produit\/sunglasses-konata-all-black-ko3-tutcar-meller\/","title":{"rendered":"Sunglasses Konata All Black &#8220;KO3-TUTCAR&#8221; | MELLER"},"content":{"rendered":"<p>Les &#8220;Sunglasses Konata All Black | MELLER&#8221; sont une paire de lunettes de soleil \u00e9l\u00e9gantes et modernes de MELLER. Avec une monture enti\u00e8rement noire, ces lunettes offrent un design minimaliste mais audacieux, parfait pour ajouter une touche sophistiqu\u00e9e et contemporaine \u00e0 n&#8217;importe quelle tenue, tout en offrant une excellente protection contre le soleil.<\/p>\n<ul>\n<li>Reference: Konata All Black &#8220;KO3-TUTCAR&#8221;<\/li>\n<\/ul>\n","protected":false},"excerpt":{"rendered":"<p>Les &#8220;Sunglasses Konata All Black | MELLER&#8221; sont une paire de lunettes de soleil \u00e9l\u00e9gantes et modernes de MELLER. Avec une monture enti\u00e8rement noire, ces lunettes offrent un design minimaliste mais audacieux, parfait pour ajouter une touche sophistiqu\u00e9e et contemporaine \u00e0 n&#8217;importe quelle tenue, tout en offrant une excellente protection contre le soleil. Reference: Konata [&hellip;]<\/p>\n","protected":false},"featured_media":4074921,"comment_status":"open","ping_status":"closed","template":"","meta":[],"product_brand":[],"product_cat":[1756,1764],"product_tag":[2244,1811],"acf":[],"_links":{"self":[{"href":"https:\/\/streetmarkets.fr\/app\/wp-json\/wp\/v2\/product\/2501458"}],"collection":[{"href":"https:\/\/streetmarkets.fr\/app\/wp-json\/wp\/v2\/product"}],"about":[{"href":"https:\/\/streetmarkets.fr\/app\/wp-json\/wp\/v2\/types\/product"}],"replies":[{"embeddable":true,"href":"https:\/\/streetmarkets.fr\/app\/wp-json\/wp\/v2\/comments?post=2501458"}],"wp:featuredmedia":[{"embeddable":true,"href":"https:\/\/streetmarkets.fr\/app\/wp-json\/wp\/v2\/media\/4074921"}],"wp:attachment":[{"href":"https:\/\/streetmarkets.fr\/app\/wp-json\/wp\/v2\/media?parent=2501458"}],"wp:term":[{"taxonomy":"product_brand","embeddable":true,"href":"https:\/\/streetmarkets.fr\/app\/wp-json\/wp\/v2\/product_brand?post=2501458"},{"taxonomy":"product_cat","embeddable":true,"href":"https:\/\/streetmarkets.fr\/app\/wp-json\/wp\/v2\/product_cat?post=2501458"},{"taxonomy":"product_tag","embeddable":true,"href":"https:\/\/streetmarkets.fr\/app\/wp-json\/wp\/v2\/product_tag?post=2501458"}],"curies":[{"name":"wp","href":"https:\/\/api.w.org\/{rel}","templated":true}]}}