{"id":2501210,"date":"2025-08-21T06:42:33","date_gmt":"2025-08-21T04:42:33","guid":{"rendered":"https:\/\/streetmarkets.fr\/app\/produit\/como-reg-wool-suit-pants\/"},"modified":"2026-03-16T05:42:22","modified_gmt":"2026-03-16T04:42:22","slug":"como-reg-wool-suit-pants","status":"publish","type":"product","link":"https:\/\/streetmarkets.fr\/app\/produit\/como-reg-wool-suit-pants\/","title":{"rendered":"Como Reg Wool Suit Pants"},"content":{"rendered":"<p><span data-sheets-userformat='{\"2\":897,\"3\":{\"1\":0},\"10\":1,\"11\":4,\"12\":0}' data-sheets-value=\"{&quot;1&quot;:2,&quot;2&quot;:&quot;Red\u00e9couvrez l'\u00e9l\u00e9gance intemporelle des \\&quot;Como Reg Wool Melange Suit Pants\\&quot; de Les Deux, disponibles dans les tons chaleureux de Coffe Brown Mel et Dark Navy Mel. Remodel\u00e9 pour l'hiver, ce pantalon urbain est confectionn\u00e9 dans un luxueux m\u00e9lange de laine pour vous garder au chaud pendant les mois les plus froids. \\n\\nArborant une coupe r\u00e9guli\u00e8re confortable, il offre un ajustement parfait pour toutes les occasions. Dot\u00e9 de quatre poches pratiques pour un c\u00f4t\u00e9 fonctionnel, ce pantalon est orn\u00e9 du logo \\&quot;II\\&quot; discret au dos, ajoutant une touche de sophistication suppl\u00e9mentaire. \\n\\nParfaitement polyvalent, il s'int\u00e8gre facilement \u00e0 votre garde-robe quotidienne, que ce soit pour une journ\u00e9e au bureau ou une soir\u00e9e en ville. Optez pour le style et le confort avec les \\&quot;Como Reg Wool Melange Suit Pants\\&quot; de Les Deux, un choix incontournable pour cet hiver.&quot;}\" data-sheets-root=\"1\">Red\u00e9couvrez l&#8217;\u00e9l\u00e9gance intemporelle du <strong>Como Reg Wool Suit Pant<\/strong> de <strong>Les Deux<\/strong>, disponible dans deux couleurs : bleu et cr\u00e8me . Remodel\u00e9 pour l&#8217;hiver, ce <strong>pantalon urbain<\/strong> est confectionn\u00e9 dans un luxueux m\u00e9lange pour vous garder au chaud pendant les mois les plus froids.\u00a0<\/p>\n<p>Arborant une <strong>coupe r\u00e9guli\u00e8re confortable<\/strong>, il offre un ajustement parfait pour toutes les occasions. Dot\u00e9 de quatre poches pratiques pour un c\u00f4t\u00e9 <strong>fonctionnel<\/strong>, ce pantalon est orn\u00e9 du logo &#8220;II&#8221; discret au dos, ajoutant une touche chic suppl\u00e9mentaire. <\/p>\n<p>Parfaitement <strong>polyvalent<\/strong>, il s&#8217;int\u00e8gre facilement \u00e0 votre vestiaire quotidien, que ce soit pour une journ\u00e9e au bureau ou une soir\u00e9e en ville. Optez pour le style et le confort avec les &#8220;<strong>Como Reg Wool Suit Pants<\/strong>&#8221; de Les Deux, disponible dans votre boutique Homme <strong>Harold<\/strong>, \u00e0 Paris : un choix incontournable pour cet hiver.<\/span><\/p>\n","protected":false},"excerpt":{"rendered":"<p>Red\u00e9couvrez l&#8217;\u00e9l\u00e9gance intemporelle du Como Reg Wool Suit Pant de Les Deux, disponible dans deux couleurs : bleu et cr\u00e8me . Remodel\u00e9 pour l&#8217;hiver, ce pantalon urbain est confectionn\u00e9 dans un luxueux m\u00e9lange pour vous garder au chaud pendant les mois les plus froids.\u00a0 Arborant une coupe r\u00e9guli\u00e8re confortable, il offre un ajustement parfait pour [&hellip;]<\/p>\n","protected":false},"featured_media":2501211,"comment_status":"open","ping_status":"closed","template":"","meta":[],"product_brand":[],"product_cat":[1756,1758],"product_tag":[2244],"acf":[],"_links":{"self":[{"href":"https:\/\/streetmarkets.fr\/app\/wp-json\/wp\/v2\/product\/2501210"}],"collection":[{"href":"https:\/\/streetmarkets.fr\/app\/wp-json\/wp\/v2\/product"}],"about":[{"href":"https:\/\/streetmarkets.fr\/app\/wp-json\/wp\/v2\/types\/product"}],"replies":[{"embeddable":true,"href":"https:\/\/streetmarkets.fr\/app\/wp-json\/wp\/v2\/comments?post=2501210"}],"wp:featuredmedia":[{"embeddable":true,"href":"https:\/\/streetmarkets.fr\/app\/wp-json\/wp\/v2\/media\/2501211"}],"wp:attachment":[{"href":"https:\/\/streetmarkets.fr\/app\/wp-json\/wp\/v2\/media?parent=2501210"}],"wp:term":[{"taxonomy":"product_brand","embeddable":true,"href":"https:\/\/streetmarkets.fr\/app\/wp-json\/wp\/v2\/product_brand?post=2501210"},{"taxonomy":"product_cat","embeddable":true,"href":"https:\/\/streetmarkets.fr\/app\/wp-json\/wp\/v2\/product_cat?post=2501210"},{"taxonomy":"product_tag","embeddable":true,"href":"https:\/\/streetmarkets.fr\/app\/wp-json\/wp\/v2\/product_tag?post=2501210"}],"curies":[{"name":"wp","href":"https:\/\/api.w.org\/{rel}","templated":true}]}}