{"id":2460013,"date":"2025-08-15T01:53:05","date_gmt":"2025-08-14T23:53:05","guid":{"rendered":"https:\/\/streetmarkets.fr\/app\/produit\/top-bleu-marine\/"},"modified":"2025-08-17T01:47:31","modified_gmt":"2025-08-16T23:47:31","slug":"top-bleu-marine","status":"publish","type":"product","link":"https:\/\/streetmarkets.fr\/app\/produit\/top-bleu-marine\/","title":{"rendered":"Top Bleu Marine"},"content":{"rendered":"<p>Top sans manche bleu marine. Coup de c\u0153ur pour la mati\u00e8re de ce d\u00e9bardeur, 96% coton biologique, c\u00f4tel\u00e9 et chic.\u00a0<\/p>\n<ul>\n<li><span style=\"text-align:justify\">Top sans manche bleu marine<\/span><\/li>\n<li><span style=\"text-align:justify\">Coupe ajust\u00e9e<\/span><\/li>\n<li><span style=\"text-align:justify\">A bretelles, col rond<\/span><\/li>\n<li><span style=\"text-align:justify\">Tissu en coton biologique c\u00f4tel\u00e9<\/span><\/li>\n<\/ul>\n<p><strong><em><\/em><\/strong><\/p>\n<p><strong><em>Composition <\/em>:<\/strong><\/p>\n<ul>\n<li>96 % coton biologique<\/li>\n<li>4 % \u00e9lasthanne<\/li>\n<\/ul>\n<p><em>Le coton biologique certifi\u00e9 GOTS contribue \u00e0 \u00e9conomiser de l\u2019eau, \u00e0 pr\u00e9server la sant\u00e9 des travailleurs ainsi que la biodiversit\u00e9, pour les g\u00e9n\u00e9rations \u00e0 venir.<\/em><em><\/em><\/p>\n<p><em><strong>Fabrication <\/strong><\/em>:<\/p>\n<ul>\n<li>Fabriqu\u00e9e dans un petit atelier familial en Espagne, \u00e0 moins de 60km de Barcelone<\/li>\n<\/ul>\n<p><em><strong>Label(s) <\/strong><\/em>:\u00a0<\/p>\n<ul>\n<li style=\"text-align:left\"><b>GOTS\u00a0<\/b>(Global Organic Textile Standard) sur tout la cha\u00eene de production, de la culture du coton aux finitions.<\/li>\n<\/ul>\n<p><em><strong><\/strong><\/em><\/p>\n<p><em><strong>Conseil taille :<\/strong><\/em> ce mod\u00e8le taille normalement. Toutefois, si vous \u00eates entre deux tailles, prenez la plus petite. La mannequin mesure 1,75m et porte une taille S.\u00a0<\/p>\n<\/p>\n<p><strong><em>Entretien <\/em><\/strong>: lavez \u00e0 30\u00b0C en machine<\/p>\n","protected":false},"excerpt":{"rendered":"<p>Top sans manche bleu marine. Coup de c\u0153ur pour la mati\u00e8re de ce d\u00e9bardeur, 96% coton biologique, c\u00f4tel\u00e9 et chic.\u00a0 Top sans manche bleu marine Coupe ajust\u00e9e A bretelles, col rond Tissu en coton biologique c\u00f4tel\u00e9 Composition : 96 % coton biologique 4 % \u00e9lasthanne Le coton biologique certifi\u00e9 GOTS contribue \u00e0 \u00e9conomiser de l\u2019eau, [&hellip;]<\/p>\n","protected":false},"featured_media":2460014,"comment_status":"open","ping_status":"closed","template":"","meta":[],"product_brand":[],"product_cat":[1756,1762],"product_tag":[1810],"acf":[],"_links":{"self":[{"href":"https:\/\/streetmarkets.fr\/app\/wp-json\/wp\/v2\/product\/2460013"}],"collection":[{"href":"https:\/\/streetmarkets.fr\/app\/wp-json\/wp\/v2\/product"}],"about":[{"href":"https:\/\/streetmarkets.fr\/app\/wp-json\/wp\/v2\/types\/product"}],"replies":[{"embeddable":true,"href":"https:\/\/streetmarkets.fr\/app\/wp-json\/wp\/v2\/comments?post=2460013"}],"wp:featuredmedia":[{"embeddable":true,"href":"https:\/\/streetmarkets.fr\/app\/wp-json\/wp\/v2\/media\/2460014"}],"wp:attachment":[{"href":"https:\/\/streetmarkets.fr\/app\/wp-json\/wp\/v2\/media?parent=2460013"}],"wp:term":[{"taxonomy":"product_brand","embeddable":true,"href":"https:\/\/streetmarkets.fr\/app\/wp-json\/wp\/v2\/product_brand?post=2460013"},{"taxonomy":"product_cat","embeddable":true,"href":"https:\/\/streetmarkets.fr\/app\/wp-json\/wp\/v2\/product_cat?post=2460013"},{"taxonomy":"product_tag","embeddable":true,"href":"https:\/\/streetmarkets.fr\/app\/wp-json\/wp\/v2\/product_tag?post=2460013"}],"curies":[{"name":"wp","href":"https:\/\/api.w.org\/{rel}","templated":true}]}}