{"id":2459887,"date":"2025-08-15T01:52:25","date_gmt":"2025-08-14T23:52:25","guid":{"rendered":"https:\/\/streetmarkets.fr\/app\/produit\/short-jean-noir\/"},"modified":"2025-08-17T01:47:20","modified_gmt":"2025-08-16T23:47:20","slug":"short-jean-noir","status":"publish","type":"product","link":"https:\/\/streetmarkets.fr\/app\/produit\/short-jean-noir\/","title":{"rendered":"Short Jean Noir"},"content":{"rendered":"<p>Short en jean 5 poches 100% coton recycl\u00e9. Le basique de l&#8217;\u00e9t\u00e9 en noir !<\/p>\n<ul>\n<li><span style=\"text-align:justify\">Coupe courte, taille mi haute<\/span><\/li>\n<li><span style=\"text-align:justify\">Fermeture \u00e9clair et bouton<\/span><\/li>\n<\/ul>\n<p><strong><em><\/em><\/strong><\/p>\n<p><strong><em>Composition<\/em>:<\/strong><\/p>\n<ul>\n<li>100% coton recycl\u00e9 certifi\u00e9 GRS\u00a0<\/li>\n<\/ul>\n<p><em>Le coton certifi\u00e9 GRS, en plus de certifier le caract\u00e8re recycl\u00e9 de la mati\u00e8re premi\u00e8re, assure des conditions de travail d\u00e9centes aux ouvriers textiles.<\/em><\/p>\n<\/p>\n<p><em><strong>Fabrication<\/strong><\/em>:<\/p>\n<ul>\n<li>Fabriqu\u00e9 \u00e9thiquement \u00e0 Saray Tekirdag en Turquie, par l&#8217;entreprise Suglobal Tekstil Konfeksiyon San.A.<\/li>\n<\/ul>\n<p><em><strong>\u00a0Label(s)<\/strong><\/em>:\u00a0<\/p>\n<ul>\n<li style=\"text-align:left\"><strong>GOTS<\/strong>\u00a0(Global Organic Textile Standard) sur tout la cha\u00eene de production, de la culture du coton aux finitions.<\/li>\n<\/ul>\n<p><em><strong>Conseil taille<\/strong><\/em>: ce mod\u00e8le taille normalement, optez pour votre taille habituelle.\u00a0<\/p>\n<p><strong><em>Entretien<\/em><\/strong>: lavez \u00e0 30\u00b0C en machine.<\/p>\n","protected":false},"excerpt":{"rendered":"<p>Short en jean 5 poches 100% coton recycl\u00e9. Le basique de l&#8217;\u00e9t\u00e9 en noir ! Coupe courte, taille mi haute Fermeture \u00e9clair et bouton Composition: 100% coton recycl\u00e9 certifi\u00e9 GRS\u00a0 Le coton certifi\u00e9 GRS, en plus de certifier le caract\u00e8re recycl\u00e9 de la mati\u00e8re premi\u00e8re, assure des conditions de travail d\u00e9centes aux ouvriers textiles. Fabrication: [&hellip;]<\/p>\n","protected":false},"featured_media":2459888,"comment_status":"open","ping_status":"closed","template":"","meta":[],"product_brand":[],"product_cat":[1756,1762],"product_tag":[1810],"acf":[],"_links":{"self":[{"href":"https:\/\/streetmarkets.fr\/app\/wp-json\/wp\/v2\/product\/2459887"}],"collection":[{"href":"https:\/\/streetmarkets.fr\/app\/wp-json\/wp\/v2\/product"}],"about":[{"href":"https:\/\/streetmarkets.fr\/app\/wp-json\/wp\/v2\/types\/product"}],"replies":[{"embeddable":true,"href":"https:\/\/streetmarkets.fr\/app\/wp-json\/wp\/v2\/comments?post=2459887"}],"wp:featuredmedia":[{"embeddable":true,"href":"https:\/\/streetmarkets.fr\/app\/wp-json\/wp\/v2\/media\/2459888"}],"wp:attachment":[{"href":"https:\/\/streetmarkets.fr\/app\/wp-json\/wp\/v2\/media?parent=2459887"}],"wp:term":[{"taxonomy":"product_brand","embeddable":true,"href":"https:\/\/streetmarkets.fr\/app\/wp-json\/wp\/v2\/product_brand?post=2459887"},{"taxonomy":"product_cat","embeddable":true,"href":"https:\/\/streetmarkets.fr\/app\/wp-json\/wp\/v2\/product_cat?post=2459887"},{"taxonomy":"product_tag","embeddable":true,"href":"https:\/\/streetmarkets.fr\/app\/wp-json\/wp\/v2\/product_tag?post=2459887"}],"curies":[{"name":"wp","href":"https:\/\/api.w.org\/{rel}","templated":true}]}}