{"id":2459838,"date":"2025-08-15T01:52:20","date_gmt":"2025-08-14T23:52:20","guid":{"rendered":"https:\/\/streetmarkets.fr\/app\/produit\/chemise-coton-bleu-clair\/"},"modified":"2025-08-17T01:47:19","modified_gmt":"2025-08-16T23:47:19","slug":"chemise-coton-bleu-clair","status":"publish","type":"product","link":"https:\/\/streetmarkets.fr\/app\/produit\/chemise-coton-bleu-clair\/","title":{"rendered":"Chemise Coton Bleu Clair"},"content":{"rendered":"<p>Superbe chemise en coton biologique bleu clair. Une pi\u00e8ce intemporelle avec une tr\u00e8s belle coupe d\u00e9contract\u00e9e et confortable.<\/p>\n<ul>\n<li><span style=\"text-align:justify\">Chemise bleue clair<\/span><\/li>\n<li><span style=\"text-align:justify\">Coupe<\/span> droite d\u00e9contract\u00e9e<\/li>\n<li>Col classique \u00e9l\u00e9gant<\/li>\n<li>Manches longues boutonn\u00e9es aux poignets<\/li>\n<li>Boutons en Corozo<\/li>\n<\/ul>\n<p><strong><em>Composition<\/em>:<\/strong><\/p>\n<ul>\n<li>100 % coton biologique certifi\u00e9 GOTS\u00a0<\/li>\n<li>Le coton biologique certifi\u00e9 GOTS contribue \u00e0 \u00e9conomiser de l\u2019eau, \u00e0 pr\u00e9server la sant\u00e9 des travailleurs ainsi que la biodiversit\u00e9, pour les g\u00e9n\u00e9rations \u00e0 venir.<\/li>\n<\/ul>\n<p><em><strong>Fabrication<\/strong><\/em>:<\/p>\n<ul>\n<li>Fabriqu\u00e9e \u00e9thiquement \u00e0 Paredes au Maroc<\/li>\n<\/ul>\n<p><em><strong>Label(s)<\/strong><\/em>:\u00a0<\/p>\n<ul>\n<li style=\"text-align:left\"><strong>GOTS<\/strong>\u00a0(Global Organic Textile Standard) sur tout la cha\u00eene de production, de la culture du coton aux finitions.<\/li>\n<li style=\"text-align:left\"><strong>PETA approved<\/strong><\/li>\n<\/ul>\n<p><em><strong>Conseil taille<\/strong><\/em>: ce mod\u00e8le taille normalement, optez pour votre taille habituelle. La mannequin mesure 1m80 et porte la taille S.\u00a0<\/p>\n<p><strong><em><\/em><\/strong><\/p>\n<p><strong><em>Entretien<\/em><\/strong>: lavez \u00e0 30\u00b0C en machine.<\/p>\n","protected":false},"excerpt":{"rendered":"<p>Superbe chemise en coton biologique bleu clair. Une pi\u00e8ce intemporelle avec une tr\u00e8s belle coupe d\u00e9contract\u00e9e et confortable. Chemise bleue clair Coupe droite d\u00e9contract\u00e9e Col classique \u00e9l\u00e9gant Manches longues boutonn\u00e9es aux poignets Boutons en Corozo Composition: 100 % coton biologique certifi\u00e9 GOTS\u00a0 Le coton biologique certifi\u00e9 GOTS contribue \u00e0 \u00e9conomiser de l\u2019eau, \u00e0 pr\u00e9server la [&hellip;]<\/p>\n","protected":false},"featured_media":2459839,"comment_status":"open","ping_status":"closed","template":"","meta":[],"product_brand":[],"product_cat":[1756,1762],"product_tag":[1810],"acf":[],"_links":{"self":[{"href":"https:\/\/streetmarkets.fr\/app\/wp-json\/wp\/v2\/product\/2459838"}],"collection":[{"href":"https:\/\/streetmarkets.fr\/app\/wp-json\/wp\/v2\/product"}],"about":[{"href":"https:\/\/streetmarkets.fr\/app\/wp-json\/wp\/v2\/types\/product"}],"replies":[{"embeddable":true,"href":"https:\/\/streetmarkets.fr\/app\/wp-json\/wp\/v2\/comments?post=2459838"}],"wp:featuredmedia":[{"embeddable":true,"href":"https:\/\/streetmarkets.fr\/app\/wp-json\/wp\/v2\/media\/2459839"}],"wp:attachment":[{"href":"https:\/\/streetmarkets.fr\/app\/wp-json\/wp\/v2\/media?parent=2459838"}],"wp:term":[{"taxonomy":"product_brand","embeddable":true,"href":"https:\/\/streetmarkets.fr\/app\/wp-json\/wp\/v2\/product_brand?post=2459838"},{"taxonomy":"product_cat","embeddable":true,"href":"https:\/\/streetmarkets.fr\/app\/wp-json\/wp\/v2\/product_cat?post=2459838"},{"taxonomy":"product_tag","embeddable":true,"href":"https:\/\/streetmarkets.fr\/app\/wp-json\/wp\/v2\/product_tag?post=2459838"}],"curies":[{"name":"wp","href":"https:\/\/api.w.org\/{rel}","templated":true}]}}