{"id":2459817,"date":"2025-08-15T01:52:17","date_gmt":"2025-08-14T23:52:17","guid":{"rendered":"https:\/\/streetmarkets.fr\/app\/produit\/bague-casilda-argent\/"},"modified":"2025-08-17T01:47:19","modified_gmt":"2025-08-16T23:47:19","slug":"bague-casilda-argent","status":"publish","type":"product","link":"https:\/\/streetmarkets.fr\/app\/produit\/bague-casilda-argent\/","title":{"rendered":"Bague Casilda Argent"},"content":{"rendered":"<p>La bague Casilda argent a une surface irr\u00e9guli\u00e8re avec des zircons sertis, comme une bague ancienne. Argent 925. Fabrication espagnole.<\/p>\n<p>La bague Casilda argent ressemble \u00e0 une relique avec sa surface irr\u00e9guli\u00e8re et les zircons sertis. Bague d&#8217;\u00e9ternit\u00e9, elle sera parfaite port\u00e9e au quotidien ou pour les grandes occasions. Trop jolie port\u00e9e en accumulation avec sa version dor\u00e9e!<\/p>\n<ul>\n<li style=\"text-align:justify\">Bague Casilda argent<\/li>\n<li style=\"border:0px;font-style:inherit;font-weight:inherit;margin:0px;padding:0px;vertical-align:baseline\">La surface est irr\u00e9guli\u00e8re<\/li>\n<li style=\"border:0px;font-style:inherit;font-weight:inherit;margin:0px;padding:0px;vertical-align:baseline\">Sertie de zircons<\/li>\n<\/ul>\n<p><strong><em>Composition<\/em>:<\/strong><\/p>\n<ul>\n<li style=\"border:0px;font-style:inherit;font-weight:inherit;margin:0px;padding:0px;vertical-align:baseline\">Argent 925<\/li>\n<li style=\"border:0px;font-style:inherit;font-weight:inherit;margin:0px;padding:0px;vertical-align:baseline\">Zircons<\/li>\n<li style=\"border:0px;font-style:inherit;font-weight:inherit;margin:0px;padding:0px;vertical-align:baseline\"><span style=\"color:#333333\">Mat\u00e9riaux r\u00e9sistants, \u00e9viter de les mettre au contact du chlore et du sel de mer<\/span><\/li>\n<\/ul>\n<p><span style=\"color:#333333\"><\/span><\/p>\n<p><strong><em><span style=\"color:#333333\">Fabrication:<\/span><\/em><\/strong><\/p>\n<ul>\n<li>Ce bijoux est fabriqu\u00e9 en Espagne, dans une usine respectant les codes de conduites \u00e9thiques et certifi\u00e9e RJC<\/li>\n<\/ul>\n<p><em><strong>Label(s)<\/strong><\/em>:\u00a0<\/p>\n<\/p>\n<p><em><strong>Taille<\/strong><\/em>:\u00a0<\/p>\n<ul>\n<li>Taille S: diam\u00e8tre 1,66 cm<\/li>\n<li style=\"border:0px;font-style:inherit;font-weight:inherit;margin:0px;padding:0px;vertical-align:baseline\">Taille M: diam\u00e8tre 1,72 cm<\/li>\n<li style=\"border:0px;font-style:inherit;font-weight:inherit;margin:0px;padding:0px;vertical-align:baseline\">Taille L: diam\u00e8tre 1,78 cm<\/li>\n<\/ul>\n","protected":false},"excerpt":{"rendered":"<p>La bague Casilda argent a une surface irr\u00e9guli\u00e8re avec des zircons sertis, comme une bague ancienne. Argent 925. Fabrication espagnole. La bague Casilda argent ressemble \u00e0 une relique avec sa surface irr\u00e9guli\u00e8re et les zircons sertis. Bague d&#8217;\u00e9ternit\u00e9, elle sera parfaite port\u00e9e au quotidien ou pour les grandes occasions. Trop jolie port\u00e9e en accumulation avec [&hellip;]<\/p>\n","protected":false},"featured_media":2459818,"comment_status":"open","ping_status":"closed","template":"","meta":[],"product_brand":[],"product_cat":[1807,1756],"product_tag":[1810],"acf":[],"_links":{"self":[{"href":"https:\/\/streetmarkets.fr\/app\/wp-json\/wp\/v2\/product\/2459817"}],"collection":[{"href":"https:\/\/streetmarkets.fr\/app\/wp-json\/wp\/v2\/product"}],"about":[{"href":"https:\/\/streetmarkets.fr\/app\/wp-json\/wp\/v2\/types\/product"}],"replies":[{"embeddable":true,"href":"https:\/\/streetmarkets.fr\/app\/wp-json\/wp\/v2\/comments?post=2459817"}],"wp:featuredmedia":[{"embeddable":true,"href":"https:\/\/streetmarkets.fr\/app\/wp-json\/wp\/v2\/media\/2459818"}],"wp:attachment":[{"href":"https:\/\/streetmarkets.fr\/app\/wp-json\/wp\/v2\/media?parent=2459817"}],"wp:term":[{"taxonomy":"product_brand","embeddable":true,"href":"https:\/\/streetmarkets.fr\/app\/wp-json\/wp\/v2\/product_brand?post=2459817"},{"taxonomy":"product_cat","embeddable":true,"href":"https:\/\/streetmarkets.fr\/app\/wp-json\/wp\/v2\/product_cat?post=2459817"},{"taxonomy":"product_tag","embeddable":true,"href":"https:\/\/streetmarkets.fr\/app\/wp-json\/wp\/v2\/product_tag?post=2459817"}],"curies":[{"name":"wp","href":"https:\/\/api.w.org\/{rel}","templated":true}]}}