{"id":2459619,"date":"2025-08-15T01:52:01","date_gmt":"2025-08-14T23:52:01","guid":{"rendered":"https:\/\/streetmarkets.fr\/app\/produit\/jean-droit-blue-base\/"},"modified":"2025-08-17T01:47:17","modified_gmt":"2025-08-16T23:47:17","slug":"jean-droit-blue-base","status":"publish","type":"product","link":"https:\/\/streetmarkets.fr\/app\/produit\/jean-droit-blue-base\/","title":{"rendered":"Jean Droit Blue Base"},"content":{"rendered":"<p>Jean droit easy blue, coupe droite, taille haute, longueur cropped. Toile souple de coton biologique GOTS. Fabrication \u00e9quitable.<\/p>\n<p>La coupe parfaite couleur <em>blue base<\/em> pour un jean confortable et supeeeer facile \u00e0 porter. Il manquait \u00e0 notre s\u00e9lection ce petit jean taille haute, coupe droite presque slim et jambes <em>cropped&#8230; <\/em>d\u00e9sormais<em>, <\/em>vous pourrez retrouver ce <em>must-have<\/em> parmi notre s\u00e9lection d&#8217;intemporels.<\/p>\n<ul>\n<li><span style=\"text-align:justify\">Jean\u00a0droit<em> blue base<\/em><\/span><\/li>\n<li><span style=\"text-align:justify\">Taille haute<\/span><span style=\"text-align:justify\"><\/span><\/li>\n<li><span style=\"text-align:justify\">Coupe droite: ajust\u00e9 \u00e0 la taille et droit sur le reste de la jambe<\/span><\/li>\n<li><span style=\"text-align:justify\">Cinq poches<\/span><\/li>\n<li><span style=\"text-align:justify\">Fermeture zipp\u00e9e et bouton<\/span><\/li>\n<li>Toile souple<\/li>\n<\/ul>\n<p><strong><em>Composition<\/em>:<\/strong><\/p>\n<ul>\n<li>99 % coton biologique certifi\u00e9 GOTS<\/li>\n<li>1 % \u00e9lasthanne<\/li>\n<li>Le coton biologique certifi\u00e9 GOTS contribue \u00e0 \u00e9conomiser de l\u2019eau, \u00e0 pr\u00e9server la sant\u00e9 des travailleurs ainsi que la biodiversit\u00e9, pour les g\u00e9n\u00e9rations \u00e0 venir.<\/li>\n<\/ul>\n<p><em><strong>Fabrication<\/strong><\/em>:<\/p>\n<ul>\n<li>Fabriqu\u00e9 \u00e9thiquement \u00e0 Ras Jebel en Tunisie, par l&#8217;entreprise Denim Authority<\/li>\n<\/ul>\n<p><em><strong>Label(s)<\/strong><\/em>:\u00a0<\/p>\n<ul>\n<li><strong>GOTS<\/strong>\u00a0(Global Organic Textile Standard) sur tout la cha\u00eene de production, de la culture du coton aux finitions.<strong><\/strong><\/li>\n<li>vegan par<strong>\u00a0PETA<br \/><\/strong><\/li>\n<\/ul>\n<p><em><strong>Conseil taille<\/strong><\/em>: ce mod\u00e8le taille normalement, optez pour votre taille habituelle. Par exemple si vous faites une taille 38 habituellement, optez ici pour du W28. Si vous \u00eates entre deux tailles, prenez la demi taille du dessus.<\/p>\n<p>Longueur de la jambe c\u00f4t\u00e9 int\u00e9rieur pour la longueur 30: 67 cm.\u00a0<br \/>Longueur de la jambe c\u00f4t\u00e9 int\u00e9rieur pour la longueur 28: 62 cm.<\/p>\n<p><strong><em><\/em><\/strong><\/p>\n<p><strong><em>Entretien<\/em><\/strong>: lavez \u00e0 30\u00b0C en machine.<\/p>\n","protected":false},"excerpt":{"rendered":"<p>Jean droit easy blue, coupe droite, taille haute, longueur cropped. Toile souple de coton biologique GOTS. Fabrication \u00e9quitable. La coupe parfaite couleur blue base pour un jean confortable et supeeeer facile \u00e0 porter. Il manquait \u00e0 notre s\u00e9lection ce petit jean taille haute, coupe droite presque slim et jambes cropped&#8230; d\u00e9sormais, vous pourrez retrouver ce [&hellip;]<\/p>\n","protected":false},"featured_media":2459620,"comment_status":"open","ping_status":"closed","template":"","meta":[],"product_brand":[],"product_cat":[1756,1762],"product_tag":[1810],"acf":[],"_links":{"self":[{"href":"https:\/\/streetmarkets.fr\/app\/wp-json\/wp\/v2\/product\/2459619"}],"collection":[{"href":"https:\/\/streetmarkets.fr\/app\/wp-json\/wp\/v2\/product"}],"about":[{"href":"https:\/\/streetmarkets.fr\/app\/wp-json\/wp\/v2\/types\/product"}],"replies":[{"embeddable":true,"href":"https:\/\/streetmarkets.fr\/app\/wp-json\/wp\/v2\/comments?post=2459619"}],"wp:featuredmedia":[{"embeddable":true,"href":"https:\/\/streetmarkets.fr\/app\/wp-json\/wp\/v2\/media\/2459620"}],"wp:attachment":[{"href":"https:\/\/streetmarkets.fr\/app\/wp-json\/wp\/v2\/media?parent=2459619"}],"wp:term":[{"taxonomy":"product_brand","embeddable":true,"href":"https:\/\/streetmarkets.fr\/app\/wp-json\/wp\/v2\/product_brand?post=2459619"},{"taxonomy":"product_cat","embeddable":true,"href":"https:\/\/streetmarkets.fr\/app\/wp-json\/wp\/v2\/product_cat?post=2459619"},{"taxonomy":"product_tag","embeddable":true,"href":"https:\/\/streetmarkets.fr\/app\/wp-json\/wp\/v2\/product_tag?post=2459619"}],"curies":[{"name":"wp","href":"https:\/\/api.w.org\/{rel}","templated":true}]}}