{"id":2459588,"date":"2025-08-15T01:51:55","date_gmt":"2025-08-14T23:51:55","guid":{"rendered":"https:\/\/streetmarkets.fr\/app\/produit\/coffret-chaussettes-petit-coeur-noir-dore-2\/"},"modified":"2025-08-17T01:47:16","modified_gmt":"2025-08-16T23:47:16","slug":"coffret-chaussettes-petit-coeur-noir-dore-2","status":"publish","type":"product","link":"https:\/\/streetmarkets.fr\/app\/produit\/coffret-chaussettes-petit-coeur-noir-dore-2\/","title":{"rendered":"Coffret Chaussettes Petit C\u0153ur Noir Dor\u00e9"},"content":{"rendered":"<p>Coffret de trois chaussettes avec motif c\u0153urs et unies. Tons noirs et dor\u00e9s.<\/p>\n<p>Coffret de trois chaussettes avec motif petits c\u0153urs et unies dans des tons noirs et dor\u00e9s. Qui a dit qu&#8217;il fallait cacher ses chaussettes ?<\/p>\n<ul>\n<li>Pack de trois chaussettes:<\/li>\n<li>1 paire petit c\u0153ur noir et dor\u00e9<\/li>\n<li>1 paire anthracite paillet\u00e9<\/li>\n<li>1 paire champagne paillet\u00e9<\/li>\n<\/ul>\n<p><em><strong>Composition :<\/strong><\/em><\/p>\n<ul>\n<li>chaussettes paillettes:\u00a041 % polyester, 27 % acrylique, 18 % polyamide, 6% laine, 5 % fibres glitters, 3 % \u00e9lasthanne<\/li>\n<li>chaussettes coeur: 70% coton biologique, 22% polyester, 5% fibres glitters, 3% \u00e9lasthanne<\/li>\n<\/ul>\n<p><em><strong>Fabrication :\u00a0<\/strong><\/em>Fabriqu\u00e9es en Chine dans un atelier audit\u00e9<\/p>\n<p><em><strong>Entretien :<\/strong><\/em> Premier lavage \u00e0 la main, puis \u00e0 30\u00b0 au maximum<\/p>\n","protected":false},"excerpt":{"rendered":"<p>Coffret de trois chaussettes avec motif c\u0153urs et unies. Tons noirs et dor\u00e9s. Coffret de trois chaussettes avec motif petits c\u0153urs et unies dans des tons noirs et dor\u00e9s. Qui a dit qu&#8217;il fallait cacher ses chaussettes ? Pack de trois chaussettes: 1 paire petit c\u0153ur noir et dor\u00e9 1 paire anthracite paillet\u00e9 1 paire [&hellip;]<\/p>\n","protected":false},"featured_media":2459589,"comment_status":"open","ping_status":"closed","template":"","meta":[],"product_brand":[],"product_cat":[1756,1764],"product_tag":[1810],"acf":[],"_links":{"self":[{"href":"https:\/\/streetmarkets.fr\/app\/wp-json\/wp\/v2\/product\/2459588"}],"collection":[{"href":"https:\/\/streetmarkets.fr\/app\/wp-json\/wp\/v2\/product"}],"about":[{"href":"https:\/\/streetmarkets.fr\/app\/wp-json\/wp\/v2\/types\/product"}],"replies":[{"embeddable":true,"href":"https:\/\/streetmarkets.fr\/app\/wp-json\/wp\/v2\/comments?post=2459588"}],"wp:featuredmedia":[{"embeddable":true,"href":"https:\/\/streetmarkets.fr\/app\/wp-json\/wp\/v2\/media\/2459589"}],"wp:attachment":[{"href":"https:\/\/streetmarkets.fr\/app\/wp-json\/wp\/v2\/media?parent=2459588"}],"wp:term":[{"taxonomy":"product_brand","embeddable":true,"href":"https:\/\/streetmarkets.fr\/app\/wp-json\/wp\/v2\/product_brand?post=2459588"},{"taxonomy":"product_cat","embeddable":true,"href":"https:\/\/streetmarkets.fr\/app\/wp-json\/wp\/v2\/product_cat?post=2459588"},{"taxonomy":"product_tag","embeddable":true,"href":"https:\/\/streetmarkets.fr\/app\/wp-json\/wp\/v2\/product_tag?post=2459588"}],"curies":[{"name":"wp","href":"https:\/\/api.w.org\/{rel}","templated":true}]}}