{"id":2459508,"date":"2025-08-15T01:51:20","date_gmt":"2025-08-14T23:51:20","guid":{"rendered":"https:\/\/streetmarkets.fr\/app\/produit\/pull-rayures-laine-coton\/"},"modified":"2025-08-17T01:46:47","modified_gmt":"2025-08-16T23:46:47","slug":"pull-rayures-laine-coton","status":"publish","type":"product","link":"https:\/\/streetmarkets.fr\/app\/produit\/pull-rayures-laine-coton\/","title":{"rendered":"Pull Rayures Laine Coton"},"content":{"rendered":"<p>Ce tr\u00e8s beau pull graphique en laine et coton biologique est id\u00e9ale pour apporter une touche forte sur une tenue simple. C&#8217;est \u00e9galement un pull dans lequel on a envie de se blottir gr\u00e2ce \u00e0 la chaleur qu&#8217;il procure!<\/p>\n<ul>\n<li><span style=\"text-align:justify\">Pull loose graphique \u00e0 rayures noir et \u00e9cru<\/span><\/li>\n<li><span style=\"text-align:justify\">Coupe <\/span>oversize<\/li>\n<li>Encolure ronde<\/li>\n<li>Manches longues<\/li>\n<\/ul>\n<p><strong><em>Composition<\/em>:<\/strong><\/p>\n<ul>\n<li>74 % coton biologique<\/li>\n<li>26 % laine biologique<\/li>\n<\/ul>\n<p><em>Le coton et la laine biologique certifi\u00e9.e.s GOTS contribuent \u00e0 \u00e9conomiser de l\u2019eau, \u00e0 pr\u00e9server la sant\u00e9 des travailleurs ainsi que la biodiversit\u00e9, pour les g\u00e9n\u00e9rations \u00e0 venir.<\/em><\/p>\n<\/p>\n<p><em><strong>Fabrication<\/strong><\/em>:<\/p>\n<ul>\n<li>Fabriqu\u00e9 \u00e9thiquement en Turquie \u00e0 Istambul, par l&#8217;entreprise \u00d6zcelik \u00d6rme San. Ve Tic. A.S. <span style=\"font-family:'Inconsolata Regular', sans-serif;font-size:14.9592px;background-color:#ffffff\"><\/span><\/li>\n<\/ul>\n<p><em><strong>Label(s)<\/strong><\/em>:\u00a0<\/p>\n<ul>\n<li style=\"text-align:left\"><strong>GOTS<\/strong> (Global Organic Textile Standard) sur tout la cha\u00eene de production, de la culture du coton aux finitions.<\/li>\n<\/ul>\n<p><em><strong>Conseil taille<\/strong><\/em>: ce mod\u00e8le taille normalement, prenez votre taille habituelle. Pour un effet moins loose, vous pouvez prendre une taille en dessous. La mannequin mesure 1m78 et porte la taille S.<\/p>\n<p><strong><em>Entretien<\/em><\/strong>: lavez \u00e0 la main. G\u00e9n\u00e9ralement il suffit d&#8217;a\u00e9rer la laine \ud83d\ude42<\/p>\n<p><em><strong>Disponibilit\u00e9<\/strong>:<\/em> retrouvez ce pull dans notre boutique de Paris !<\/p>\n","protected":false},"excerpt":{"rendered":"<p>Ce tr\u00e8s beau pull graphique en laine et coton biologique est id\u00e9ale pour apporter une touche forte sur une tenue simple. C&#8217;est \u00e9galement un pull dans lequel on a envie de se blottir gr\u00e2ce \u00e0 la chaleur qu&#8217;il procure! Pull loose graphique \u00e0 rayures noir et \u00e9cru Coupe oversize Encolure ronde Manches longues Composition: 74 [&hellip;]<\/p>\n","protected":false},"featured_media":2459509,"comment_status":"open","ping_status":"closed","template":"","meta":[],"product_brand":[],"product_cat":[1756,1762],"product_tag":[1810],"acf":[],"_links":{"self":[{"href":"https:\/\/streetmarkets.fr\/app\/wp-json\/wp\/v2\/product\/2459508"}],"collection":[{"href":"https:\/\/streetmarkets.fr\/app\/wp-json\/wp\/v2\/product"}],"about":[{"href":"https:\/\/streetmarkets.fr\/app\/wp-json\/wp\/v2\/types\/product"}],"replies":[{"embeddable":true,"href":"https:\/\/streetmarkets.fr\/app\/wp-json\/wp\/v2\/comments?post=2459508"}],"wp:featuredmedia":[{"embeddable":true,"href":"https:\/\/streetmarkets.fr\/app\/wp-json\/wp\/v2\/media\/2459509"}],"wp:attachment":[{"href":"https:\/\/streetmarkets.fr\/app\/wp-json\/wp\/v2\/media?parent=2459508"}],"wp:term":[{"taxonomy":"product_brand","embeddable":true,"href":"https:\/\/streetmarkets.fr\/app\/wp-json\/wp\/v2\/product_brand?post=2459508"},{"taxonomy":"product_cat","embeddable":true,"href":"https:\/\/streetmarkets.fr\/app\/wp-json\/wp\/v2\/product_cat?post=2459508"},{"taxonomy":"product_tag","embeddable":true,"href":"https:\/\/streetmarkets.fr\/app\/wp-json\/wp\/v2\/product_tag?post=2459508"}],"curies":[{"name":"wp","href":"https:\/\/api.w.org\/{rel}","templated":true}]}}