{"id":2459461,"date":"2025-08-15T01:51:16","date_gmt":"2025-08-14T23:51:16","guid":{"rendered":"https:\/\/streetmarkets.fr\/app\/produit\/parka-noire-impermeable\/"},"modified":"2025-08-17T01:46:47","modified_gmt":"2025-08-16T23:46:47","slug":"parka-noire-impermeable","status":"publish","type":"product","link":"https:\/\/streetmarkets.fr\/app\/produit\/parka-noire-impermeable\/","title":{"rendered":"Parka Noire Imperm\u00e9able"},"content":{"rendered":"<p>Parka noire en polyester recycl\u00e9 GRS. Imperm\u00e9able, coupe-vent, chaude et respirante. Nombreuses poches.<\/p>\n<p>Superbe parka noire en polyester recycl\u00e9 GRS. Cette parka est imperm\u00e9able, respirante, coupe-vent et chaude. Ultra pratique avec toutes ses poches (6!), ce manteau vous accompagnera tout l&#8217;hiver pour vous prot\u00e9ger de la m\u00e9t\u00e9o froide!<\/p>\n<ul>\n<li style=\"border:0px;font-style:inherit;font-weight:inherit;margin:0px;padding:0px;vertical-align:baseline\">Parka noire<\/li>\n<li style=\"border:0px;font-style:inherit;font-weight:inherit;margin:0px;padding:0px;vertical-align:baseline\">Coupe droite<\/li>\n<li style=\"border:0px;font-style:inherit;font-weight:inherit;margin:0px;padding:0px;vertical-align:baseline\">Double capuche<\/li>\n<li style=\"border:0px;font-style:inherit;font-weight:inherit;margin:0px;padding:0px;vertical-align:baseline\">Col montant<\/li>\n<li style=\"border:0px;font-style:inherit;font-weight:inherit;margin:0px;padding:0px;vertical-align:baseline\">6 poches: 3 int\u00e9rieures, 3 ext\u00e9rieures<\/li>\n<li style=\"border:0px;font-style:inherit;font-weight:inherit;margin:0px;padding:0px;vertical-align:baseline\">Fermeture par zip et pressions<\/li>\n<li style=\"border:0px;font-style:inherit;font-weight:inherit;margin:0px;padding:0px;vertical-align:baseline\">Imperm\u00e9able (5.000 mm), coupe-vent, respirante (5000\/gr\/m2 24h)\u00a0et chaude.<\/li>\n<\/ul>\n<p><span style=\"text-align:justify\"><\/span><\/p>\n<p><strong><em>Composition<\/em>:<\/strong><\/p>\n<ul>\n<li style=\"border:0px;font-style:inherit;font-weight:inherit;margin:0px;padding:0px;vertical-align:baseline\">Ext\u00e9rieur: 45 % polyester recycl\u00e9, 44% polyester, 11% viscose<\/li>\n<li style=\"border:0px;font-style:inherit;font-weight:inherit;margin:0px;padding:0px;vertical-align:baseline\">Doublure: 100 % nylon recycl\u00e9<\/li>\n<li style=\"border:0px;font-style:inherit;font-weight:inherit;margin:0px;padding:0px;vertical-align:baseline\">Matelassage: 100 % polyester recycl\u00e9 GRS<\/li>\n<\/ul>\n<p><em><strong>Fabrication<\/strong><\/em>:<\/p>\n<ul>\n<li>Fabriqu\u00e9e \u00e9thiquement en Chine<\/li>\n<\/ul>\n<p><em><strong>Label(s)<\/strong><\/em>:\u00a0<\/p>\n<ul>\n<li style=\"text-align:left\"><strong>GRS<\/strong>\u00a0(Global Recycled Standard), norme comprenant des crit\u00e8res \u00e9cologiques et sociaux sur toutes les \u00e9tapes de la production, de la fibre au v\u00eatement fini. Ce label certifie \u00e9galement que le v\u00eatement doit \u00eatre compos\u00e9 au moins \u00e0 50% de fibres recycl\u00e9es.<\/li>\n<li style=\"text-align:left\"><strong>Vegan<\/strong> par PETA<\/li>\n<\/ul>\n<p><em><strong>Conseil taille<\/strong><\/em>: ce mod\u00e8le taille normalement, prenez votre taille habituelle.<\/p>\n<p><strong><em>Entretien<\/em><\/strong>: lavez \u00e0 30\u00b0C en machine.<\/p>\n","protected":false},"excerpt":{"rendered":"<p>Parka noire en polyester recycl\u00e9 GRS. Imperm\u00e9able, coupe-vent, chaude et respirante. Nombreuses poches. Superbe parka noire en polyester recycl\u00e9 GRS. Cette parka est imperm\u00e9able, respirante, coupe-vent et chaude. Ultra pratique avec toutes ses poches (6!), ce manteau vous accompagnera tout l&#8217;hiver pour vous prot\u00e9ger de la m\u00e9t\u00e9o froide! Parka noire Coupe droite Double capuche Col [&hellip;]<\/p>\n","protected":false},"featured_media":2459462,"comment_status":"open","ping_status":"closed","template":"","meta":[],"product_brand":[],"product_cat":[1756,1762],"product_tag":[1810],"acf":[],"_links":{"self":[{"href":"https:\/\/streetmarkets.fr\/app\/wp-json\/wp\/v2\/product\/2459461"}],"collection":[{"href":"https:\/\/streetmarkets.fr\/app\/wp-json\/wp\/v2\/product"}],"about":[{"href":"https:\/\/streetmarkets.fr\/app\/wp-json\/wp\/v2\/types\/product"}],"replies":[{"embeddable":true,"href":"https:\/\/streetmarkets.fr\/app\/wp-json\/wp\/v2\/comments?post=2459461"}],"wp:featuredmedia":[{"embeddable":true,"href":"https:\/\/streetmarkets.fr\/app\/wp-json\/wp\/v2\/media\/2459462"}],"wp:attachment":[{"href":"https:\/\/streetmarkets.fr\/app\/wp-json\/wp\/v2\/media?parent=2459461"}],"wp:term":[{"taxonomy":"product_brand","embeddable":true,"href":"https:\/\/streetmarkets.fr\/app\/wp-json\/wp\/v2\/product_brand?post=2459461"},{"taxonomy":"product_cat","embeddable":true,"href":"https:\/\/streetmarkets.fr\/app\/wp-json\/wp\/v2\/product_cat?post=2459461"},{"taxonomy":"product_tag","embeddable":true,"href":"https:\/\/streetmarkets.fr\/app\/wp-json\/wp\/v2\/product_tag?post=2459461"}],"curies":[{"name":"wp","href":"https:\/\/api.w.org\/{rel}","templated":true}]}}