{"id":2459330,"date":"2025-08-15T01:51:06","date_gmt":"2025-08-14T23:51:06","guid":{"rendered":"https:\/\/streetmarkets.fr\/app\/produit\/bottines-talie-cuir-et-suede-noir\/"},"modified":"2025-08-17T01:46:45","modified_gmt":"2025-08-16T23:46:45","slug":"bottines-talie-cuir-et-suede-noir","status":"publish","type":"product","link":"https:\/\/streetmarkets.fr\/app\/produit\/bottines-talie-cuir-et-suede-noir\/","title":{"rendered":"Bottines Talie Cuir et Su\u00e8de Noir"},"content":{"rendered":"<p>Bottines Talie en su\u00e8de et cuir noir. Bottines montantes citadine et rock. Aussi faciles \u00e0 porter que confortables. Fabriqu\u00e9es au Portugal.<\/p>\n<p>Les bottines Talie ont un style citadin et rock agr\u00e9ment\u00e9 d&#8217;une petite touche de montagne. Le d\u00e9tail qu&#8217;on aime ? Le lacet qui vient sur les c\u00f4t\u00e9s du pied. Le m\u00e9lange du cuir noir et de la su\u00e8de offre un joli contraste avec les \u0153illets dor\u00e9s. C&#8217;est un mod\u00e8le qui sera tr\u00e8s cool avec un pantalon ou un jean retrouss\u00e9, mais \u00e9galement avec une jupe \u2b50<\/p>\n<ul>\n<li>Bottines Talie en cuir et su\u00e8de noir<\/li>\n<li style=\"border:0px;font-style:inherit;font-weight:inherit;margin:0px;padding:0px;vertical-align:baseline\">Lacets \u00e0 crochets<\/li>\n<li style=\"border:0px;font-style:inherit;font-weight:inherit;margin:0px;padding:0px;vertical-align:baseline\">Hauteur de talon parfaite: 4,5 cm. Id\u00e9al au quotidien!<\/li>\n<\/ul>\n<p><strong><em>Composition<\/em><\/strong>:\u00a0<\/p>\n<ul>\n<li style=\"border:0px;font-style:inherit;font-weight:inherit;margin:0px;padding:0px;vertical-align:baseline\">Su\u00e8de et cuir d&#8217;Espagne<\/li>\n<li style=\"border:0px;font-style:inherit;font-weight:inherit;margin:0px;padding:0px;vertical-align:baseline\">Doublure en cuir de ch\u00e8vre<\/li>\n<li style=\"border:0px;font-style:inherit;font-weight:inherit;margin:0px;padding:0px;vertical-align:baseline\">Semelle int\u00e9rieure en cuir de ch\u00e8vre<\/li>\n<li style=\"border:0px;font-style:inherit;font-weight:inherit;margin:0px;padding:0px;vertical-align:baseline\">Semelle ext\u00e9rieure en TR<\/li>\n<li style=\"border:0px;font-style:inherit;font-weight:inherit;margin:0px;padding:0px;vertical-align:baseline\">Construction soud\u00e9e<\/li>\n<\/ul>\n<p><em><strong>Fabrication:<\/strong><\/em><\/p>\n<ul>\n<li>Dessin\u00e9es \u00e0 Paris<\/li>\n<li>Fabriqu\u00e9es au Portugal<\/li>\n<\/ul>\n<p><strong><em>Conseil taille<\/em><\/strong>: ce mod\u00e8le taille normalement, vous pouvez prendre votre taille habituelle. Si vous avez un doute sur la pointure, contactez-nous \u00e0 juliette@coco-friendly.com.<\/p>\n<\/p>\n<p><strong><em>Entretien<\/em><\/strong>: Imperm\u00e9abiliser les chaussures avant la premi\u00e8re utilisation pour les prot\u00e9ger de la pluie et des t\u00e2ches. Renouveler cette op\u00e9ration r\u00e9guli\u00e8rement au cours de la saison. Si une t\u00e2che s&#8217;invite, frotter la \u00e0 l&#8217;aide d&#8217;un tissu mouill\u00e9 d&#8217;eau puis s\u00e9cher avec un tissu sec. Vous pouvez cirer vos chaussures pour redonner de l&#8217;\u00e9clat au cuir.<\/p>\n","protected":false},"excerpt":{"rendered":"<p>Bottines Talie en su\u00e8de et cuir noir. Bottines montantes citadine et rock. Aussi faciles \u00e0 porter que confortables. Fabriqu\u00e9es au Portugal. Les bottines Talie ont un style citadin et rock agr\u00e9ment\u00e9 d&#8217;une petite touche de montagne. Le d\u00e9tail qu&#8217;on aime ? Le lacet qui vient sur les c\u00f4t\u00e9s du pied. Le m\u00e9lange du cuir noir [&hellip;]<\/p>\n","protected":false},"featured_media":2459331,"comment_status":"open","ping_status":"closed","template":"","meta":[],"product_brand":[],"product_cat":[1756,1763],"product_tag":[1810],"acf":[],"_links":{"self":[{"href":"https:\/\/streetmarkets.fr\/app\/wp-json\/wp\/v2\/product\/2459330"}],"collection":[{"href":"https:\/\/streetmarkets.fr\/app\/wp-json\/wp\/v2\/product"}],"about":[{"href":"https:\/\/streetmarkets.fr\/app\/wp-json\/wp\/v2\/types\/product"}],"replies":[{"embeddable":true,"href":"https:\/\/streetmarkets.fr\/app\/wp-json\/wp\/v2\/comments?post=2459330"}],"wp:featuredmedia":[{"embeddable":true,"href":"https:\/\/streetmarkets.fr\/app\/wp-json\/wp\/v2\/media\/2459331"}],"wp:attachment":[{"href":"https:\/\/streetmarkets.fr\/app\/wp-json\/wp\/v2\/media?parent=2459330"}],"wp:term":[{"taxonomy":"product_brand","embeddable":true,"href":"https:\/\/streetmarkets.fr\/app\/wp-json\/wp\/v2\/product_brand?post=2459330"},{"taxonomy":"product_cat","embeddable":true,"href":"https:\/\/streetmarkets.fr\/app\/wp-json\/wp\/v2\/product_cat?post=2459330"},{"taxonomy":"product_tag","embeddable":true,"href":"https:\/\/streetmarkets.fr\/app\/wp-json\/wp\/v2\/product_tag?post=2459330"}],"curies":[{"name":"wp","href":"https:\/\/api.w.org\/{rel}","templated":true}]}}