{"id":2459150,"date":"2025-08-15T01:50:15","date_gmt":"2025-08-14T23:50:15","guid":{"rendered":"https:\/\/streetmarkets.fr\/app\/produit\/jean-droit-ecru-coeur\/"},"modified":"2025-08-17T01:46:18","modified_gmt":"2025-08-16T23:46:18","slug":"jean-droit-ecru-coeur","status":"publish","type":"product","link":"https:\/\/streetmarkets.fr\/app\/produit\/jean-droit-ecru-coeur\/","title":{"rendered":"Jean Droit Ecru Coeur"},"content":{"rendered":"<p>Jean droit \u00e9cru. Coupe droite, longueur 73 cm, taille mi-haute. Toile italienne en coton biologique GOTS et strech. Fabriqu\u00e9 au Portugal.<\/p>\n<p>Sur ce jean on aime tout: la coupe droite intemporelle, la couleur \u00e9cru et les surpiqures contrastantes et surtout les d\u00e9tails comme la poche dos surpiqu\u00e9es d&#8217;un c\u0153ur et les boutons c\u0153urs en guise de fermeture. Ce jean existe dans d&#8217;autres couleurs.<\/p>\n<ul>\n<li><span style=\"text-align:justify\">Jean droit \u00e9cru<\/span><\/li>\n<li><span style=\"text-align:justify\">Coupe droite intemporelle<\/span><\/li>\n<li><span style=\"text-align:justify\">Boutonnage sous le nombril<\/span><\/li>\n<li><span style=\"text-align:justify\">Jambe droite<\/span><\/li>\n<li><span style=\"text-align:justify\">Longueur 73 cm<\/span><\/li>\n<li style=\"text-align:justify\">Toile souple<\/li>\n<\/ul>\n<p><strong><em>Composition<\/em>:<\/strong><\/p>\n<ul>\n<li>98% coton biologique certifi\u00e9 GOTS<\/li>\n<li>2% \u00e9lasthanne<\/li>\n<li>Le coton biologique certifi\u00e9 GOTS contribue \u00e0 \u00e9conomiser de l\u2019eau, \u00e0 pr\u00e9server la sant\u00e9 des travailleurs ainsi que la biodiversit\u00e9, pour les g\u00e9n\u00e9rations \u00e0 venir.<\/li>\n<\/ul>\n<p><em><strong>Fabrication<\/strong><\/em>:<\/p>\n<ul>\n<li>Fabriqu\u00e9 \u00e9thiquement au Portugal dans l&#8217;atelier Lisama. La toile vient de l&#8217;entreprise Candiani en Italie.<\/li>\n<\/ul>\n<p><em><strong>Label(s)<\/strong><\/em>:\u00a0<\/p>\n<ul>\n<li style=\"text-align:left\"><strong>GOTS<\/strong>\u00a0(Global Organic Textile Standard) sur tout la cha\u00eene de production, de la culture du coton aux finitions.<\/li>\n<\/ul>\n<p><em><strong>Conseil taille<\/strong><\/em>: ce mod\u00e8le taille normalement, prenez votre taille habituelle. Pour un effet un peu plus loose, prenez la taille au dessus.<\/p>\n<\/p>\n<p><strong><em>Entretien<\/em><\/strong>: lavez \u00e0 30\u00b0C en machine en d\u00e9licat, sur l&#8217;envers. Le moins souvent possible. A\u00e9rez juste votre jean, souvent sa suffit.<\/p>\n","protected":false},"excerpt":{"rendered":"<p>Jean droit \u00e9cru. Coupe droite, longueur 73 cm, taille mi-haute. Toile italienne en coton biologique GOTS et strech. Fabriqu\u00e9 au Portugal. Sur ce jean on aime tout: la coupe droite intemporelle, la couleur \u00e9cru et les surpiqures contrastantes et surtout les d\u00e9tails comme la poche dos surpiqu\u00e9es d&#8217;un c\u0153ur et les boutons c\u0153urs en guise [&hellip;]<\/p>\n","protected":false},"featured_media":2459151,"comment_status":"open","ping_status":"closed","template":"","meta":[],"product_brand":[],"product_cat":[1756,1762],"product_tag":[1810],"acf":[],"_links":{"self":[{"href":"https:\/\/streetmarkets.fr\/app\/wp-json\/wp\/v2\/product\/2459150"}],"collection":[{"href":"https:\/\/streetmarkets.fr\/app\/wp-json\/wp\/v2\/product"}],"about":[{"href":"https:\/\/streetmarkets.fr\/app\/wp-json\/wp\/v2\/types\/product"}],"replies":[{"embeddable":true,"href":"https:\/\/streetmarkets.fr\/app\/wp-json\/wp\/v2\/comments?post=2459150"}],"wp:featuredmedia":[{"embeddable":true,"href":"https:\/\/streetmarkets.fr\/app\/wp-json\/wp\/v2\/media\/2459151"}],"wp:attachment":[{"href":"https:\/\/streetmarkets.fr\/app\/wp-json\/wp\/v2\/media?parent=2459150"}],"wp:term":[{"taxonomy":"product_brand","embeddable":true,"href":"https:\/\/streetmarkets.fr\/app\/wp-json\/wp\/v2\/product_brand?post=2459150"},{"taxonomy":"product_cat","embeddable":true,"href":"https:\/\/streetmarkets.fr\/app\/wp-json\/wp\/v2\/product_cat?post=2459150"},{"taxonomy":"product_tag","embeddable":true,"href":"https:\/\/streetmarkets.fr\/app\/wp-json\/wp\/v2\/product_tag?post=2459150"}],"curies":[{"name":"wp","href":"https:\/\/api.w.org\/{rel}","templated":true}]}}