{"id":2459016,"date":"2025-08-15T01:50:01","date_gmt":"2025-08-14T23:50:01","guid":{"rendered":"https:\/\/streetmarkets.fr\/app\/produit\/mom-bleu-heritage\/"},"modified":"2025-08-17T01:46:17","modified_gmt":"2025-08-16T23:46:17","slug":"mom-bleu-heritage","status":"publish","type":"product","link":"https:\/\/streetmarkets.fr\/app\/produit\/mom-bleu-heritage\/","title":{"rendered":"Mom Bleu H\u00e9ritage"},"content":{"rendered":"<p>Le classique jean mom, dont la fabrication, la composition et la coupe en font un Best-Seller et Coup de C\u0153ur Coco Friendly !<\/p>\n<p>En toile <strong>100% coton recycl\u00e9<\/strong> et aux proc\u00e9d\u00e9s de fabrication \u00e9co-responsables, il est aujourd&#8217;hui l&#8217;un des jeans avec le plus faible impact sur l&#8217;environnement. Rien que l&#8217;\u00e9tape du d\u00e9lavage a permis d&#8217;\u00e9conomiser 85% d&#8217;eau par rapport \u00e0 un jean conventionnel.<\/p>\n<p>Ce jean a \u00e9t\u00e9 con\u00e7u pour la durabilit\u00e9 et le confort, dans un style &#8221;mom&#8221; f\u00e9minin qui rappelle les ann\u00e9es 80. Sa coupe a \u00e9t\u00e9 soigneusement pens\u00e9e pour faire des formes flatteuses au niveau des fesses.<\/p>\n<ul>\n<li><span style=\"text-align:justify\">Jean\u00a0<em>mom<\/em>\u00a0bleu clair<\/span><\/li>\n<li><span style=\"text-align:justify\">Taille haute<\/span><span style=\"text-align:justify\"><\/span><\/li>\n<li><span style=\"text-align:justify\">Coupe\u00a0<em>mom<\/em>: ajust\u00e9 \u00e0 la taille, d\u00e9tendu sur la cuisse et l\u00e9g\u00e8rement fusel\u00e9 sur le bas de la jambe<\/span><\/li>\n<li style=\"border:0px;font-style:inherit;font-weight:inherit;margin:0px;padding:0px;vertical-align:baseline\">Le patch \u00e0 l\u2019arri\u00e8re du jean est principalement compos\u00e9 de d\u00e9chets de ma\u00efs, ce qui rend ce jean 100% vegan<\/li>\n<li><span style=\"text-align:justify\">Cinq poches<\/span><\/li>\n<li><span style=\"text-align:justify\">Fermeture zipp\u00e9e<\/span><\/li>\n<\/ul>\n<p><strong><em>Composition<\/em>:<\/strong><\/p>\n<ul>\n<li>100 % coton recycl\u00e9<\/li>\n<li>L&#8217;utilisation de coton recycl\u00e9 permet d&#8217;\u00e9conomiser l&#8217;\u00e9nergie et les ressources n\u00e9cessaires \u00e0 la fabrication de coton &#8220;neuf&#8221;.<\/li>\n<\/ul>\n<p><em><strong>Fabrication<\/strong><\/em>:<\/p>\n<ul>\n<li>Fabriqu\u00e9\u00a0\u00e9thiquement en Turquie, toute la fabrication est issue de la m\u00eame usine : Sarp Jeans<\/li>\n<li>Sarp est une usine haut-de-gamme, et reconnue pour ses pratiques \u00e9thiques et sociales labellis\u00e9es. Elle emploie notamment des personnes en r\u00e9insertion.<\/li>\n<li>Le tissu est fabriqu\u00e9 par l&#8217;entreprise Bossa.<a href=\"https:\/\/www.petafrance.com\/\" style=\"color:#333333\"><\/a><\/li>\n<\/ul>\n<p><em><strong>Label(s)<\/strong><\/em>:\u00a0<\/p>\n<ul>\n<li><b>GRS\u00a0<\/b>(Global Recycled Standard), norme comprenant des crit\u00e8res \u00e9cologiques et sociaux sur toutes les \u00e9tapes de la production, de la fibre au v\u00eatement fini. Ce label certifie \u00e9galement que le v\u00eatement doit \u00eatre compos\u00e9 au moins \u00e0 50% de fibres recycl\u00e9es.<\/li>\n<li>Vegan certifi\u00e9 <strong><a href=\"https:\/\/www.petafrance.com\/\" style=\"color:#333333\">PETA<\/a><\/strong><\/li>\n<\/ul>\n<p><em><strong>Conseil taille<\/strong><\/em>: ce mod\u00e8le taille normalement, optez pour votre taille habituelle. Par exemple si vous faites une taille 38 habituellement, optez ici pour du W28. La mannequin mesure 1m76 et porte la taille W27L32.\u00a0<\/p>\n<p>Sur ce mod\u00e8le, la longueur L30 est id\u00e9ale pour avoir cet effet\u00a0<em>crop<\/em>\u00a0aux chevilles, pour les filles jusqu&#8217;\u00e0 1m75.<\/p>\n<p><strong><em><\/em><\/strong><\/p>\n<p><strong><em>Entretien<\/em><\/strong>: lavez \u00e0 30\u00b0C en machine.<\/p>\n","protected":false},"excerpt":{"rendered":"<p>Le classique jean mom, dont la fabrication, la composition et la coupe en font un Best-Seller et Coup de C\u0153ur Coco Friendly ! En toile 100% coton recycl\u00e9 et aux proc\u00e9d\u00e9s de fabrication \u00e9co-responsables, il est aujourd&#8217;hui l&#8217;un des jeans avec le plus faible impact sur l&#8217;environnement. Rien que l&#8217;\u00e9tape du d\u00e9lavage a permis d&#8217;\u00e9conomiser [&hellip;]<\/p>\n","protected":false},"featured_media":2459017,"comment_status":"open","ping_status":"closed","template":"","meta":[],"product_brand":[],"product_cat":[1756,1762],"product_tag":[1810],"acf":[],"_links":{"self":[{"href":"https:\/\/streetmarkets.fr\/app\/wp-json\/wp\/v2\/product\/2459016"}],"collection":[{"href":"https:\/\/streetmarkets.fr\/app\/wp-json\/wp\/v2\/product"}],"about":[{"href":"https:\/\/streetmarkets.fr\/app\/wp-json\/wp\/v2\/types\/product"}],"replies":[{"embeddable":true,"href":"https:\/\/streetmarkets.fr\/app\/wp-json\/wp\/v2\/comments?post=2459016"}],"wp:featuredmedia":[{"embeddable":true,"href":"https:\/\/streetmarkets.fr\/app\/wp-json\/wp\/v2\/media\/2459017"}],"wp:attachment":[{"href":"https:\/\/streetmarkets.fr\/app\/wp-json\/wp\/v2\/media?parent=2459016"}],"wp:term":[{"taxonomy":"product_brand","embeddable":true,"href":"https:\/\/streetmarkets.fr\/app\/wp-json\/wp\/v2\/product_brand?post=2459016"},{"taxonomy":"product_cat","embeddable":true,"href":"https:\/\/streetmarkets.fr\/app\/wp-json\/wp\/v2\/product_cat?post=2459016"},{"taxonomy":"product_tag","embeddable":true,"href":"https:\/\/streetmarkets.fr\/app\/wp-json\/wp\/v2\/product_tag?post=2459016"}],"curies":[{"name":"wp","href":"https:\/\/api.w.org\/{rel}","templated":true}]}}