{"id":2458514,"date":"2025-08-15T01:48:32","date_gmt":"2025-08-14T23:48:32","guid":{"rendered":"https:\/\/streetmarkets.fr\/app\/produit\/baskets-lucia-sapin-ecru\/"},"modified":"2025-08-17T01:45:46","modified_gmt":"2025-08-16T23:45:46","slug":"baskets-lucia-sapin-ecru","status":"publish","type":"product","link":"https:\/\/streetmarkets.fr\/app\/produit\/baskets-lucia-sapin-ecru\/","title":{"rendered":"Baskets Lucia Sapin Ecru"},"content":{"rendered":"<p>Basket Lucia vert sapin et \u00e9cru, semelle 2,5 cm. Baskets basses en cuir et velours certifi\u00e9 LWG. Semelles en chaussures recycl\u00e9es. Fabriqu\u00e9es au Portugal.<\/p>\n<p>Les baskets basses Lucia couleur vert sapin et \u00e9cru vont ravir les fans de look minimalistes, pointus et confortables. Ces jolies baskets sont assez simples pour pouvoir \u00eatre port\u00e9es avec toute votre garde robe et en m\u00eame temps elles ont une petite touche cool qui ne les rend pas banales. Bref, des baskets pour un quotidien sans prise de t\u00eate vestimentaire!<\/p>\n<ul>\n<li>Baskets basses sapin et \u00e9cru<\/li>\n<li>Cuir et su\u00e8de<\/li>\n<li>Lacets en coton biologique<\/li>\n<li>Hauteur de la semelle : 2,5cm<\/li>\n<li>Semelles fabriqu\u00e9es \u00e0 partir de chaussures recycl\u00e9es<\/li>\n<\/ul>\n<p><strong><em>Composition<\/em><\/strong>:\u00a0<\/p>\n<ul>\n<li>Tige en su\u00e8de et cuir, certifi\u00e9 LWG, d&#8217;origine portugaise<\/li>\n<li>Semelle ext\u00e9rieure en gomme et chaussures recycl\u00e9es cousue Strobel<\/li>\n<li>Doublure en mesh<\/li>\n<li>Semelle int\u00e9rieure en mesh<\/li>\n<li>Lacets en coton biologique<span style=\"color:#252929;font-family:Calibre, sans-serif;font-size:14px;background-color:#ffffff\"><\/span><\/li>\n<\/ul>\n<p><strong><em>Fabrication<\/em><\/strong>:<\/p>\n<ul>\n<li>Dessin\u00e9es \u00e0 Paris<\/li>\n<li>Fabriqu\u00e9es au Portugal<\/li>\n<\/ul>\n<p><strong><em>Conseil taille<\/em><\/strong>: ce mod\u00e8le taille normalement, vous pouvez prendre votre taille habituelle. Si vous \u00eates entre deux tailles, optez pour la plus grande.<\/p>\n<\/p>\n<p><strong><em>Entretien<\/em><\/strong>: Brossez la chaussures avant d&#8217;appliquez un spray imperm\u00e9abilisant avant la premi\u00e8re utilisation. Vous pouvez r\u00e9p\u00e9ter cette op\u00e9ration r\u00e9guli\u00e8rement. Apr\u00e8s plusieurs utilisations, si les couleurs s&#8217;estompent, utilisez un raviveur de couleur.\u00a0<\/p>\n","protected":false},"excerpt":{"rendered":"<p>Basket Lucia vert sapin et \u00e9cru, semelle 2,5 cm. Baskets basses en cuir et velours certifi\u00e9 LWG. Semelles en chaussures recycl\u00e9es. Fabriqu\u00e9es au Portugal. Les baskets basses Lucia couleur vert sapin et \u00e9cru vont ravir les fans de look minimalistes, pointus et confortables. Ces jolies baskets sont assez simples pour pouvoir \u00eatre port\u00e9es avec toute [&hellip;]<\/p>\n","protected":false},"featured_media":2458515,"comment_status":"open","ping_status":"closed","template":"","meta":[],"product_brand":[],"product_cat":[1756,1763],"product_tag":[1810],"acf":[],"_links":{"self":[{"href":"https:\/\/streetmarkets.fr\/app\/wp-json\/wp\/v2\/product\/2458514"}],"collection":[{"href":"https:\/\/streetmarkets.fr\/app\/wp-json\/wp\/v2\/product"}],"about":[{"href":"https:\/\/streetmarkets.fr\/app\/wp-json\/wp\/v2\/types\/product"}],"replies":[{"embeddable":true,"href":"https:\/\/streetmarkets.fr\/app\/wp-json\/wp\/v2\/comments?post=2458514"}],"wp:featuredmedia":[{"embeddable":true,"href":"https:\/\/streetmarkets.fr\/app\/wp-json\/wp\/v2\/media\/2458515"}],"wp:attachment":[{"href":"https:\/\/streetmarkets.fr\/app\/wp-json\/wp\/v2\/media?parent=2458514"}],"wp:term":[{"taxonomy":"product_brand","embeddable":true,"href":"https:\/\/streetmarkets.fr\/app\/wp-json\/wp\/v2\/product_brand?post=2458514"},{"taxonomy":"product_cat","embeddable":true,"href":"https:\/\/streetmarkets.fr\/app\/wp-json\/wp\/v2\/product_cat?post=2458514"},{"taxonomy":"product_tag","embeddable":true,"href":"https:\/\/streetmarkets.fr\/app\/wp-json\/wp\/v2\/product_tag?post=2458514"}],"curies":[{"name":"wp","href":"https:\/\/api.w.org\/{rel}","templated":true}]}}