{"id":2458293,"date":"2025-08-15T01:47:46","date_gmt":"2025-08-14T23:47:46","guid":{"rendered":"https:\/\/streetmarkets.fr\/app\/produit\/echarpe-carreaux-marron-brique\/"},"modified":"2025-08-15T01:48:16","modified_gmt":"2025-08-14T23:48:16","slug":"echarpe-carreaux-marron-brique","status":"publish","type":"product","link":"https:\/\/streetmarkets.fr\/app\/produit\/echarpe-carreaux-marron-brique\/","title":{"rendered":"Echarpe Carreaux Marron Brique"},"content":{"rendered":"<p>Cette tr\u00e8s jolie \u00e9charpe viendra r\u00e9chauffer votre cou avec une grande douceur. Vraiment, hormis nos sublimes pulls en alpaga, on ne connait pas plus doux chez Coco Friendly!<\/p>\n<ul>\n<li><span style=\"text-align:justify\">Echarpe \u00e0 carreaux marron et brique<\/span><\/li>\n<li><span style=\"text-align:justify\">Unisexe<\/span><\/li>\n<li><span style=\"text-align:justify\">Taille unique<\/span><\/li>\n<li><span style=\"text-align:justify\">Franges sur les extr\u00e9mit\u00e9s<\/span><\/li>\n<\/ul>\n<p><span style=\"text-align:justify\"><\/span><\/p>\n<p><strong><em>Composition<\/em>:<\/strong><\/p>\n<ul>\n<li>100% polyester recycl\u00e9<\/li>\n<li>Le polyester recycl\u00e9 permet d&#8217;\u00e9conomiser les ressources n\u00e9cessaires \u00e0 la production de polyester neuf<\/li>\n<\/ul>\n<p><em><strong>Fabrication<\/strong><\/em>:<\/p>\n<ul>\n<li>Fabriqu\u00e9e \u00e9thiquement en Chine<\/li>\n<\/ul>\n<p><em><strong>Label(s)<\/strong><\/em>:\u00a0<\/p>\n<ul>\n<li style=\"text-align:left\"><strong>GRS (Global Recycled Standard)<\/strong>, norme comprenant des crit\u00e8res \u00e9cologiques et sociaux sur toutes les \u00e9tapes de la production, de la fibre au v\u00eatement fini. Ce label certifie \u00e9galement que le v\u00eatement doit \u00eatre compos\u00e9 au moins \u00e0 50% de fibres recycl\u00e9es.<\/li>\n<li style=\"text-align:left\"><strong>Peta approved Vegan<\/strong><\/li>\n<\/ul>\n<p><strong><em>Entretien<\/em><\/strong>: lavez \u00e0 30\u00b0C en machine.<\/p>\n","protected":false},"excerpt":{"rendered":"<p>Cette tr\u00e8s jolie \u00e9charpe viendra r\u00e9chauffer votre cou avec une grande douceur. Vraiment, hormis nos sublimes pulls en alpaga, on ne connait pas plus doux chez Coco Friendly! Echarpe \u00e0 carreaux marron et brique Unisexe Taille unique Franges sur les extr\u00e9mit\u00e9s Composition: 100% polyester recycl\u00e9 Le polyester recycl\u00e9 permet d&#8217;\u00e9conomiser les ressources n\u00e9cessaires \u00e0 la [&hellip;]<\/p>\n","protected":false},"featured_media":2458294,"comment_status":"open","ping_status":"closed","template":"","meta":[],"product_brand":[],"product_cat":[1756,1760],"product_tag":[1810],"acf":[],"_links":{"self":[{"href":"https:\/\/streetmarkets.fr\/app\/wp-json\/wp\/v2\/product\/2458293"}],"collection":[{"href":"https:\/\/streetmarkets.fr\/app\/wp-json\/wp\/v2\/product"}],"about":[{"href":"https:\/\/streetmarkets.fr\/app\/wp-json\/wp\/v2\/types\/product"}],"replies":[{"embeddable":true,"href":"https:\/\/streetmarkets.fr\/app\/wp-json\/wp\/v2\/comments?post=2458293"}],"wp:featuredmedia":[{"embeddable":true,"href":"https:\/\/streetmarkets.fr\/app\/wp-json\/wp\/v2\/media\/2458294"}],"wp:attachment":[{"href":"https:\/\/streetmarkets.fr\/app\/wp-json\/wp\/v2\/media?parent=2458293"}],"wp:term":[{"taxonomy":"product_brand","embeddable":true,"href":"https:\/\/streetmarkets.fr\/app\/wp-json\/wp\/v2\/product_brand?post=2458293"},{"taxonomy":"product_cat","embeddable":true,"href":"https:\/\/streetmarkets.fr\/app\/wp-json\/wp\/v2\/product_cat?post=2458293"},{"taxonomy":"product_tag","embeddable":true,"href":"https:\/\/streetmarkets.fr\/app\/wp-json\/wp\/v2\/product_tag?post=2458293"}],"curies":[{"name":"wp","href":"https:\/\/api.w.org\/{rel}","templated":true}]}}