{"id":2458281,"date":"2025-08-15T01:47:44","date_gmt":"2025-08-14T23:47:44","guid":{"rendered":"https:\/\/streetmarkets.fr\/app\/produit\/baskets-hazel-blanc-et-dore\/"},"modified":"2025-08-15T01:48:15","modified_gmt":"2025-08-14T23:48:15","slug":"baskets-hazel-blanc-et-dore","status":"publish","type":"product","link":"https:\/\/streetmarkets.fr\/app\/produit\/baskets-hazel-blanc-et-dore\/","title":{"rendered":"Baskets Hazel Blanc et Dor\u00e9"},"content":{"rendered":"<p>Des baskets iconiques, inspir\u00e9es des ann\u00e9es 80, retravaill\u00e9es pour un style contemporain et tendance. On aime les petites touches dor\u00e9es \u00e0 paillettes !<\/p>\n<p>Les semelles int\u00e9rieures moelleuses et renforc\u00e9es au talon rendent ce mod\u00e8le tr\u00e8s confortable.\u00a0<\/p>\n<ul>\n<li style=\"border:0px;font-style:inherit;font-weight:inherit;margin:0px;padding:0px;vertical-align:baseline;text-align:justify\">Baskets blanches, logo et moustache arri\u00e8re \u00e0 paillettes dor\u00e9es<\/li>\n<li style=\"border:0px;font-style:inherit;font-weight:inherit;margin:0px;padding:0px;vertical-align:baseline;text-align:justify\">Tige en cuir, empi\u00e8cements en su\u00e8de et PU<\/li>\n<li style=\"border:0px;font-style:inherit;font-weight:inherit;margin:0px;padding:0px;vertical-align:baseline;text-align:justify\">1 paire achet\u00e9e = 1 arbre plant\u00e9<\/li>\n<\/ul>\n<p style=\"text-align:justify\">\n<p style=\"text-align:justify\"><em><strong>Composition<\/strong><\/em>:<\/p>\n<ul style=\"text-align:justify\">\n<li><span>Dessus<\/span> : cuir et empi\u00e8cements en su\u00e8de et PU<\/li>\n<li>Doublure : textile\u00a0<\/li>\n<li>Se<span>melle ext\u00e9rieure<\/span> : caoutchouc recycl\u00e9 \u00e0 15% et autres mat\u00e9riaux<\/li>\n<li>Lacets en coton<\/li>\n<\/ul>\n<p style=\"text-align:justify\">\n<p style=\"text-align:justify\"><em><strong>Fabrication<\/strong><\/em>:<\/p>\n<ul style=\"text-align:justify\">\n<li style=\"border:0px;font-style:inherit;font-weight:inherit;margin:0px;padding:0px;vertical-align:baseline\">Fabriqu\u00e9es au Vietnam, issues du commerce \u00e9quitable, l&#8217;atelier de fabrication est audit\u00e9 en externe sur des contraintes environnementales et sociales<\/li>\n<\/ul>\n<p style=\"text-align:justify\">\n<p style=\"text-align:justify\"><em><strong>Label(s)<\/strong><\/em>:<\/p>\n<ul style=\"text-align:justify\">\n<li><strong>B corp<\/strong>: ce label ind\u00e9pendant \u00e9value les entreprises dans toutes leurs sph\u00e8res d&#8217;activit\u00e9, selon des exigences sociales et environnementales. Les entreprises r\u00e9pondent \u00e0 un questionnaire portant aussi bien sur l&#8217;impact environnemental, le choix des fournisseurs, la gouvernance de l&#8217;entreprise, les conditions de travail des salari\u00e9s que sur les salaires et la libre information aupr\u00e8s des clients. Des audits sont \u00e9galement r\u00e9guli\u00e8rement r\u00e9alis\u00e9s.<\/li>\n<li>Usines certifi\u00e9es\u00a0<strong>BSCI<\/strong>,\u00a0\u00a0ce qui garantit une r\u00e9mun\u00e9ration juste des travailleurs, la libert\u00e9 d&#8217;association, des horaires de travail d\u00e9cents, la sant\u00e9 et la s\u00e9curit\u00e9 au travail<\/li>\n<\/ul>\n<p style=\"text-align:justify\"><em><strong>Conseil taille<\/strong><\/em>: cette paire chausse normalement, vous pouvez prendre votre taille habituelle. Si vous \u00eates entre deux pointures, optez pour la plus grande.<\/p>\n<p style=\"text-align:justify\"><em><strong><\/strong><\/em><\/p>\n<p style=\"text-align:justify\"><em><strong>Entretien<\/strong><\/em>: Appliquez un spray imperm\u00e9abilisant avant la premi\u00e8re utilisation pour prot\u00e9ger la chaussure. Vous pouvez r\u00e9p\u00e9ter cette op\u00e9ration r\u00e9guli\u00e8rement.<\/p>\n","protected":false},"excerpt":{"rendered":"<p>Des baskets iconiques, inspir\u00e9es des ann\u00e9es 80, retravaill\u00e9es pour un style contemporain et tendance. On aime les petites touches dor\u00e9es \u00e0 paillettes ! Les semelles int\u00e9rieures moelleuses et renforc\u00e9es au talon rendent ce mod\u00e8le tr\u00e8s confortable.\u00a0 Baskets blanches, logo et moustache arri\u00e8re \u00e0 paillettes dor\u00e9es Tige en cuir, empi\u00e8cements en su\u00e8de et PU 1 paire [&hellip;]<\/p>\n","protected":false},"featured_media":2458282,"comment_status":"open","ping_status":"closed","template":"","meta":[],"product_brand":[],"product_cat":[1756,1763],"product_tag":[1810],"acf":[],"_links":{"self":[{"href":"https:\/\/streetmarkets.fr\/app\/wp-json\/wp\/v2\/product\/2458281"}],"collection":[{"href":"https:\/\/streetmarkets.fr\/app\/wp-json\/wp\/v2\/product"}],"about":[{"href":"https:\/\/streetmarkets.fr\/app\/wp-json\/wp\/v2\/types\/product"}],"replies":[{"embeddable":true,"href":"https:\/\/streetmarkets.fr\/app\/wp-json\/wp\/v2\/comments?post=2458281"}],"wp:featuredmedia":[{"embeddable":true,"href":"https:\/\/streetmarkets.fr\/app\/wp-json\/wp\/v2\/media\/2458282"}],"wp:attachment":[{"href":"https:\/\/streetmarkets.fr\/app\/wp-json\/wp\/v2\/media?parent=2458281"}],"wp:term":[{"taxonomy":"product_brand","embeddable":true,"href":"https:\/\/streetmarkets.fr\/app\/wp-json\/wp\/v2\/product_brand?post=2458281"},{"taxonomy":"product_cat","embeddable":true,"href":"https:\/\/streetmarkets.fr\/app\/wp-json\/wp\/v2\/product_cat?post=2458281"},{"taxonomy":"product_tag","embeddable":true,"href":"https:\/\/streetmarkets.fr\/app\/wp-json\/wp\/v2\/product_tag?post=2458281"}],"curies":[{"name":"wp","href":"https:\/\/api.w.org\/{rel}","templated":true}]}}