{"id":2457798,"date":"2025-08-15T01:46:30","date_gmt":"2025-08-14T23:46:30","guid":{"rendered":"https:\/\/streetmarkets.fr\/app\/produit\/pull-noir\/"},"modified":"2025-08-17T01:45:01","modified_gmt":"2025-08-16T23:45:01","slug":"pull-noir","status":"publish","type":"product","link":"https:\/\/streetmarkets.fr\/app\/produit\/pull-noir\/","title":{"rendered":"Pull noir"},"content":{"rendered":"<p>Une pull tr\u00e8s l\u00e9ger, facile \u00e0 porter : l\u2019essentiel de vos journ\u00e9es printani\u00e8res et estivales. Disponible chez Coco Friendly.<\/p>\n<p>Une pull tr\u00e8s l\u00e9ger, facile \u00e0 porter : l\u2019essentiel de vos journ\u00e9es printani\u00e8res et estivales. Disponible chez Coco Friendly.<\/p>\n<ul>\n<li>Pull \u00e0 manches chauve-souris<\/li>\n<li>D\u00e9collet\u00e9 en V dans le dos<\/li>\n<li>Finitions c\u00f4tel\u00e9es au col, \u00e0 la taille et aux poignets<\/li>\n<\/ul>\n<p><strong><em>Composition:<\/em><\/strong><strong><em><\/em><\/strong><\/p>\n<ul>\n<li>100% coton organique\u00a0<\/li>\n<li>Le coton organique est cultiv\u00e9 sans engrais chimiques, ni pesticides en respectant les conditions des labels biologiques.<\/li>\n<\/ul>\n<p><em><strong>Fabrication:\u00a0<\/strong><\/em><\/p>\n<p>Fabriqu\u00e9 \u00e9thiquement en Inde<\/p>\n<\/p>\n<p><em><strong>Conseil taille:<\/strong>\u00a0<\/em>ce mod\u00e8le taille normalement.\u00a0<\/p>\n<\/p>\n<p><strong><em>Entretien:<\/em><\/strong>\u00a0lavez en machine (cycle d\u00e9licat)<\/p>\n","protected":false},"excerpt":{"rendered":"<p>Une pull tr\u00e8s l\u00e9ger, facile \u00e0 porter : l\u2019essentiel de vos journ\u00e9es printani\u00e8res et estivales. Disponible chez Coco Friendly. Une pull tr\u00e8s l\u00e9ger, facile \u00e0 porter : l\u2019essentiel de vos journ\u00e9es printani\u00e8res et estivales. Disponible chez Coco Friendly. Pull \u00e0 manches chauve-souris D\u00e9collet\u00e9 en V dans le dos Finitions c\u00f4tel\u00e9es au col, \u00e0 la taille [&hellip;]<\/p>\n","protected":false},"featured_media":2457799,"comment_status":"open","ping_status":"closed","template":"","meta":[],"product_brand":[],"product_cat":[1756,1762],"product_tag":[1810],"acf":[],"_links":{"self":[{"href":"https:\/\/streetmarkets.fr\/app\/wp-json\/wp\/v2\/product\/2457798"}],"collection":[{"href":"https:\/\/streetmarkets.fr\/app\/wp-json\/wp\/v2\/product"}],"about":[{"href":"https:\/\/streetmarkets.fr\/app\/wp-json\/wp\/v2\/types\/product"}],"replies":[{"embeddable":true,"href":"https:\/\/streetmarkets.fr\/app\/wp-json\/wp\/v2\/comments?post=2457798"}],"wp:featuredmedia":[{"embeddable":true,"href":"https:\/\/streetmarkets.fr\/app\/wp-json\/wp\/v2\/media\/2457799"}],"wp:attachment":[{"href":"https:\/\/streetmarkets.fr\/app\/wp-json\/wp\/v2\/media?parent=2457798"}],"wp:term":[{"taxonomy":"product_brand","embeddable":true,"href":"https:\/\/streetmarkets.fr\/app\/wp-json\/wp\/v2\/product_brand?post=2457798"},{"taxonomy":"product_cat","embeddable":true,"href":"https:\/\/streetmarkets.fr\/app\/wp-json\/wp\/v2\/product_cat?post=2457798"},{"taxonomy":"product_tag","embeddable":true,"href":"https:\/\/streetmarkets.fr\/app\/wp-json\/wp\/v2\/product_tag?post=2457798"}],"curies":[{"name":"wp","href":"https:\/\/api.w.org\/{rel}","templated":true}]}}