{"id":2457482,"date":"2025-08-15T01:45:34","date_gmt":"2025-08-14T23:45:34","guid":{"rendered":"https:\/\/streetmarkets.fr\/app\/produit\/surchemise-dark-scarabee\/"},"modified":"2025-08-17T01:44:34","modified_gmt":"2025-08-16T23:44:34","slug":"surchemise-dark-scarabee","status":"publish","type":"product","link":"https:\/\/streetmarkets.fr\/app\/produit\/surchemise-dark-scarabee\/","title":{"rendered":"Surchemise Dark Scarab\u00e9e"},"content":{"rendered":"<p>Comment ne pas craquer pour cette superbe surchemise couleur <em>dark<\/em> scarab\u00e9e\u00a0?! C&#8217;est LA pi\u00e8ce qui compl\u00e8tera une tenue et attirera tous les regards. Le plus : sa toile est compos\u00e9e de 100% de coton recycl\u00e9. Le proc\u00e9d\u00e9 utilis\u00e9 pour la teinture, &#8220;Garment Dye&#8221;, est \u00e9co-responsable.<\/p>\n<p>Le concept derri\u00e8re cette surchemise ? Une pi\u00e8ce versatile qu&#8217;on ajoute ou retire facilement pour s&#8217;adapter au mieux aux temp\u00e9ratures.\u00a0<\/p>\n<ul>\n<li style=\"text-align:justify\">Surchemise verte fonc\u00e9e<\/li>\n<li>Col classique<\/li>\n<li>Coupe d\u00e9contract\u00e9e<\/li>\n<li>Une grande poche plaqu\u00e9e sur la poitrine<\/li>\n<li>Deux poches lat\u00e9rales<\/li>\n<li>Fermeture \u00e0 boutons m\u00e9talliques argent\u00e9s<\/li>\n<li>La teinture de cette veste va se patiner au port\u00e9<\/li>\n<\/ul>\n<p><strong><em>Composition<\/em>:<\/strong><\/p>\n<ul>\n<li>100% coton recycl\u00e9\u00a0<\/li>\n<\/ul>\n<p><em>Le coton recycl\u00e9 permet d&#8217;utiliser des ressources d\u00e9j\u00e0 existantes et contribue \u00e0 pr\u00e9server le vivant.<\/em><\/p>\n<\/p>\n<p><em><strong>Fabrication<\/strong><\/em>:<\/p>\n<ul>\n<li>Fabriqu\u00e9e \u00e9thiquement en Turqui \u00e0 Saray Tekirdag, par l&#8217;usine Suglobal Tekstil Konfeksiyon San A.<span style=\"font-family:'Inconsolata Regular', sans-serif;font-size:14.9592px;background-color:#ffffff\"><\/span><\/li>\n<\/ul>\n<p><em><strong>Label(s)<\/strong><\/em>:\u00a0<\/p>\n<ul>\n<li style=\"text-align:left\"><strong>GRS<\/strong> (Global Recycled Standard) sur tout la cha\u00eene de production, de la culture du coton aux finitions. Ce label atteste du caract\u00e8re \u00e9co-responsable de la pi\u00e8ce et de sa fabrication, mais \u00e9galement des conditions sociales \u00e9thiques des travailleurs textiles.<\/li>\n<li style=\"text-align:left\"><strong>PETA<\/strong> approved<\/li>\n<\/ul>\n<p><em><strong>Conseil taille<\/strong><\/em>: ce produit taille normalement, prenez votre taille habituelle.<\/p>\n<p><strong><em>Entretien<\/em><\/strong>: lavez \u00e0 30\u00b0C en machine.<\/p>\n","protected":false},"excerpt":{"rendered":"<p>Comment ne pas craquer pour cette superbe surchemise couleur dark scarab\u00e9e\u00a0?! C&#8217;est LA pi\u00e8ce qui compl\u00e8tera une tenue et attirera tous les regards. Le plus : sa toile est compos\u00e9e de 100% de coton recycl\u00e9. Le proc\u00e9d\u00e9 utilis\u00e9 pour la teinture, &#8220;Garment Dye&#8221;, est \u00e9co-responsable. Le concept derri\u00e8re cette surchemise ? Une pi\u00e8ce versatile qu&#8217;on [&hellip;]<\/p>\n","protected":false},"featured_media":2457483,"comment_status":"open","ping_status":"closed","template":"","meta":[],"product_brand":[],"product_cat":[1756,1758],"product_tag":[1810],"acf":[],"_links":{"self":[{"href":"https:\/\/streetmarkets.fr\/app\/wp-json\/wp\/v2\/product\/2457482"}],"collection":[{"href":"https:\/\/streetmarkets.fr\/app\/wp-json\/wp\/v2\/product"}],"about":[{"href":"https:\/\/streetmarkets.fr\/app\/wp-json\/wp\/v2\/types\/product"}],"replies":[{"embeddable":true,"href":"https:\/\/streetmarkets.fr\/app\/wp-json\/wp\/v2\/comments?post=2457482"}],"wp:featuredmedia":[{"embeddable":true,"href":"https:\/\/streetmarkets.fr\/app\/wp-json\/wp\/v2\/media\/2457483"}],"wp:attachment":[{"href":"https:\/\/streetmarkets.fr\/app\/wp-json\/wp\/v2\/media?parent=2457482"}],"wp:term":[{"taxonomy":"product_brand","embeddable":true,"href":"https:\/\/streetmarkets.fr\/app\/wp-json\/wp\/v2\/product_brand?post=2457482"},{"taxonomy":"product_cat","embeddable":true,"href":"https:\/\/streetmarkets.fr\/app\/wp-json\/wp\/v2\/product_cat?post=2457482"},{"taxonomy":"product_tag","embeddable":true,"href":"https:\/\/streetmarkets.fr\/app\/wp-json\/wp\/v2\/product_tag?post=2457482"}],"curies":[{"name":"wp","href":"https:\/\/api.w.org\/{rel}","templated":true}]}}