{"id":2457042,"date":"2025-08-15T01:44:02","date_gmt":"2025-08-14T23:44:02","guid":{"rendered":"https:\/\/streetmarkets.fr\/app\/produit\/ceinture-cuir-beige-conac\/"},"modified":"2025-08-17T01:44:02","modified_gmt":"2025-08-16T23:44:02","slug":"ceinture-cuir-beige-conac","status":"publish","type":"product","link":"https:\/\/streetmarkets.fr\/app\/produit\/ceinture-cuir-beige-conac\/","title":{"rendered":"Ceinture Cuir Beige Co\u00f1ac"},"content":{"rendered":"<p>Ceinture en cuir beige Co\u00f1ac. Hauteur de 3 cm, standard pour passer dans n&#8217;importe quel passant de jean. Fabrication artisanale en Espagne.<\/p>\n<p>Coup de c\u0153ur pour les ceintures Mint&amp;Rose ! Cette ceinture peut se porter sur la taille ou sur les hanches. Elle sera parfaite pour ajuster vos v\u00eatements ou ceinturer et structurer une silhouette, avec un pantalon ou une robe. Sa douce couleur camel clair sera tr\u00e8s facile \u00e0 assortir avec vos v\u00eatements !<\/p>\n<ul>\n<li>Largeur : 3cm<\/li>\n<li>Fabrication artisanale<\/li>\n<li>Boucle couleur beige perle<\/li>\n<li>Cuir s\u00e9lectionn\u00e9 avec soin pour \u00eatre le plus doux possible, texture su\u00e9d\u00e9e<\/li>\n<li>Doublure en cuir, pour plus de r\u00e9sistance<\/li>\n<li>La taille 85 signifie que la ceinture mesure 85cm de la boucle au trou central<\/li>\n<li>D&#8217;autres trous peuvent \u00eatre ajout\u00e9s pour un ajustement parfait selon votre taille<\/li>\n<\/ul>\n<p><strong><em>Fabrication :<\/em><\/strong><\/p>\n<p>Espagne<\/p>\n<p><strong><em>Composition :\u00a0<\/em><\/strong><\/p>\n<p>cuir, boucle en m\u00e9thacrylate<\/p>\n","protected":false},"excerpt":{"rendered":"<p>Ceinture en cuir beige Co\u00f1ac. Hauteur de 3 cm, standard pour passer dans n&#8217;importe quel passant de jean. Fabrication artisanale en Espagne. Coup de c\u0153ur pour les ceintures Mint&amp;Rose ! Cette ceinture peut se porter sur la taille ou sur les hanches. Elle sera parfaite pour ajuster vos v\u00eatements ou ceinturer et structurer une silhouette, [&hellip;]<\/p>\n","protected":false},"featured_media":2457043,"comment_status":"open","ping_status":"closed","template":"","meta":[],"product_brand":[],"product_cat":[1756,1764],"product_tag":[1810],"acf":[],"_links":{"self":[{"href":"https:\/\/streetmarkets.fr\/app\/wp-json\/wp\/v2\/product\/2457042"}],"collection":[{"href":"https:\/\/streetmarkets.fr\/app\/wp-json\/wp\/v2\/product"}],"about":[{"href":"https:\/\/streetmarkets.fr\/app\/wp-json\/wp\/v2\/types\/product"}],"replies":[{"embeddable":true,"href":"https:\/\/streetmarkets.fr\/app\/wp-json\/wp\/v2\/comments?post=2457042"}],"wp:featuredmedia":[{"embeddable":true,"href":"https:\/\/streetmarkets.fr\/app\/wp-json\/wp\/v2\/media\/2457043"}],"wp:attachment":[{"href":"https:\/\/streetmarkets.fr\/app\/wp-json\/wp\/v2\/media?parent=2457042"}],"wp:term":[{"taxonomy":"product_brand","embeddable":true,"href":"https:\/\/streetmarkets.fr\/app\/wp-json\/wp\/v2\/product_brand?post=2457042"},{"taxonomy":"product_cat","embeddable":true,"href":"https:\/\/streetmarkets.fr\/app\/wp-json\/wp\/v2\/product_cat?post=2457042"},{"taxonomy":"product_tag","embeddable":true,"href":"https:\/\/streetmarkets.fr\/app\/wp-json\/wp\/v2\/product_tag?post=2457042"}],"curies":[{"name":"wp","href":"https:\/\/api.w.org\/{rel}","templated":true}]}}