{"id":2433704,"date":"2025-08-10T04:01:25","date_gmt":"2025-08-10T02:01:25","guid":{"rendered":"https:\/\/streetmarkets.fr\/app\/produit\/deckard-2\/"},"modified":"2026-04-12T03:51:25","modified_gmt":"2026-04-12T01:51:25","slug":"deckard-2","status":"publish","type":"product","link":"https:\/\/streetmarkets.fr\/app\/produit\/deckard-2\/","title":{"rendered":"Deckard"},"content":{"rendered":"<p>Fabriqu\u00e9e \u00e0 la main en bio-ac\u00e9tate en Italie.<\/p>\n<p>Etui en\u00a0cuir 100 % biologique provenant de la tannerie su\u00e9doise Tarnsj\u00f6 Garveri.<\/p>\n<p>47-23\/145mm<\/p>\n<p>Couleur fournisseur: Warm Grey<\/p>\n<p>DECKARD-120<\/p>\n<p>\u00a0<\/p>\n","protected":false},"excerpt":{"rendered":"<p>Fabriqu\u00e9e \u00e0 la main en bio-ac\u00e9tate en Italie. Etui en\u00a0cuir 100 % biologique provenant de la tannerie su\u00e9doise Tarnsj\u00f6 Garveri. 47-23\/145mm Couleur fournisseur: Warm Grey DECKARD-120 \u00a0<\/p>\n","protected":false},"featured_media":2433705,"comment_status":"open","ping_status":"closed","template":"","meta":[],"product_brand":[],"product_cat":[1756,1764,1760],"product_tag":[2244],"acf":[],"_links":{"self":[{"href":"https:\/\/streetmarkets.fr\/app\/wp-json\/wp\/v2\/product\/2433704"}],"collection":[{"href":"https:\/\/streetmarkets.fr\/app\/wp-json\/wp\/v2\/product"}],"about":[{"href":"https:\/\/streetmarkets.fr\/app\/wp-json\/wp\/v2\/types\/product"}],"replies":[{"embeddable":true,"href":"https:\/\/streetmarkets.fr\/app\/wp-json\/wp\/v2\/comments?post=2433704"}],"wp:featuredmedia":[{"embeddable":true,"href":"https:\/\/streetmarkets.fr\/app\/wp-json\/wp\/v2\/media\/2433705"}],"wp:attachment":[{"href":"https:\/\/streetmarkets.fr\/app\/wp-json\/wp\/v2\/media?parent=2433704"}],"wp:term":[{"taxonomy":"product_brand","embeddable":true,"href":"https:\/\/streetmarkets.fr\/app\/wp-json\/wp\/v2\/product_brand?post=2433704"},{"taxonomy":"product_cat","embeddable":true,"href":"https:\/\/streetmarkets.fr\/app\/wp-json\/wp\/v2\/product_cat?post=2433704"},{"taxonomy":"product_tag","embeddable":true,"href":"https:\/\/streetmarkets.fr\/app\/wp-json\/wp\/v2\/product_tag?post=2433704"}],"curies":[{"name":"wp","href":"https:\/\/api.w.org\/{rel}","templated":true}]}}