{"id":2433698,"date":"2025-08-10T04:01:24","date_gmt":"2025-08-10T02:01:24","guid":{"rendered":"https:\/\/streetmarkets.fr\/app\/produit\/daryan\/"},"modified":"2026-05-09T03:50:49","modified_gmt":"2026-05-09T01:50:49","slug":"daryan","status":"publish","type":"product","link":"https:\/\/streetmarkets.fr\/app\/produit\/daryan\/","title":{"rendered":"Daryan"},"content":{"rendered":"<p>Daryan symbolise l&#8217;immensit\u00e9 et l&#8217;exploration \u00e9ternelle, inspir\u00e9 par le mot farsi qui signifie mer. Rappelant les formes phares de Port Tanger, cette monture pointue pr\u00e9sente un front prononc\u00e9, un nez d\u00e9fini et une silhouette anguleuse qui rappelle les lunettes embl\u00e9matiques des ann\u00e9es 1980. Daryan pr\u00e9sente une monture rectangulaire et est disponible en quatre ac\u00e9tates distincts et cinq couleurs de verres.<\/p>\n<p>Verres couleur Tabac\u00a0<\/p>\n<p>Couleur fournisseur : Alkakaw Acetate<\/p>\n<p>Lentille : 56 mm. Pont : 18mm. Branche : 137 mm.<\/p>\n<p>PT-6104<\/p>\n","protected":false},"excerpt":{"rendered":"<p>Daryan symbolise l&#8217;immensit\u00e9 et l&#8217;exploration \u00e9ternelle, inspir\u00e9 par le mot farsi qui signifie mer. Rappelant les formes phares de Port Tanger, cette monture pointue pr\u00e9sente un front prononc\u00e9, un nez d\u00e9fini et une silhouette anguleuse qui rappelle les lunettes embl\u00e9matiques des ann\u00e9es 1980. Daryan pr\u00e9sente une monture rectangulaire et est disponible en quatre ac\u00e9tates distincts [&hellip;]<\/p>\n","protected":false},"featured_media":2433699,"comment_status":"open","ping_status":"closed","template":"","meta":[],"product_brand":[],"product_cat":[1756,1764,1760],"product_tag":[2244],"acf":[],"_links":{"self":[{"href":"https:\/\/streetmarkets.fr\/app\/wp-json\/wp\/v2\/product\/2433698"}],"collection":[{"href":"https:\/\/streetmarkets.fr\/app\/wp-json\/wp\/v2\/product"}],"about":[{"href":"https:\/\/streetmarkets.fr\/app\/wp-json\/wp\/v2\/types\/product"}],"replies":[{"embeddable":true,"href":"https:\/\/streetmarkets.fr\/app\/wp-json\/wp\/v2\/comments?post=2433698"}],"wp:featuredmedia":[{"embeddable":true,"href":"https:\/\/streetmarkets.fr\/app\/wp-json\/wp\/v2\/media\/2433699"}],"wp:attachment":[{"href":"https:\/\/streetmarkets.fr\/app\/wp-json\/wp\/v2\/media?parent=2433698"}],"wp:term":[{"taxonomy":"product_brand","embeddable":true,"href":"https:\/\/streetmarkets.fr\/app\/wp-json\/wp\/v2\/product_brand?post=2433698"},{"taxonomy":"product_cat","embeddable":true,"href":"https:\/\/streetmarkets.fr\/app\/wp-json\/wp\/v2\/product_cat?post=2433698"},{"taxonomy":"product_tag","embeddable":true,"href":"https:\/\/streetmarkets.fr\/app\/wp-json\/wp\/v2\/product_tag?post=2433698"}],"curies":[{"name":"wp","href":"https:\/\/api.w.org\/{rel}","templated":true}]}}