{"id":2425238,"date":"2025-08-08T07:37:11","date_gmt":"2025-08-08T05:37:11","guid":{"rendered":"https:\/\/streetmarkets.fr\/app\/produit\/juju-pull-cachemire-femme-madluv\/"},"modified":"2026-05-11T07:37:45","modified_gmt":"2026-05-11T05:37:45","slug":"juju-pull-cachemire-femme-madluv","status":"publish","type":"product","link":"https:\/\/streetmarkets.fr\/app\/produit\/juju-pull-cachemire-femme-madluv\/","title":{"rendered":"Pull Cachemire Madluv JUJU C\u0153ur clin d&#039;\u0153il sourire"},"content":{"rendered":"<p>JUJU :Pull clin d&#8217;\u0153il en forme de c\u0153ur,c\u0153urgrand sourire !Pull col V, manches longues au motif smiley c\u0153ur.100% cachemire &#8211; Taille Unique &#8211;\u00a0Coloris : Rouge &#8211; Existe en Bleu MarineLa livraison est offerte pour la France M\u00e9tropolitaine !<\/p>\n","protected":false},"excerpt":{"rendered":"<p>JUJU :Pull clin d&#8217;\u0153il en forme de c\u0153ur,c\u0153urgrand sourire !Pull col V, manches longues au motif smiley c\u0153ur.100% cachemire &#8211; Taille Unique &#8211;\u00a0Coloris : Rouge &#8211; Existe en Bleu MarineLa livraison est offerte pour la France M\u00e9tropolitaine !<\/p>\n","protected":false},"featured_media":2425239,"comment_status":"open","ping_status":"closed","template":"","meta":[],"product_brand":[],"product_cat":[1756,1762],"product_tag":[2244],"acf":[],"_links":{"self":[{"href":"https:\/\/streetmarkets.fr\/app\/wp-json\/wp\/v2\/product\/2425238"}],"collection":[{"href":"https:\/\/streetmarkets.fr\/app\/wp-json\/wp\/v2\/product"}],"about":[{"href":"https:\/\/streetmarkets.fr\/app\/wp-json\/wp\/v2\/types\/product"}],"replies":[{"embeddable":true,"href":"https:\/\/streetmarkets.fr\/app\/wp-json\/wp\/v2\/comments?post=2425238"}],"wp:featuredmedia":[{"embeddable":true,"href":"https:\/\/streetmarkets.fr\/app\/wp-json\/wp\/v2\/media\/2425239"}],"wp:attachment":[{"href":"https:\/\/streetmarkets.fr\/app\/wp-json\/wp\/v2\/media?parent=2425238"}],"wp:term":[{"taxonomy":"product_brand","embeddable":true,"href":"https:\/\/streetmarkets.fr\/app\/wp-json\/wp\/v2\/product_brand?post=2425238"},{"taxonomy":"product_cat","embeddable":true,"href":"https:\/\/streetmarkets.fr\/app\/wp-json\/wp\/v2\/product_cat?post=2425238"},{"taxonomy":"product_tag","embeddable":true,"href":"https:\/\/streetmarkets.fr\/app\/wp-json\/wp\/v2\/product_tag?post=2425238"}],"curies":[{"name":"wp","href":"https:\/\/api.w.org\/{rel}","templated":true}]}}